000
CXUS56 KMTR 010900
CF6OAK
PRELIMINARY LOCAL CLIMATOLOGICAL DATA (WS FORM: F-6)
STATION: OAKLAND AIRPORT
MONTH: JULY
YEAR: 2022
LATITUDE: 37 43 N
LONGITUDE: 122 13 W
TEMPERATURE IN F: :PCPN: SNOW: WIND :SUNSHINE: SKY :PK WND
================================================================================
1 2 3 4 5 6A 6B 7 8 9 10 11 12 13 14 15 16 17 18
12Z AVG MX 2MIN
DY MAX MIN AVG DEP HDD CDD WTR SNW DPTH SPD SPD DIR MIN PSBL S-S WX SPD DR
================================================================================
1 66 55 61 -3 4 0 T M M 12.8 21 270 M M 7 27 270
2 62 55 59 -5 6 0 0.00 M M 15.1 23 270 M M 10 1 32 280
3 65 56 61 -3 4 0 0.00 M M 14.5 22 270 M M 8 1 27 260
4 75 58 67 3 0 2 0.00 M M 7.6 20 300 M M 8 18 24 300
5 74 63 69 5 0 4 0.00 M M 9.1 21 270 M M 6 26 230
6 71 61 66 2 0 1 T M M 12.0 22 280 M M 7 30 250
7 71 57 64 0 1 0 0.00 M M 11.2 20 280 M M 5 24 290
8 70 55 63 -1 2 0 0.00 M M 10.3 23 280 M M 4 27 280
9 68 56 62 -2 3 0 0.00 M M 9.9 17 270 M M 6 21 270
10 80 58 69 5 0 4 0.00 M M 7.4 17 300 M M 4 21 310
11 74 57 66 2 0 1 T M M 11.2 20 300 M M 3 24 290
12 72 58 65 1 0 0 0.00 M M 9.9 20 290 M M 5 25 300
13 72 58 65 1 0 0 0.00 M M 11.1 20 290 M M 5 24 300
14 70 56 63 -1 2 0 0.00 M M 10.1 22 260 M M 5 31 260
15 68 56 62 -2 3 0 0.00 M M 8.3 17 280 M M 6 23 260
16 76 55 66 2 0 1 0.00 M M 8.4 20 280 M M 5 22 290
17 69 53 61 -3 4 0 0.00 M M 9.0 20 290 M M 2 25 290
18 73 56 65 1 0 0 T M M 9.8 22 300 M M 1 27 300
19 69 55 62 -2 3 0 0.00 M M 11.7 21 290 M M 4 25 280
20 69 55 62 -2 3 0 0.00 M M 10.4 22 280 M M 7 26 290
21 67 54 61 -3 4 0 0.00 M M 8.6 20 280 M M 5 24 280
22 70 53 62 -2 3 0 0.00 M M 8.9 18 280 M M 4 24 240
23 67 53 60 -4 5 0 0.00 M M 10.7 22 300 M M 5 27 300
24 70 54 62 -2 3 0 0.00 M M 9.0 21 310 M M 6 26 320
25 68 55 62 -2 3 0 0.00 M M 11.5 20 300 M M 6 24 290
26 70 58 64 0 1 0 0.00 M M 10.7 20 300 M M 6 25 310
27 69 56 63 -1 2 0 0.00 M M 11.1 18 290 M M 6 24 290
28 68 57 63 -1 2 0 0.00 M M 11.4 18 270 M M 9 24 280
29 69 59 64 0 1 0 T M M 11.9 18 280 M M 8 24 270
30 68 60 64 0 1 0 T M M 11.3 18 280 M M 9 23 280
31 68 60 64 0 1 0 T M M 10.4 17 280 M M 8 29 270
================================================================================
SM 2168 1752 61 13 T M 325.3 M 180
================================================================================
AV 69.9 56.5 10.5 FASTST M M 6 MAX(MPH)
MISC ----> # 23 270 32 280
================================================================================
NOTES:
# LAST OF SEVERAL OCCURRENCES
COLUMN 17 PEAK WIND IN M.P.H.
PRELIMINARY LOCAL CLIMATOLOGICAL DATA (WS FORM: F-6) , PAGE 2
STATION: OAKLAND AIRPORT
MONTH: JULY
YEAR: 2022
LATITUDE: 37 43 N
LONGITUDE: 122 13 W
[TEMPERATURE DATA] [PRECIPITATION DATA] SYMBOLS USED IN COLUMN 16
AVERAGE MONTHLY: 63.2 TOTAL FOR MONTH: T 1 = FOG OR MIST
DPTR FM NORMAL: -0.7 DPTR FM NORMAL: -0.00 2 = FOG REDUCING VISIBILITY
HIGHEST: 80 ON 10 GRTST 24HR T ON 1- 1 TO 1/4 MILE OR LESS
LOWEST: 53 ON 23,22 3 = THUNDER
SNOW, ICE PELLETS, HAIL 4 = ICE PELLETS
TOTAL MONTH: M 5 = HAIL
GRTST 24HR M ON M 6 = FREEZING RAIN OR DRIZZLE
GRTST DEPTH: M ON M 7 = DUSTSTORM OR SANDSTORM:
VSBY 1/2 MILE OR LESS
8 = SMOKE OR HAZE
[NO. OF DAYS WITH] [WEATHER - DAYS WITH] 9 = BLOWING SNOW
X = TORNADO
MAX 32 OR BELOW: 0 0.01 INCH OR MORE: 0
MAX 90 OR ABOVE: 0 0.10 INCH OR MORE: 0
MIN 32 OR BELOW: 0 0.50 INCH OR MORE: 0
MIN 0 OR BELOW: 0 1.00 INCH OR MORE: 0
[HDD (BASE 65) ]
TOTAL THIS MO. 61 CLEAR (SCALE 0-3) 3
DPTR FM NORMAL 2 PTCLDY (SCALE 4-7) 25
TOTAL FM JUL 1 61 CLOUDY (SCALE 8-10) 3
DPTR FM NORMAL -1
[CDD (BASE 65) ]
TOTAL THIS MO. 13
DPTR FM NORMAL -12 [PRESSURE DATA]
TOTAL FM JAN 1 65 HIGHEST SLP M ON M
DPTR FM NORMAL -1 LOWEST SLP 29.82 ON 17
[REMARKS]
#FINAL-07-22#