000
CXUS53 KOAX 051845
CF6OAX
PRELIMINARY LOCAL CLIMATOLOGICAL DATA (WS FORM: F-6)
STATION: VALLEY NWS NE
MONTH: APRIL
YEAR: 2021
LATITUDE: 41 19 N
LONGITUDE: 96 22 W
TEMPERATURE IN F: :PCPN: SNOW: WIND :SUNSHINE: SKY :PK WND
================================================================================
1 2 3 4 5 6A 6B 7 8 9 10 11 12 13 14 15 16 17 18
12Z AVG MX 2MIN
DY MAX MIN AVG DEP HDD CDD WTR SNW DPTH SPD SPD DIR MIN PSBL S-S WX SPD DR
================================================================================
1 55 23 39 -6 26 0 0.00 0.0 0 M M M M M M 25 M
2 74 40 57 11 8 0 0.00 0.0 0 M M M M M M 38 M
3 78 46 62 16 3 0 0.00 0.0 0 M M M M M M 17 M
4 87 50 69 23 0 4 T 0.0 0 M M M M M M 47 M
5 84 61 73 26 0 8 T 0.0 0 M M M M M M 45 M
6 74 59 67 20 0 2 0.11 0.0 0 M M M M M M 35 M
7 67 46 57 10 8 0 0.87 0.0 0 M M M M M M 31 M
8 49 45 47 -1 18 0 0.92 0.0 0 M M M M M M 35 M
9 61 45 53 5 12 0 T 0.0 0 M M M M M M 29 M
10 62 42 52 3 13 0 0.00 0.0 0 M M M M M M 31 M
11 68 35 52 3 13 0 0.00 0.0 0 M M M M M M 47 M
12 59 40 50 1 15 0 0.00 0.0 0 M M M M M M 31 M
13 54 35 45 -5 20 0 0.00 0.0 0 M M M M M M 32 M
14 49 32 41 -9 24 0 0.00 0.0 0 M M M M M M 28 M
15 50 30 40 -10 25 0 0.00 0.0 0 M M M M M M 20 M
16 48 37 43 -8 22 0 0.12 0.0 0 M M M M M M 13 M
17 56 42 49 -2 16 0 0.10 0.0 0 M M M M M M 24 M
18 63 36 50 -2 15 0 0.00 0.0 0 M M M M M M 30 M
19 45 31 38 -14 27 0 0.01 T 0 M M M M M M 1 31 M
20 50 30 40 -12 25 0 0.00 0.0 0 M M M M M M 28 M
21 46 31 39 -14 26 0 T T 0 M M M M M M 32 M
22 57 30 44 -9 21 0 T 0.0 0 M M M M M M 28 M
23 65 45 55 2 10 0 T 0.0 0 M M M M M M 28 M
24 61 37 49 -5 16 0 0.00 0.0 0 M M M M M M 25 M
25 77 46 62 8 3 0 0.00 0.0 0 M M M M M M 36 M
26 91 59 75 21 0 10 0.00 0.0 0 M M M M M M 29 M
27 76 53 65 10 0 0 0.00 0.0 0 M M M M M M 26 M
28 68 49 59 4 6 0 0.26 0.0 0 M M M M M M 3 28 M
29 75 46 61 5 4 0 0.00 0.0 0 M M M M M M 32 M
30 83 49 66 10 0 1 0.00 0.0 0 M M M M M M 17 M
================================================================================
SM 1932 1250 376 25 2.39 T M M M
================================================================================
AV 64.4 41.7 M FASTST M M M MAX(MPH)
MISC ----> M M # 47 9999
================================================================================
NOTES:
# LAST OF SEVERAL OCCURRENCES
COLUMN 17 PEAK WIND IN M.P.H.
PRELIMINARY LOCAL CLIMATOLOGICAL DATA (WS FORM: F-6) , PAGE 2
STATION: VALLEY NWS NE
MONTH: APRIL
YEAR: 2021
LATITUDE: 41 19 N
LONGITUDE: 96 22 W
[TEMPERATURE DATA] [PRECIPITATION DATA] SYMBOLS USED IN COLUMN 16
AVERAGE MONTHLY: 53.0 TOTAL FOR MONTH: 2.39 1 = FOG OR MIST
DPTR FM NORMAL: 2.4 DPTR FM NORMAL: -0.64 2 = FOG REDUCING VISIBILITY
HIGHEST: 91 ON 26 GRTST 24HR 1.59 ON 8- 9 TO 1/4 MILE OR LESS
LOWEST: 23 ON 1 3 = THUNDER
SNOW, ICE PELLETS, HAIL 4 = ICE PELLETS
TOTAL MONTH: T 5 = HAIL
GRTST 24HR T ON 19-19 6 = FREEZING RAIN OR DRIZZLE
GRTST DEPTH: 0 7 = DUSTSTORM OR SANDSTORM:
VSBY 1/2 MILE OR LESS
8 = SMOKE OR HAZE
[NO. OF DAYS WITH] [WEATHER - DAYS WITH] 9 = BLOWING SNOW
X = TORNADO
MAX 32 OR BELOW: 0 0.01 INCH OR MORE: 7
MAX 90 OR ABOVE: 1 0.10 INCH OR MORE: 6
MIN 32 OR BELOW: 7 0.50 INCH OR MORE: 2
MIN 0 OR BELOW: 0 1.00 INCH OR MORE: 0
[HDD (BASE 65) ]
TOTAL THIS MO. 376 CLEAR (SCALE 0-3) 0
DPTR FM NORMAL -63 PTCLDY (SCALE 4-7) 0
TOTAL FM JUL 1 5645 CLOUDY (SCALE 8-10) 30
DPTR FM NORMAL -453
[CDD (BASE 65) ]
TOTAL THIS MO. 25
DPTR FM NORMAL 18 [PRESSURE DATA]
TOTAL FM JAN 1 25 HIGHEST SLP M ON M
DPTR FM NORMAL 18 LOWEST SLP M ON M
[REMARKS]
#FINAL-04-21#