000
CXUS54 KMAF 021207
CF6ODO
PRELIMINARY LOCAL CLIMATOLOGICAL DATA (WS FORM: F-6)
STATION: ODESSA SCHLEYMEYER
MONTH: JUNE
YEAR: 2023
LATITUDE: 31 55 N
LONGITUDE: 102 23 W
TEMPERATURE IN F: :PCPN: SNOW: WIND :SUNSHINE: SKY :PK WND
================================================================================
1 2 3 4 5 6A 6B 7 8 9 10 11 12 13 14 15 16 17 18
12Z AVG MX 2MIN
DY MAX MIN AVG DEP HDD CDD WTR SNW DPTH SPD SPD DIR MIN PSBL S-S WX SPD DR
================================================================================
1 92 70 81 2 0 16 0.00 M M 16.1 26 160 M M 5 35 160
2 85 63 74 -6 0 9 0.00 M M 13.7 30 170 M M 3 3 45 10
3 85 59 72 -8 0 7 0.00 M M 10.1 25 120 M M 4 3 35 120
4 86 61 74 -6 0 9 0.00 M M 8.1 21 90 M M 1 26 100
5 84 63 74 -6 0 9 0.00 M M 9.2 18 60 M M 5 24 10
6 86 60 73 -8 0 8 0.00 M M 7.7 16 70 M M 1 22 80
7 91 65 78 -3 0 13 0.00 M M 10.2 33 320 M M 2 38 51 330
8 96 60 78 -3 0 13 0.00 M M 5.9 17 30 M M 0 24 20
9 101 65 83 2 0 18 0.00 M M 9.6 23 200 M M 0 29 190
10 100 66 83 2 0 18 0.00 M M 9.6 24 270 M M 0 36 280
11 102 68 85 3 0 20 0.00 M M 9.5 21 160 M M 0 27 170
12 98 73 86 4 0 21 0.00 M M 10.9 24 50 M M 0 8 30 50
13 99 70 85 3 0 20 0.00 M M 8.7 23 260 M M 2 18 29 260
14 99 67 83 1 0 18 0.00 M M 6.4 15 340 M M 0 20 240
15 104 70 87 5 0 22 0.00 M M 11.6 28 280 M M 0 8 37 280
16 104 69 87 5 0 22 0.00 M M 7.1 18 240 M M 0 24 240
17 107 74 91 9 0 26 0.00 M M 12.3 28 250 M M 0 8 39 270
18 104 72 88 6 0 23 0.00 M M 8.4 20 50 M M 0 25 30
19 109 72 91 9 0 26 0.00 M M 7.8 23 260 M M 0 32 250
20 110 77 94 12 0 29 0.00 M M 5.4 22 210 M M 0 29 210
21 111 81 96 14 0 31 0.00 M M 8.3 33 240 M M 0 38 54 290
22 108 79 94 12 0 29 0.00 M M 13.8 29 60 M M 1 8 39 70
23 109 79 94 11 0 29 0.00 M M 14.1 33 170 M M 0 38 44 160
24 111 77 94 11 0 29 0.00 M M 16.7 35 190 M M 0 38 45 190
25 112 82 97 14 0 32 0.00 M M 11.3 23 190 M M 0 30 190
26 111 83 97 14 0 32 0.00 M M 10.9 24 150 M M 0 31 150
27 109 83 96 13 0 31 0.00 M M 17.8 31 200 M M 0 41 190
28 105 81 93 10 0 28 0.00 M M 20.2 30 190 M M 0 39 190
29 100 78 89 6 0 24 0.00 M M 17.3 29 160 M M 0 39 160
30 97 73 85 2 0 20 T M M 14.1 28 330 M M 2 3 36 330
================================================================================
SM 3015 2140 0 632 T M 332.8 M 26
================================================================================
AV100.5 71.3 11.1 FASTST M M 1 MAX(MPH)
MISC ----> 35 190 54 290
================================================================================
NOTES:
# LAST OF SEVERAL OCCURRENCES
COLUMN 17 PEAK WIND IN M.P.H.
PRELIMINARY LOCAL CLIMATOLOGICAL DATA (WS FORM: F-6) , PAGE 2
STATION: ODESSA SCHLEYMEYER
MONTH: JUNE
YEAR: 2023
LATITUDE: 31 55 N
LONGITUDE: 102 23 W
[TEMPERATURE DATA] [PRECIPITATION DATA] SYMBOLS USED IN COLUMN 16
AVERAGE MONTHLY: 85.9 TOTAL FOR MONTH: T 1 = FOG OR MIST
DPTR FM NORMAL: 4.2 DPTR FM NORMAL: -1.27 2 = FOG REDUCING VISIBILITY
HIGHEST: 112 ON 25 GRTST 24HR T ON 30-30 TO 1/4 MILE OR LESS
LOWEST: 59 ON 3 3 = THUNDER
SNOW, ICE PELLETS, HAIL 4 = ICE PELLETS
TOTAL MONTH: M 5 = HAIL
GRTST 24HR M ON M 6 = FREEZING RAIN OR DRIZZLE
GRTST DEPTH: M ON M 7 = DUSTSTORM OR SANDSTORM:
VSBY 1/2 MILE OR LESS
8 = SMOKE OR HAZE
[NO. OF DAYS WITH] [WEATHER - DAYS WITH] 9 = BLOWING SNOW
X = TORNADO
MAX 32 OR BELOW: 0 0.01 INCH OR MORE: 0
MAX 90 OR ABOVE: 25 0.10 INCH OR MORE: 0
MIN 32 OR BELOW: 0 0.50 INCH OR MORE: 0
MIN 0 OR BELOW: 0 1.00 INCH OR MORE: 0
[HDD (BASE 65) ]
TOTAL THIS MO. 0 CLEAR (SCALE 0-3) 26
DPTR FM NORMAL 0 PTCLDY (SCALE 4-7) 4
TOTAL FM JUL 1 2212 CLOUDY (SCALE 8-10) 0
DPTR FM NORMAL -300
[CDD (BASE 65) ]
TOTAL THIS MO. 632
DPTR FM NORMAL 131 [PRESSURE DATA]
TOTAL FM JAN 1 1105 HIGHEST SLP 30.01 ON 5
DPTR FM NORMAL 164 LOWEST SLP 29.60 ON 21
[REMARKS]
#FINAL-06-23#