000
CXUS53 KOAX 010930
CF6OFK
PRELIMINARY LOCAL CLIMATOLOGICAL DATA (WS FORM: F-6)
STATION: NORFOLK NE
MONTH: MAY
YEAR: 2023
LATITUDE: 41 58 N
LONGITUDE: 97 26 W
TEMPERATURE IN F: :PCPN: SNOW: WIND :SUNSHINE: SKY :PK WND
================================================================================
1 2 3 4 5 6A 6B 7 8 9 10 11 12 13 14 15 16 17 18
12Z AVG MX 2MIN
DY MAX MIN AVG DEP HDD CDD WTR SNW DPTH SPD SPD DIR MIN PSBL S-S WX SPD DR
================================================================================
1 64 34 49 -5 16 0 0.00 0.0 0 16.5 31 320 M M 0 40 330
2 67 32 50 -5 15 0 0.00 0.0 0 12.6 26 350 M M 0 38 360
3 78 30 54 -1 11 0 0.00 0.0 0 5.6 14 160 M M 0 18 170
4 87 44 66 11 0 1 0.00 0.0 0 11.6 22 170 M M 1 30 180
5 71 57 64 8 1 0 0.02 0.0 0 M 24 170 M M M 18 M M
6 81 57 69 13 0 4 0.47 0.0 0 9.0 40 M M M M 3 59 260
7 82 57 70 14 0 5 0.12 0.0 0 10.3 30 310 M M M 3 41 310
8 84 51 68 11 0 3 0.00 0.0 0 5.6 15 230 M M 3 19 220
9 79 54 67 10 0 2 0.01 0.0 0 8.5 24 140 M M 2 31 150
10 83 56 70 12 0 5 T 0.0 0 9.1 21 100 M M 2 28 110
11 85 64 75 17 0 10 0.04 0.0 0 13.0 28 130 M M 7 18 39 120
12 78 61 70 12 0 5 0.70 0.0 0 9.7 24 120 M M 9 13 38 80
13 76 60 68 9 0 3 T 0.0 0 6.1 14 320 M M 7 18 18 320
14 65 52 59 0 6 0 T 0.0 0 11.3 18 30 M M 10 1 24 40
15 61 50 56 -4 9 0 0.00 0.0 0 7.7 15 40 M M 10 1 24 30
16 78 54 66 6 0 1 0.00 0.0 0 6.0 16 330 M M 4 24 300
17 80 50 65 5 0 0 0.00 0.0 0 5.5 14 190 M M 0 20 190
18 77 54 66 5 0 1 0.00 0.0 0 9.6 23 360 M M 8 8 29 350
19 64 39 52 -9 13 0 0.00 0.0 0 14.0 26 350 M M 2 36 330
20 76 34 55 -7 10 0 0.00 0.0 0 5.1 14 170 M M 0 1 21 150
21 84 48 66 4 0 1 0.00 0.0 0 8.4 16 170 M M 0 23 180
22 84 56 70 8 0 5 0.00 0.0 0 8.1 16 170 M M 1 23 160
23 84 53 69 6 0 4 0.00 0.0 0 6.9 15 160 M M 0 22 190
24 87 54 71 8 0 6 0.00 0.0 0 5.9 17 130 M M 0 8 27 150
25 85 54 70 6 0 5 0.00 0.0 0 10.8 28 120 M M 0 3 36 140
26 85 60 73 9 0 8 0.00 0.0 0 13.7 24 140 M M 0 33 120
27 85 54 70 6 0 5 0.00 0.0 0 13.4 22 160 M M 0 31 120
28 83 56 70 5 0 5 T 0.0 0 12.9 26 190 M M 0 36 140
29 91 62 77 12 0 12 0.07 0.0 0 12.2 29 260 M M 0 3 40 260
30 91 60 76 10 0 11 T 0.0 0 8.2 18 190 M M 0 24 160
31 92 67 80 14 0 15 T 0.0 0 9.3 22 300 M M 0 31 300
================================================================================
SM 2467 1614 81 117 1.43 0.0 286.6 M 66
================================================================================
AV 79.6 52.1 9.6 FASTST M M 2 MAX(MPH)
MISC ----> 40 9999 59 260
================================================================================
NOTES:
# LAST OF SEVERAL OCCURRENCES
COLUMN 17 PEAK WIND IN M.P.H.
PRELIMINARY LOCAL CLIMATOLOGICAL DATA (WS FORM: F-6) , PAGE 2
STATION: NORFOLK NE
MONTH: MAY
YEAR: 2023
LATITUDE: 41 58 N
LONGITUDE: 97 26 W
[TEMPERATURE DATA] [PRECIPITATION DATA] SYMBOLS USED IN COLUMN 16
AVERAGE MONTHLY: 65.8 TOTAL FOR MONTH: 1.43 1 = FOG OR MIST
DPTR FM NORMAL: 5.7 DPTR FM NORMAL: -2.57 2 = FOG REDUCING VISIBILITY
HIGHEST: 92 ON 31 GRTST 24HR 0.74 ON 11-12 TO 1/4 MILE OR LESS
LOWEST: 30 ON 3 3 = THUNDER
SNOW, ICE PELLETS, HAIL 4 = ICE PELLETS
TOTAL MONTH: 0.0 INCH 5 = HAIL
GRTST 24HR 0.0 6 = FREEZING RAIN OR DRIZZLE
GRTST DEPTH: 0 7 = DUSTSTORM OR SANDSTORM:
VSBY 1/2 MILE OR LESS
8 = SMOKE OR HAZE
[NO. OF DAYS WITH] [WEATHER - DAYS WITH] 9 = BLOWING SNOW
X = TORNADO
MAX 32 OR BELOW: 0 0.01 INCH OR MORE: 7
MAX 90 OR ABOVE: 3 0.10 INCH OR MORE: 3
MIN 32 OR BELOW: 2 0.50 INCH OR MORE: 1
MIN 0 OR BELOW: 0 1.00 INCH OR MORE: 0
[HDD (BASE 65) ]
TOTAL THIS MO. 81 CLEAR (SCALE 0-3) 21
DPTR FM NORMAL -125 PTCLDY (SCALE 4-7) 4
TOTAL FM JUL 1 6452 CLOUDY (SCALE 8-10) 6
DPTR FM NORMAL -141
[CDD (BASE 65) ]
TOTAL THIS MO. 117
DPTR FM NORMAL 63 [PRESSURE DATA]
TOTAL FM JAN 1 139 HIGHEST SLP 30.40 ON 15
DPTR FM NORMAL 77 LOWEST SLP 29.66 ON 6
[REMARKS]
#FINAL-05-23#