000
CXUS53 KOAX 011030
CF6OFK
PRELIMINARY LOCAL CLIMATOLOGICAL DATA (WS FORM: F-6)
STATION: NORFOLK NE
MONTH: NOVEMBER
YEAR: 2022
LATITUDE: 41 58 N
LONGITUDE: 97 26 W
TEMPERATURE IN F: :PCPN: SNOW: WIND :SUNSHINE: SKY :PK WND
================================================================================
1 2 3 4 5 6A 6B 7 8 9 10 11 12 13 14 15 16 17 18
12Z AVG MX 2MIN
DY MAX MIN AVG DEP HDD CDD WTR SNW DPTH SPD SPD DIR MIN PSBL S-S WX SPD DR
================================================================================
1 76 35 56 13 9 0 0.00 0.0 0 9.0 20 180 M M 0 28 180
2 78 55 67 24 0 2 0.00 0.0 0 20.0 32 180 M M 0 47 170
3 64 36 50 8 15 0 0.03 0.0 0 17.1 26 180 M M 8 36 180
4 46 27 37 -5 28 0 0.04 0.0 0 11.1 23 340 M M 5 1 30 340
5 61 20 41 0 24 0 0.00 0.0 0 11.1 26 200 M M 0 33 190
6 57 29 43 2 22 0 0.00 0.0 0 8.4 24 300 M M 0 33 320
7 51 25 38 -2 27 0 0.00 0.0 0 10.0 20 120 M M 2 27 110
8 66 38 52 12 13 0 0.01 0.0 0 15.0 23 150 M M 9 18 32 150
9 67 41 54 14 11 0 0.03 0.0 0 10.2 23 170 M M 10 1 32 160
10 65 19 42 3 23 0 0.03 0.0 0 19.6 32 290 M M 5 1 42 280
11 28 16 22 -17 43 0 0.00 0.0 0 15.7 26 330 M M 6 35 320
12 25 10 18 -20 47 0 T T 0 10.1 22 330 M M 7 28 320
13 37 7 22 -16 43 0 0.00 0.0 0 9.9 24 140 M M 1 32 130
14 34 15 25 -12 40 0 0.00 0.0 0 7.7 16 300 M M 4 20 320
15 30 17 24 -13 41 0 T 0.1 0 11.2 22 330 M M 6 1 28 310
16 32 16 24 -12 41 0 T 0.1 T 12.6 23 330 M M 7 33 320
17 33 15 24 -12 41 0 T T 0 19.6 32 320 M M 7 18 45 310
18 27 9 18 -18 47 0 T T 0 14.4 23 320 M M 3 31 320
19 31 11 21 -14 44 0 T T 0 14.0 30 330 M M 5 39 300
20 54 19 37 2 28 0 0.00 0.0 0 8.7 18 210 M M 0 25 210
21 51 19 35 1 30 0 0.00 0.0 0 7.0 16 340 M M 0 21 340
22 57 18 38 4 27 0 0.00 0.0 0 2.8 14 320 M M 0 18 340
23 57 18 38 5 27 0 0.00 0.0 0 5.9 17 150 M M 0 23 160
24 48 25 37 4 28 0 0.00 0.0 0 13.3 28 330 M M 0 34 330
25 58 18 38 5 27 0 0.00 0.0 0 7.4 17 200 M M 0 23 190
26 62 27 45 13 20 0 0.00 0.0 0 13.9 26 350 M M 1 36 350
27 42 21 32 0 33 0 0.00 0.0 0 10.5 23 340 M M 0 33 350
28 57 23 40 9 25 0 0.00 0.0 0 12.3 24 190 M M 1 35 190
29 37 17 27 -4 38 0 0.16 2.0 0 20.6 31 340 M M 7 128 42 340
30 24 9 17 -13 48 0 0.00 0.0 2 11.0 22 300 M M 0 32 310
================================================================================
SM 1455 655 890 2 0.30 2.2 360.1 M 94
================================================================================
AV 48.5 21.8 12.0 FASTST M M 3 MAX(MPH)
MISC ----> # 32 180 47 170
================================================================================
NOTES:
# LAST OF SEVERAL OCCURRENCES
COLUMN 17 PEAK WIND IN M.P.H.
PRELIMINARY LOCAL CLIMATOLOGICAL DATA (WS FORM: F-6) , PAGE 2
STATION: NORFOLK NE
MONTH: NOVEMBER
YEAR: 2022
LATITUDE: 41 58 N
LONGITUDE: 97 26 W
[TEMPERATURE DATA] [PRECIPITATION DATA] SYMBOLS USED IN COLUMN 16
AVERAGE MONTHLY: 35.2 TOTAL FOR MONTH: 0.30 1 = FOG OR MIST
DPTR FM NORMAL: -1.6 DPTR FM NORMAL: -0.92 2 = FOG REDUCING VISIBILITY
HIGHEST: 78 ON 2 GRTST 24HR 0.16 ON 29-29 TO 1/4 MILE OR LESS
LOWEST: 7 ON 13 3 = THUNDER
SNOW, ICE PELLETS, HAIL 4 = ICE PELLETS
TOTAL MONTH: 2.2 INCHES 5 = HAIL
GRTST 24HR 2.0 ON 29-29 6 = FREEZING RAIN OR DRIZZLE
GRTST DEPTH: 2 ON 30 7 = DUSTSTORM OR SANDSTORM:
VSBY 1/2 MILE OR LESS
8 = SMOKE OR HAZE
[NO. OF DAYS WITH] [WEATHER - DAYS WITH] 9 = BLOWING SNOW
X = TORNADO
MAX 32 OR BELOW: 7 0.01 INCH OR MORE: 6
MAX 90 OR ABOVE: 0 0.10 INCH OR MORE: 1
MIN 32 OR BELOW: 25 0.50 INCH OR MORE: 0
MIN 0 OR BELOW: 0 1.00 INCH OR MORE: 0
[HDD (BASE 65) ]
TOTAL THIS MO. 890 CLEAR (SCALE 0-3) 16
DPTR FM NORMAL 42 PTCLDY (SCALE 4-7) 12
TOTAL FM JUL 1 1332 CLOUDY (SCALE 8-10) 2
DPTR FM NORMAL -94
[CDD (BASE 65) ]
TOTAL THIS MO. 2
DPTR FM NORMAL 2 [PRESSURE DATA]
TOTAL FM JAN 1 1334 HIGHEST SLP 30.57 ON 7
DPTR FM NORMAL 427 LOWEST SLP 29.39 ON 5
[REMARKS]
#FINAL-11-22#