000
CXUS53 KOAX 010934
CF6OFK
PRELIMINARY LOCAL CLIMATOLOGICAL DATA (WS FORM: F-6)
STATION: NORFOLK NE
MONTH: OCTOBER
YEAR: 2022
LATITUDE: 41 58 N
LONGITUDE: 97 26 W
TEMPERATURE IN F: :PCPN: SNOW: WIND :SUNSHINE: SKY :PK WND
================================================================================
1 2 3 4 5 6A 6B 7 8 9 10 11 12 13 14 15 16 17 18
12Z AVG MX 2MIN
DY MAX MIN AVG DEP HDD CDD WTR SNW DPTH SPD SPD DIR MIN PSBL S-S WX SPD DR
================================================================================
1 84 59 72 14 0 7 0.00 0.0 0 14.5 24 160 M M 0 32 140
2 83 48 66 8 0 1 0.00 0.0 0 11.6 21 170 M M 0 29 150
3 84 51 68 11 0 3 0.00 0.0 0 11.2 23 180 M M 0 32 170
4 71 54 63 6 2 0 T 0.0 0 5.9 16 190 M M 5 20 180
5 75 51 63 7 2 0 0.00 0.0 0 7.2 18 330 M M 4 12 26 330
6 63 47 55 -1 10 0 T 0.0 0 11.9 23 350 M M 3 31 340
7 56 26 41 -14 24 0 0.00 0.0 0 6.3 15 360 M M 1 18 30
8 69 25 47 -8 18 0 0.00 0.0 0 5.1 18 260 M M 1 8 23 280
9 78 34 56 2 9 0 0.00 0.0 0 5.0 18 310 M M 0 25 310
10 81 33 57 3 8 0 0.00 0.0 0 8.3 21 190 M M 0 27 180
11 85 58 72 19 0 7 T 0.0 0 19.2 30 210 M M 1 41 210
12 64 40 52 -1 13 0 0.00 0.0 0 14.5 35 310 M M 3 48 310
13 60 37 49 -3 16 0 0.00 0.0 0 17.6 35 310 M M 1 52 300
14 63 25 44 -8 21 0 0.00 0.0 0 13.3 36 300 M M 2 47 300
15 73 22 48 -3 17 0 0.00 0.0 0 10.4 28 320 M M 3 42 320
16 53 35 44 -7 21 0 0.00 0.0 0 14.1 29 330 M M 3 37 330
17 48 25 37 -13 28 0 0.00 0.0 0 12.7 24 350 M M 1 32 320
18 45 15 30 -20 35 0 0.00 0.0 0 5.7 17 350 M M 0 21 350
19 67 15 41 -8 24 0 0.00 0.0 0 1.9 13 250 M M 0 8 16 230
20 77 36 57 8 8 0 0.00 0.0 0 8.7 20 200 M M 0 27 200
21 78 35 57 9 8 0 0.00 0.0 0 5.7 18 200 M M 0 25 200
22 87 36 62 14 3 0 0.00 0.0 0 7.7 17 150 M M 0 24 160
23 89 55 72 24 0 7 0.00 0.0 0 19.4 35 180 M M 4 38 51 170
24 55 31 43 -4 22 0 0.00 0.0 0 11.4 21 300 M M 2 28 290
25 64 27 46 0 19 0 0.00 0.0 0 9.0 18 340 M M 0 29 320
26 61 25 43 -3 22 0 T 0.0 0 7.5 18 190 M M 3 23 180
27 49 43 46 0 19 0 0.65 0.0 0 9.4 16 140 M M 10 1 23 140
28 58 39 49 4 16 0 0.00 0.0 0 6.5 15 210 M M 5 1 20 220
29 69 40 55 10 10 0 0.00 0.0 0 9.0 21 200 M M 0 28 180
30 64 38 51 7 14 0 0.00 0.0 0 5.7 14 360 M M 0 20 320
31 73 30 52 8 13 0 0.00 0.0 0 8.1 18 190 M M 0 25 200
================================================================================
SM 2126 1135 402 25 0.65 0.0 304.5 M 52
================================================================================
AV 68.6 36.6 9.8 FASTST M M 2 MAX(MPH)
MISC ----> 36 300 52 300
================================================================================
NOTES:
# LAST OF SEVERAL OCCURRENCES
COLUMN 17 PEAK WIND IN M.P.H.
PRELIMINARY LOCAL CLIMATOLOGICAL DATA (WS FORM: F-6) , PAGE 2
STATION: NORFOLK NE
MONTH: OCTOBER
YEAR: 2022
LATITUDE: 41 58 N
LONGITUDE: 97 26 W
[TEMPERATURE DATA] [PRECIPITATION DATA] SYMBOLS USED IN COLUMN 16
AVERAGE MONTHLY: 52.6 TOTAL FOR MONTH: 0.65 1 = FOG OR MIST
DPTR FM NORMAL: 1.8 DPTR FM NORMAL: -1.50 2 = FOG REDUCING VISIBILITY
HIGHEST: 89 ON 23 GRTST 24HR 0.65 ON 27-27 TO 1/4 MILE OR LESS
LOWEST: 15 ON 19,18 3 = THUNDER
SNOW, ICE PELLETS, HAIL 4 = ICE PELLETS
TOTAL MONTH: 0.0 INCH 5 = HAIL
GRTST 24HR 0.0 6 = FREEZING RAIN OR DRIZZLE
GRTST DEPTH: 0 7 = DUSTSTORM OR SANDSTORM:
VSBY 1/2 MILE OR LESS
8 = SMOKE OR HAZE
[NO. OF DAYS WITH] [WEATHER - DAYS WITH] 9 = BLOWING SNOW
X = TORNADO
MAX 32 OR BELOW: 0 0.01 INCH OR MORE: 1
MAX 90 OR ABOVE: 0 0.10 INCH OR MORE: 1
MIN 32 OR BELOW: 11 0.50 INCH OR MORE: 1
MIN 0 OR BELOW: 0 1.00 INCH OR MORE: 0
[HDD (BASE 65) ]
TOTAL THIS MO. 402 CLEAR (SCALE 0-3) 25
DPTR FM NORMAL -47 PTCLDY (SCALE 4-7) 5
TOTAL FM JUL 1 442 CLOUDY (SCALE 8-10) 1
DPTR FM NORMAL -137
[CDD (BASE 65) ]
TOTAL THIS MO. 25
DPTR FM NORMAL 15 [PRESSURE DATA]
TOTAL FM JAN 1 1332 HIGHEST SLP 30.60 ON 7
DPTR FM NORMAL 425 LOWEST SLP 29.17 ON 23
[REMARKS]
#FINAL-10-22#