000
CXUS53 KOAX 010930
CF6OFK
PRELIMINARY LOCAL CLIMATOLOGICAL DATA (WS FORM: F-6)
STATION: NORFOLK NE
MONTH: APRIL
YEAR: 2021
LATITUDE: 41 58 N
LONGITUDE: 97 26 W
TEMPERATURE IN F: :PCPN: SNOW: WIND :SUNSHINE: SKY :PK WND
================================================================================
1 2 3 4 5 6A 6B 7 8 9 10 11 12 13 14 15 16 17 18
12Z AVG MX 2MIN
DY MAX MIN AVG DEP HDD CDD WTR SNW DPTH SPD SPD DIR MIN PSBL S-S WX SPD DR
================================================================================
1 59 18 39 -5 26 0 0.00 0.0 0 11.9 24 160 M M 0 8 35 160
2 76 37 57 13 8 0 0.00 0.0 0 19.8 33 200 M M 0 45 210
3 78 38 58 13 7 0 0.00 0.0 0 7.3 18 220 M M 0 25 220
4 84 44 64 19 1 0 0.00 0.0 0 6.9 26 190 M M 0 38 200
5 85 60 73 28 0 8 T 0.0 0 17.3 31 190 M M 0 3 43 200
6 77 46 62 16 3 0 0.44 0.0 0 12.4 29 290 M M 4 13 38 290
7 48 43 46 0 19 0 0.28 0.0 0 20.5 30 330 M M 10 13 39 320
8 49 43 46 -1 19 0 0.57 0.0 0 15.3 26 320 M M 9 1 36 330
9 58 39 49 2 16 0 0.00 0.0 0 14.3 29 330 M M 5 37 330
10 62 34 48 0 17 0 0.00 0.0 0 9.5 22 350 M M 1 31 330
11 68 29 49 1 16 0 0.00 0.0 0 8.9 33 320 M M 0 44 320
12 56 36 46 -2 19 0 0.00 0.0 0 17.1 29 310 M M 0 41 300
13 52 32 42 -7 23 0 0.00 0.0 0 15.6 30 320 M M 1 46 300
14 49 26 38 -11 27 0 0.00 0.0 0 12.4 22 330 M M 3 30 340
15 46 25 36 -14 29 0 0.00 0.0 0 7.5 15 360 M M 7 22 330
16 46 40 43 -7 22 0 0.01 0.0 0 9.2 18 350 M M 10 8 22 350
17 51 39 45 -5 20 0 0.01 0.0 0 11.6 22 340 M M 10 27 340
18 67 37 52 1 13 0 0.00 0.0 0 10.4 29 360 M M 4 42 350
19 41 26 34 -17 31 0 0.10 1.5 0 16.1 29 330 M M 7 1 36 340
20 49 24 37 -14 28 0 0.02 T 0 9.0 24 320 M M 3 1 35 330
21 49 27 38 -14 27 0 0.00 0.0 0 9.8 23 330 M M 5 32 340
22 58 23 41 -11 24 0 T 0.0 0 12.2 26 190 M M 6 37 180
23 66 38 52 -1 13 0 0.00 0.0 0 13.0 21 350 M M 1 27 350
24 57 33 45 -8 20 0 T T 0 11.3 22 330 M M 4 1 27 350
25 77 40 59 6 6 0 T 0.0 0 14.9 29 200 M M 3 40 160
26 85 55 70 16 0 5 0.00 0.0 0 8.9 18 170 M M 0 25 170
27 62 49 56 2 9 0 0.00 0.0 0 14.1 25 350 M M 7 31 20
28 69 46 58 4 7 0 0.23 0.0 0 9.2 24 60 M M 6 1 33 50
29 72 42 57 2 8 0 0.00 0.0 0 10.7 28 340 M M 0 38 310
30 82 49 66 11 0 1 0.00 0.0 0 6.6 18 200 M M 2 25 200
================================================================================
SM 1878 1118 458 14 1.66 1.5 363.7 M 108
================================================================================
AV 62.6 37.3 12.1 FASTST M M 4 MAX(MPH)
MISC ----> # 33 200 46 300
================================================================================
NOTES:
# LAST OF SEVERAL OCCURRENCES
COLUMN 17 PEAK WIND IN M.P.H.
PRELIMINARY LOCAL CLIMATOLOGICAL DATA (WS FORM: F-6) , PAGE 2
STATION: NORFOLK NE
MONTH: APRIL
YEAR: 2021
LATITUDE: 41 58 N
LONGITUDE: 97 26 W
[TEMPERATURE DATA] [PRECIPITATION DATA] SYMBOLS USED IN COLUMN 16
AVERAGE MONTHLY: 49.9 TOTAL FOR MONTH: 1.66 1 = FOG OR MIST
DPTR FM NORMAL: 0.3 DPTR FM NORMAL: -0.99 2 = FOG REDUCING VISIBILITY
HIGHEST: 85 ON 26, 5 GRTST 24HR 0.72 ON 6- 7 TO 1/4 MILE OR LESS
LOWEST: 18 ON 1 3 = THUNDER
SNOW, ICE PELLETS, HAIL 4 = ICE PELLETS
TOTAL MONTH: 1.5 INCHES 5 = HAIL
GRTST 24HR 1.5 ON 19-19 6 = FREEZING RAIN OR DRIZZLE
GRTST DEPTH: 0 7 = DUSTSTORM OR SANDSTORM:
VSBY 1/2 MILE OR LESS
8 = SMOKE OR HAZE
[NO. OF DAYS WITH] [WEATHER - DAYS WITH] 9 = BLOWING SNOW
X = TORNADO
MAX 32 OR BELOW: 0 0.01 INCH OR MORE: 8
MAX 90 OR ABOVE: 0 0.10 INCH OR MORE: 5
MIN 32 OR BELOW: 9 0.50 INCH OR MORE: 1
MIN 0 OR BELOW: 0 1.00 INCH OR MORE: 0
[HDD (BASE 65) ]
TOTAL THIS MO. 458 CLEAR (SCALE 0-3) 15
DPTR FM NORMAL -16 PTCLDY (SCALE 4-7) 11
TOTAL FM JUL 1 6067 CLOUDY (SCALE 8-10) 4
DPTR FM NORMAL -355
[CDD (BASE 65) ]
TOTAL THIS MO. 14
DPTR FM NORMAL 2 [PRESSURE DATA]
TOTAL FM JAN 1 14 HIGHEST SLP 30.59 ON 1
DPTR FM NORMAL 2 LOWEST SLP 29.41 ON 26
[REMARKS]
#FINAL-04-21#