000
CXUS53 KOAX 011030
CF6OFK
PRELIMINARY LOCAL CLIMATOLOGICAL DATA (WS FORM: F-6)
STATION: NORFOLK NE
MONTH: FEBRUARY
YEAR: 2021
LATITUDE: 41 58 N
LONGITUDE: 97 26 W
TEMPERATURE IN F: :PCPN: SNOW: WIND :SUNSHINE: SKY :PK WND
================================================================================
1 2 3 4 5 6A 6B 7 8 9 10 11 12 13 14 15 16 17 18
12Z AVG MX 2MIN
DY MAX MIN AVG DEP HDD CDD WTR SNW DPTH SPD SPD DIR MIN PSBL S-S WX SPD DR
================================================================================
1 27 23 25 1 40 0 0.00 0.0 4 7.3 14 160 M M 10 128 17 180
2 30 21 26 2 39 0 0.00 0.0 4 10.4 15 160 M M 10 12 20 150
3 39 25 32 8 33 0 0.00 0.0 4 9.7 28 340 M M 5 1 37 320
4 34 18 26 2 39 0 0.10 1.5 3 19.6 33 330 M M 4 189 46 330
5 24 6 15 -9 50 0 T T 3 9.9 21 320 M M 3 28 320
6 14 -7 4 -20 61 0 0.08 2.3 3 9.7 22 330 M M 6 89 28 340
7 4 -9 -2 -27 67 0 0.17 3.5 7 7.3 15 120 M M 9 8 18 120
8 5 -20 -7 -32 72 0 0.01 T 7 1.8 7 50 M M 3 18 9 40
9 12 -20 -4 -29 69 0 0.00 0.0 7 1.9 7 50 M M 0 18 8 60
10 13 2 8 -17 57 0 0.00 0.0 7 6.9 15 350 M M 7 17 340
11 6 -9 -1 -27 66 0 0.06 1.1 7 8.4 16 20 M M 9 8 18 20
12 -2 -11 -6 -32 71 0 0.11 2.5 7 7.8 17 350 M M 9 8 21 340
13 4 -8 -2 -28 67 0 0.03 0.4 10 7.6 18 330 M M 5 8 21 340
14 -3 -13 -8 -34 73 0 0.00 0.0 10 12.2 22 360 M M 6 8 27 10
15 -3 -28 -15 -42 80 0 0.00 0.0 10 2.6 7 230 M M 0 8 320
16 -1 -31 -16 -43 81 0 0.00 0.0 10 6.1 14 140 M M 6 17 140
17 13 -1 6 -21 59 0 0.01 T 6 7.2 13 210 M M 10 8 16 190
18 23 -2 11 -17 54 0 T T 6 6.2 13 280 M M 4 18 16 280
19 23 3 13 -15 52 0 0.00 0.0 5 4.3 13 240 M M 1 18 16 240
20 30 -2 14 -14 51 0 0.00 0.0 5 6.2 22 130 M M 7 128 28 140
21 36 25 31 3 34 0 T T 5 9.2 23 320 M M 6 18 31 320
22 47 26 37 8 28 0 0.00 0.0 4 13.7 21 270 M M 0 31 280
23 56 30 43 14 22 0 0.00 0.0 2 10.6 22 320 M M 0 34 320
24 45 27 36 6 29 0 0.00 0.0 T 13.5 31 330 M M 4 40 330
25 44 24 34 4 31 0 0.00 0.0 T 10.0 20 180 M M 0 27 190
26 48 29 39 9 26 0 0.00 0.0 0 15.9 29 200 M M 1 39 200
27 52 20 36 5 29 0 0.00 0.0 0 6.5 22 90 M M 5 29 90
28 37 21 29 -2 36 0 0.00 0.0 0 14.2 30 330 M M 4 37 330
================================================================================
SM 657 139 1416 0 0.57 11.3 246.7 M 134
================================================================================
AV 23.5 5.0 8.8 FASTST M M 5 MAX(MPH)
MISC ----> 33 330 46 330
================================================================================
NOTES:
# LAST OF SEVERAL OCCURRENCES
COLUMN 17 PEAK WIND IN M.P.H.
PRELIMINARY LOCAL CLIMATOLOGICAL DATA (WS FORM: F-6) , PAGE 2
STATION: NORFOLK NE
MONTH: FEBRUARY
YEAR: 2021
LATITUDE: 41 58 N
LONGITUDE: 97 26 W
[TEMPERATURE DATA] [PRECIPITATION DATA] SYMBOLS USED IN COLUMN 16
AVERAGE MONTHLY: 14.2 TOTAL FOR MONTH: 0.57 1 = FOG OR MIST
DPTR FM NORMAL: -12.6 DPTR FM NORMAL: -0.19 2 = FOG REDUCING VISIBILITY
HIGHEST: 56 ON 23 GRTST 24HR 0.17 ON 7- 7 TO 1/4 MILE OR LESS
LOWEST: -31 ON 16 3 = THUNDER
SNOW, ICE PELLETS, HAIL 4 = ICE PELLETS
TOTAL MONTH: 11.3 INCHES 5 = HAIL
GRTST 24HR 3.5 ON 7- 7 6 = FREEZING RAIN OR DRIZZLE
GRTST DEPTH: 10 ON 16,15 7 = DUSTSTORM OR SANDSTORM:
VSBY 1/2 MILE OR LESS
8 = SMOKE OR HAZE
[NO. OF DAYS WITH] [WEATHER - DAYS WITH] 9 = BLOWING SNOW
X = TORNADO
MAX 32 OR BELOW: 18 0.01 INCH OR MORE: 8
MAX 90 OR ABOVE: 0 0.10 INCH OR MORE: 3
MIN 32 OR BELOW: 28 0.50 INCH OR MORE: 0
MIN 0 OR BELOW: 13 1.00 INCH OR MORE: 0
[HDD (BASE 65) ]
TOTAL THIS MO. 1416 CLEAR (SCALE 0-3) 7
DPTR FM NORMAL 345 PTCLDY (SCALE 4-7) 15
TOTAL FM JUL 1 4965 CLOUDY (SCALE 8-10) 6
DPTR FM NORMAL -126
[CDD (BASE 65) ]
TOTAL THIS MO. 0
DPTR FM NORMAL 0 [PRESSURE DATA]
TOTAL FM JAN 1 0 HIGHEST SLP 30.81 ON 14
DPTR FM NORMAL 0 LOWEST SLP 29.60 ON 3
[REMARKS]
#FINAL-02-21#