000
CXUS53 KOAX 011000
CF6OFK
PRELIMINARY LOCAL CLIMATOLOGICAL DATA (WS FORM: F-6)
STATION: NORFOLK NE
MONTH: AUGUST
YEAR: 2020
LATITUDE: 41 58 N
LONGITUDE: 97 26 W
TEMPERATURE IN F: :PCPN: SNOW: WIND :SUNSHINE: SKY :PK WND
================================================================================
1 2 3 4 5 6A 6B 7 8 9 10 11 12 13 14 15 16 17 18
12Z AVG MX 2MIN
DY MAX MIN AVG DEP HDD CDD WTR SNW DPTH SPD SPD DIR MIN PSBL S-S WX SPD DR
================================================================================
1 84 61 73 -2 0 8 T 0.0 0 11.5 25 350 M M 5 32 350
2 81 54 68 -7 0 3 0.00 0.0 0 9.2 21 10 M M 3 27 360
3 79 53 66 -8 0 1 0.00 0.0 0 4.3 13 40 M M 5 23 50
4 77 49 63 -11 2 0 0.40 0.0 0 9.4 31 20 M M 5 13 43 20
5 82 61 72 -2 0 7 0.37 0.0 0 11.0 20 200 M M 6 3 27 190
6 88 63 76 2 0 11 0.01 0.0 0 8.5 15 160 M M 2 21 170
7 86 71 79 5 0 14 0.00 0.0 0 12.7 23 160 M M 6 1 33 160
8 90 70 80 6 0 15 0.00 0.0 0 11.2 18 170 M M 4 1 24 150
9 91 66 79 5 0 14 0.02 0.0 0 8.5 32 290 M M 0 3 44 290
10 80 60 70 -4 0 5 0.45 0.0 0 8.5 36 340 M M 2 138 48 360
11 88 56 72 -2 0 7 T 0.0 0 8.1 18 130 M M 1 1 26 160
12 89 72 81 7 0 16 0.12 0.0 0 12.6 24 190 M M 1 13 32 180
13 90 70 80 6 0 15 0.00 0.0 0 12.0 21 200 M M 2 29 190
14 88 63 76 3 0 11 0.01 0.0 0 9.8 20 180 M M 2 3 27 170
15 85 51 68 -5 0 3 0.00 0.0 0 5.6 14 180 M M 0 12 22 180
16 87 61 74 1 0 9 0.42 0.0 0 5.8 17 210 M M 1 3 22 290
17 86 59 73 0 0 8 0.00 0.0 0 6.6 17 360 M M 0 26 330
18 84 53 69 -4 0 4 0.00 0.0 0 6.1 15 140 M M 1 12 20 130
19 84 58 71 -2 0 6 0.00 0.0 0 10.3 21 160 M M 1 1 26 160
20 88 64 76 4 0 11 0.00 0.0 0 12.2 22 190 M M 0 31 210
21 93 65 79 7 0 14 0.00 0.0 0 10.4 18 210 M M 0 28 200
22 95 64 80 8 0 15 0.00 0.0 0 5.3 14 190 M M 1 20 200
23 98 68 83 11 0 18 0.00 0.0 0 4.9 14 150 M M 0 1 22 180
24 95 72 84 12 0 19 0.00 0.0 0 11.0 22 190 M M 0 30 190
25 95 71 83 11 0 18 0.00 0.0 0 14.4 23 200 M M 0 32 190
26 94 67 81 10 0 16 0.00 0.0 0 15.6 26 190 M M 0 36 180
27 95 65 80 9 0 15 0.00 0.0 0 8.0 16 210 M M 0 21 220
28 92 67 80 9 0 15 0.00 0.0 0 10.7 24 340 M M 0 31 360
29 81 53 67 -3 0 2 0.00 0.0 0 5.5 15 20 M M 0 20 20
30 85 54 70 0 0 5 T 0.0 0 14.0 26 170 M M 1 36 170
31 77 51 64 -6 1 0 0.14 0.0 0 10.7 29 330 M M 3 3 38 340
================================================================================
SM 2707 1912 3 305 1.94 0.0 294.4 M 52
================================================================================
AV 87.3 61.7 9.5 FASTST M M 2 MAX(MPH)
MISC ----> # 36 340 # 48 360
================================================================================
NOTES:
# LAST OF SEVERAL OCCURRENCES
COLUMN 17 PEAK WIND IN M.P.H.
PRELIMINARY LOCAL CLIMATOLOGICAL DATA (WS FORM: F-6) , PAGE 2
STATION: NORFOLK NE
MONTH: AUGUST
YEAR: 2020
LATITUDE: 41 58 N
LONGITUDE: 97 26 W
[TEMPERATURE DATA] [PRECIPITATION DATA] SYMBOLS USED IN COLUMN 16
AVERAGE MONTHLY: 74.5 TOTAL FOR MONTH: 1.94 1 = FOG OR MIST
DPTR FM NORMAL: 1.7 DPTR FM NORMAL: -1.31 2 = FOG REDUCING VISIBILITY
HIGHEST: 98 ON 23 GRTST 24HR 0.45 ON 10-10 TO 1/4 MILE OR LESS
LOWEST: 49 ON 4 3 = THUNDER
SNOW, ICE PELLETS, HAIL 4 = ICE PELLETS
TOTAL MONTH: 0.0 INCH 5 = HAIL
GRTST 24HR 0.0 6 = FREEZING RAIN OR DRIZZLE
GRTST DEPTH: 0 7 = DUSTSTORM OR SANDSTORM:
VSBY 1/2 MILE OR LESS
8 = SMOKE OR HAZE
[NO. OF DAYS WITH] [WEATHER - DAYS WITH] 9 = BLOWING SNOW
X = TORNADO
MAX 32 OR BELOW: 0 0.01 INCH OR MORE: 9
MAX 90 OR ABOVE: 11 0.10 INCH OR MORE: 6
MIN 32 OR BELOW: 0 0.50 INCH OR MORE: 0
MIN 0 OR BELOW: 0 1.00 INCH OR MORE: 0
[HDD (BASE 65) ]
TOTAL THIS MO. 3 CLEAR (SCALE 0-3) 25
DPTR FM NORMAL -9 PTCLDY (SCALE 4-7) 6
TOTAL FM JUL 1 3 CLOUDY (SCALE 8-10) 0
DPTR FM NORMAL -13
[CDD (BASE 65) ]
TOTAL THIS MO. 305
DPTR FM NORMAL 50 [PRESSURE DATA]
TOTAL FM JAN 1 1033 HIGHEST SLP 30.20 ON 17
DPTR FM NORMAL 217 LOWEST SLP 29.54 ON 30
[REMARKS]
#FINAL-08-20#