000
CXUS53 KOAX 011702
CF6OFK
PRELIMINARY LOCAL CLIMATOLOGICAL DATA (WS FORM: F-6)
STATION: NORFOLK NE
MONTH: OCTOBER
YEAR: 2023
LATITUDE: 41 58 N
LONGITUDE: 97 26 W
TEMPERATURE IN F: :PCPN: SNOW: WIND :SUNSHINE: SKY :PK WND
================================================================================
1 2 3 4 5 6A 6B 7 8 9 10 11 12 13 14 15 16 17 18
12Z AVG MX 2MIN
DY MAX MIN AVG DEP HDD CDD WTR SNW DPTH SPD SPD DIR MIN PSBL S-S WX SPD DR
================================================================================
1 93 72 83 25 0 18 0.00 0.0 0 14.8 28 170 M M 0 42 190
2 91 69 80 22 0 15 0.00 0.0 0 15.2 25 170 M M 0 36 190
3 82 57 70 13 0 5 0.84 0.0 0 13.9 26 210 M M 4 138 37 200
4 70 50 60 3 5 0 0.00 0.0 0 9.3 20 330 M M 1 24 310
5 69 48 59 3 6 0 0.00 0.0 0 12.1 29 320 M M 2 41 330
6 54 38 46 -10 19 0 T 0.0 0 16.2 32 330 M M 5 46 310
7 67 31 49 -6 16 0 0.00 0.0 0 5.4 20 210 M M 0 25 200
8 71 38 55 0 10 0 0.00 0.0 0 8.5 25 340 M M 0 32 340
9 65 37 51 -3 14 0 0.00 0.0 0 5.4 16 350 M M 0 22 350
10 71 34 53 -1 12 0 0.00 0.0 0 5.5 13 160 M M 0 18 170
11 74 45 60 7 5 0 0.39 0.0 0 11.1 28 90 M M 2 13 36 100
12 61 52 57 4 8 0 1.62 0.0 0 15.4 26 10 M M 10 13 36 140
13 60 47 54 2 11 0 0.26 0.0 0 17.7 33 330 M M 10 13 45 330
14 51 46 49 -3 16 0 0.04 0.0 0 12.6 24 340 M M 10 18 31 340
15 52 39 46 -5 19 0 0.00 0.0 0 9.9 17 330 M M 8 24 330
16 63 33 48 -3 17 0 0.00 0.0 0 3.6 9 290 M M 0 13 270
17 77 35 56 6 9 0 0.00 0.0 0 9.8 21 190 M M 0 29 170
18 66 52 59 9 6 0 0.07 0.0 0 14.2 30 330 M M 6 1 40 300
19 76 47 62 13 3 0 0.00 0.0 0 9.6 24 330 M M 2 33 340
20 84 44 64 15 1 0 0.00 0.0 0 5.7 16 310 M M 0 23 320
21 68 39 54 6 11 0 0.00 0.0 0 7.8 20 350 M M 0 25 350
22 65 38 52 4 13 0 0.03 0.0 0 7.5 17 120 M M 2 27 120
23 79 38 59 11 6 0 0.00 0.0 0 5.0 16 190 M M 2 23 190
24 70 50 60 13 5 0 0.01 0.0 0 9.4 20 190 M M 7 1 26 190
25 60 49 55 9 10 0 0.08 0.0 0 6.7 17 340 M M 10 12 22 340
26 62 38 50 4 15 0 3.19 0.0 0 12.0 26 320 M M 10 13 37 320
27 38 27 33 -13 32 0 T 0.0 0 18.3 31 320 M M 4 43 330
28 28 25 27 -18 38 0 0.06 0.7 T 10.6 18 350 M M 9 128 23 340
29 38 26 32 -13 33 0 0.03 0.1 T 12.0 23 320 M M 6 1 30 320
30 44 20 32 -12 33 0 0.00 0.0 0 12.6 33 340 M M 2 44 340
31 35 20 28 -16 37 0 0.00 0.0 0 12.9 30 330 M M 0 40 330
================================================================================
SM 1984 1284 410 38 6.62 0.8 330.7 M 112
================================================================================
AV 64.0 41.4 10.7 FASTST M M 4 MAX(MPH)
MISC ----> # 33 330 46 310
================================================================================
NOTES:
# LAST OF SEVERAL OCCURRENCES
COLUMN 17 PEAK WIND IN M.P.H.
PRELIMINARY LOCAL CLIMATOLOGICAL DATA (WS FORM: F-6) , PAGE 2
STATION: NORFOLK NE
MONTH: OCTOBER
YEAR: 2023
LATITUDE: 41 58 N
LONGITUDE: 97 26 W
[TEMPERATURE DATA] [PRECIPITATION DATA] SYMBOLS USED IN COLUMN 16
AVERAGE MONTHLY: 52.7 TOTAL FOR MONTH: 6.62 1 = FOG OR MIST
DPTR FM NORMAL: 1.9 DPTR FM NORMAL: 4.47 2 = FOG REDUCING VISIBILITY
HIGHEST: 93 ON 1 GRTST 24HR 3.27 ON 25-26 TO 1/4 MILE OR LESS
LOWEST: 20 ON 31,30 3 = THUNDER
SNOW, ICE PELLETS, HAIL 4 = ICE PELLETS
TOTAL MONTH: 0.8 INCH 5 = HAIL
GRTST 24HR 0.8 ON 28-29 6 = FREEZING RAIN OR DRIZZLE
GRTST DEPTH: T 7 = DUSTSTORM OR SANDSTORM:
VSBY 1/2 MILE OR LESS
8 = SMOKE OR HAZE
[NO. OF DAYS WITH] [WEATHER - DAYS WITH] 9 = BLOWING SNOW
X = TORNADO
MAX 32 OR BELOW: 1 0.01 INCH OR MORE: 12
MAX 90 OR ABOVE: 2 0.10 INCH OR MORE: 5
MIN 32 OR BELOW: 6 0.50 INCH OR MORE: 3
MIN 0 OR BELOW: 0 1.00 INCH OR MORE: 2
[HDD (BASE 65) ]
TOTAL THIS MO. 410 CLEAR (SCALE 0-3) 18
DPTR FM NORMAL -39 PTCLDY (SCALE 4-7) 7
TOTAL FM JUL 1 430 CLOUDY (SCALE 8-10) 6
DPTR FM NORMAL -149
[CDD (BASE 65) ]
TOTAL THIS MO. 38
DPTR FM NORMAL 28 [PRESSURE DATA]
TOTAL FM JAN 1 1226 HIGHEST SLP 30.54 ON 31
DPTR FM NORMAL 319 LOWEST SLP 29.38 ON 12
[REMARKS]
#FINAL-10-23#