000
CXUS53 KOAX 010930
CF6OFK
PRELIMINARY LOCAL CLIMATOLOGICAL DATA (WS FORM: F-6)
STATION: NORFOLK NE
MONTH: JULY
YEAR: 2023
LATITUDE: 41 58 N
LONGITUDE: 97 26 W
TEMPERATURE IN F: :PCPN: SNOW: WIND :SUNSHINE: SKY :PK WND
================================================================================
1 2 3 4 5 6A 6B 7 8 9 10 11 12 13 14 15 16 17 18
12Z AVG MX 2MIN
DY MAX MIN AVG DEP HDD CDD WTR SNW DPTH SPD SPD DIR MIN PSBL S-S WX SPD DR
================================================================================
1 76 64 70 -4 0 5 0.25 0.0 0 3.9 15 340 M M 5 138 25 350
2 87 59 73 -1 0 8 0.00 0.0 0 4.9 10 170 M M 0 1 15 200
3 91 64 78 4 0 13 0.00 0.0 0 8.2 17 210 M M 0 18 21 190
4 89 68 79 5 0 14 1.23 0.0 0 10.1 26 10 M M 4 13 37 360
5 74 57 66 -8 0 1 0.00 0.0 0 10.3 20 330 M M 4 26 20
6 78 50 64 -10 1 0 0.00 0.0 0 3.9 12 200 M M 1 14 190
7 68 60 64 -10 1 0 0.73 0.0 0 7.9 23 100 M M 10 138 31 100
8 78 52 65 -10 0 0 0.00 0.0 0 3.2 9 340 M M 6 1 13 320
9 83 54 69 -6 0 4 0.00 0.0 0 6.6 15 220 M M 1 23 230
10 89 64 77 2 0 12 0.74 0.0 0 11.0 37 340 M M 1 123 44 330
11 84 62 73 -2 0 8 0.00 0.0 0 7.2 15 110 M M 2 1 21 110
12 85 61 73 -2 0 8 0.73 0.0 0 7.3 41 330 M M 2 13 65 330
13 90 64 77 2 0 12 0.12 0.0 0 6.5 21 220 M M 1 13 31 260
14 83 62 73 -2 0 8 0.08 0.0 0 6.5 17 200 M M 1 1 22 300
15 86 62 74 -1 0 9 0.00 0.0 0 5.8 15 280 M M 0 18 19 290
16 85 63 74 -1 0 9 0.01 0.0 0 3.6 9 40 M M 3 138 14 20
17 77 62 70 -5 0 5 0.07 0.0 0 5.0 13 20 M M 2 138 17 30
18 80 61 71 -4 0 6 0.15 0.0 0 7.2 26 170 M M 3 13 35 180
19 79 65 72 -3 0 7 0.25 0.0 0 5.0 17 220 M M 3 138 21 220
20 81 63 72 -3 0 7 0.00 0.0 0 8.3 20 330 M M 1 27 330
21 84 59 72 -3 0 7 0.00 0.0 0 5.2 10 290 M M 2 18 14 260
22 90 59 75 0 0 10 0.00 0.0 0 3.2 13 220 M M 0 18 16 220
23 89 59 74 -1 0 9 0.00 0.0 0 5.1 14 170 M M 0 1 18 160
24 92 68 80 5 0 15 0.00 0.0 0 8.0 30 60 M M 0 3 38 60
25 91 73 82 7 0 17 0.11 0.0 0 7.7 24 280 M M 1 138 33 290
26 101 71 86 11 0 21 0.00 0.0 0 5.6 13 320 M M 0 12 17 320
27 97 75 86 11 0 21 0.00 0.0 0 8.0 16 200 M M 0 1 23 210
28 98 72 85 10 0 20 T 0.0 0 6.3 18 20 M M 0 23 340
29 88 69 79 4 0 14 0.09 0.0 0 8.0 17 140 M M 1 1 23 140
30 88 64 76 1 0 11 T 0.0 0 7.7 17 120 M M 2 3 23 120
31 83 68 76 1 0 11 0.81 0.0 0 7.8 20 160 M M 4 13 25 160
================================================================================
SM 2644 1954 2 292 5.37 0.0 205.0 M 60
================================================================================
AV 85.3 63.0 6.6 FASTST M M 2 MAX(MPH)
MISC ----> 41 330 65 330
================================================================================
NOTES:
# LAST OF SEVERAL OCCURRENCES
COLUMN 17 PEAK WIND IN M.P.H.
PRELIMINARY LOCAL CLIMATOLOGICAL DATA (WS FORM: F-6) , PAGE 2
STATION: NORFOLK NE
MONTH: JULY
YEAR: 2023
LATITUDE: 41 58 N
LONGITUDE: 97 26 W
[TEMPERATURE DATA] [PRECIPITATION DATA] SYMBOLS USED IN COLUMN 16
AVERAGE MONTHLY: 74.2 TOTAL FOR MONTH: 5.37 1 = FOG OR MIST
DPTR FM NORMAL: -0.6 DPTR FM NORMAL: 2.39 2 = FOG REDUCING VISIBILITY
HIGHEST: 101 ON 26 GRTST 24HR 1.23 ON 4- 4 TO 1/4 MILE OR LESS
LOWEST: 50 ON 6 3 = THUNDER
SNOW, ICE PELLETS, HAIL 4 = ICE PELLETS
TOTAL MONTH: 0.0 INCH 5 = HAIL
GRTST 24HR 0.0 6 = FREEZING RAIN OR DRIZZLE
GRTST DEPTH: 0 7 = DUSTSTORM OR SANDSTORM:
VSBY 1/2 MILE OR LESS
8 = SMOKE OR HAZE
[NO. OF DAYS WITH] [WEATHER - DAYS WITH] 9 = BLOWING SNOW
X = TORNADO
MAX 32 OR BELOW: 0 0.01 INCH OR MORE: 14
MAX 90 OR ABOVE: 8 0.10 INCH OR MORE: 10
MIN 32 OR BELOW: 0 0.50 INCH OR MORE: 5
MIN 0 OR BELOW: 0 1.00 INCH OR MORE: 1
[HDD (BASE 65) ]
TOTAL THIS MO. 2 CLEAR (SCALE 0-3) 25
DPTR FM NORMAL -2 PTCLDY (SCALE 4-7) 5
TOTAL FM JUL 1 2 CLOUDY (SCALE 8-10) 1
DPTR FM NORMAL 2
[CDD (BASE 65) ]
TOTAL THIS MO. 292
DPTR FM NORMAL -16 [PRESSURE DATA]
TOTAL FM JAN 1 699 HIGHEST SLP 30.21 ON 29
DPTR FM NORMAL 138 LOWEST SLP 29.67 ON 12
[REMARKS]
#FINAL-07-23#