000
CXUS52 KCAE 011500
CF6OGB
PRELIMINARY LOCAL CLIMATOLOGICAL DATA (WS FORM: F-6)
STATION: ORANGEBURG AIRPORT SC
MONTH: DECEMBER
YEAR: 2021
LATITUDE: 33 27 N
LONGITUDE: 80 51 W
TEMPERATURE IN F: :PCPN: SNOW: WIND :SUNSHINE: SKY :PK WND
================================================================================
1 2 3 4 5 6A 6B 7 8 9 10 11 12 13 14 15 16 17 18
12Z AVG MX 2MIN
DY MAX MIN AVG DEP HDD CDD WTR SNW DPTH SPD SPD DIR MIN PSBL S-S WX SPD DR
================================================================================
1 70 33 52 0 13 0 0.00 M M 3.7 15 200 M M 0 19 200
2 74 36 55 3 10 0 0.00 M M 4.7 21 270 M M 0 1 26 270
3 79 42 61 9 4 0 0.00 M M 2.5 10 210 M M 0 1 13 210
4 74 42 58 6 7 0 0.00 M M 2.5 12 240 M M 0 1 15 230
5 69 44 57 6 8 0 0.00 M M 1.2 7 50 M M 6 128 9 40
6 74 47 61 10 4 0 0.00 M M 4.9 18 230 M M 5 12 22 220
7 61 53 57 6 8 0 0.00 M M 6.0 16 20 M M 9 22 10
8 54 45 50 -1 15 0 0.52 M M 3.5 16 350 M M 10 13 24 360
9 53 43 48 -3 17 0 0.00 M M 2.9 10 40 M M 7 12 14 90
10 55 44 50 0 15 0 M M M 2.4 7 40 M M 8 12 9 30
11 77 53 65 15 0 0 0.01 M M 6.9 25 300 M M 8 12 33 290
12 62 37 50 0 15 0 M M M 6.2 18 40 M M 2 24 50
13 65 34 50 0 15 0 0.00 M M 1.9 8 20 M M 2 1 14 20
14 66 35 51 1 14 0 0.00 M M 2.2 9 40 M M 1 18 12 70
15 66 43 55 5 10 0 0.00 M M 4.5 10 40 M M 2 14 70
16 69 42 56 6 9 0 T M M 1.0 8 300 M M 7 12 10 310
17 70 57 64 15 1 0 0.00 M M 1.2 9 210 M M 9 12 11 200
18 79 57 68 19 0 3 T M M 5.1 20 200 M M 7 12 24 200
19 68 44 56 7 9 0 M M M 7.8 22 20 M M 10 1 28 60
20 46 36 41 -8 24 0 0.00 M M 9.0 16 40 M M 0 22 30
21 46 39 43 -6 22 0 T M M 8.8 16 20 M M 10 1 24 20
22 61 39 50 1 15 0 T M M 5.2 13 280 M M 4 1 16 310
23 56 30 43 -5 22 0 0.00 M M 1.6 12 50 M M 0 18 17 60
24 65 30 48 0 17 0 0.00 M M 3.5 14 220 M M 0 1 18 220
25 73 45 59 11 6 0 0.00 M M 11.3 25 230 M M 0 33 230
26 78 53 66 18 0 1 0.00 M M 5.2 13 280 M M 1 16 270
27 76 49 63 15 2 0 0.00 M M 7.0 25 240 M M 5 12 33 250
28 78 60 69 21 0 4 0.00 M M 9.4 18 230 M M 7 1 26 250
29 77 57 67 19 0 2 T M M 8.7 20 220 M M 5 1 25 220
30 76 62 69 21 0 4 M M M 5.8 17 200 M M 9 138 23 190
31 77 57 67 19 0 2 0.00 M M 6.0 14 220 M M 5 12 20 260
================================================================================
SM 2094 1388 282 16 0.53 M 152.6 M 139
================================================================================
AV 67.5 44.8 4.9 FASTST M M 4 MAX(MPH)
MISC ----> # 25 300 # 33 290
================================================================================
NOTES:
# LAST OF SEVERAL OCCURRENCES
COLUMN 17 PEAK WIND IN M.P.H.
PRELIMINARY LOCAL CLIMATOLOGICAL DATA (WS FORM: F-6) , PAGE 2
STATION: ORANGEBURG AIRPORT SC
MONTH: DECEMBER
YEAR: 2021
LATITUDE: 33 27 N
LONGITUDE: 80 51 W
[TEMPERATURE DATA] [PRECIPITATION DATA] SYMBOLS USED IN COLUMN 16
AVERAGE MONTHLY: 56.2 TOTAL FOR MONTH: 0.53 1 = FOG OR MIST
DPTR FM NORMAL: 6.6 DPTR FM NORMAL: -2.70 2 = FOG REDUCING VISIBILITY
HIGHEST: 79 ON 18, 3 GRTST 24HR 0.52 ON 8- 8 TO 1/4 MILE OR LESS
LOWEST: 30 ON 24,23 3 = THUNDER
SNOW, ICE PELLETS, HAIL 4 = ICE PELLETS
TOTAL MONTH: M 5 = HAIL
GRTST 24HR M ON M 6 = FREEZING RAIN OR DRIZZLE
GRTST DEPTH: M ON M 7 = DUSTSTORM OR SANDSTORM:
VSBY 1/2 MILE OR LESS
8 = SMOKE OR HAZE
[NO. OF DAYS WITH] [WEATHER - DAYS WITH] 9 = BLOWING SNOW
X = TORNADO
MAX 32 OR BELOW: 0 0.01 INCH OR MORE: 2
MAX 90 OR ABOVE: 0 0.10 INCH OR MORE: 1
MIN 32 OR BELOW: 2 0.50 INCH OR MORE: 1
MIN 0 OR BELOW: 0 1.00 INCH OR MORE: 0
[HDD (BASE 65) ]
TOTAL THIS MO. 282 CLEAR (SCALE 0-3) 13
DPTR FM NORMAL -200 PTCLDY (SCALE 4-7) 11
TOTAL FM JUL 1 696 CLOUDY (SCALE 8-10) 7
DPTR FM NORMAL -159
[CDD (BASE 65) ]
TOTAL THIS MO. 16
DPTR FM NORMAL 10 [PRESSURE DATA]
TOTAL FM JAN 1 2209 HIGHEST SLP 30.50 ON 15
DPTR FM NORMAL -25 LOWEST SLP 29.75 ON 22
[REMARKS]
#FINAL-12-21#