000
CXUS52 KCAE 011500
CF6OGB
PRELIMINARY LOCAL CLIMATOLOGICAL DATA (WS FORM: F-6)
STATION: ORANGEBURG AIRPORT SC
MONTH: FEBRUARY
YEAR: 2024
LATITUDE: 33 27 N
LONGITUDE: 80 51 W
TEMPERATURE IN F: :PCPN: SNOW: WIND :SUNSHINE: SKY :PK WND
================================================================================
1 2 3 4 5 6A 6B 7 8 9 10 11 12 13 14 15 16 17 18
12Z AVG MX 2MIN
DY MAX MIN AVG DEP HDD CDD WTR SNW DPTH SPD SPD DIR MIN PSBL S-S WX SPD DR
================================================================================
1 64 35 50 2 15 0 0.00 M M 2.9 14 220 M M 0 1 22 240
2 72 39 56 8 9 0 0.00 M M 2.5 14 40 M M 0 1 19 40
3 61 42 52 4 13 0 0.00 M M 6.4 15 50 M M 0 23 50
4 54 37 46 -3 19 0 0.09 M M 8.5 18 50 M M 2 31 70
5 60 43 52 3 13 0 0.47 M M 10.5 21 40 M M 7 1 34 40
6 59 43 51 2 14 0 0.00 M M 10.3 22 10 M M 0 35 10
7 60 35 48 -1 17 0 0.00 M M 5.0 16 50 M M 0 24 50
8 62 32 47 -2 18 0 0.00 M M 1.1 8 120 M M 0 13 110
9 67 42 55 6 10 0 0.00 M M 1.2 8 220 M M 0 1 11 190
10 74 49 62 12 3 0 0.00 M M 4.7 20 220 M M 6 128 27 210
11 68 57 63 13 2 0 0.30 M M 6.9 17 180 M M 8 1 23 240
12 65 60 63 13 2 0 1.68 M M 5.9 17 230 M M 10 1 25 240
13 66 48 57 7 8 0 T M M 11.7 32 270 M M 2 43 280
14 67 38 53 3 12 0 0.00 M M 2.5 8 250 M M 0 12 240
15 73 40 57 7 8 0 0.00 M M 5.9 21 250 M M 0 28 240
16 70 45 58 7 7 0 0.00 M M 4.1 13 220 M M 0 18 230
17 63 50 57 6 8 0 0.00 M M 7.9 14 290 M M 3 19 270
18 51 40 46 -5 19 0 0.00 M M 3.9 10 60 M M 0 17 360
19 60 33 47 -4 18 0 0.00 M M 2.5 13 70 M M 2 1 19 60
20 63 32 48 -4 17 0 0.00 M M 2.3 12 60 M M 0 19 130
21 65 35 50 -2 15 0 0.00 M M 3.2 12 30 M M 0 8 15 320
22 71 35 53 1 12 0 0.00 M M 6.9 17 210 M M 0 18 25 200
23 75 48 62 10 3 0 T M M 12.0 23 270 M M 5 34 300
24 69 49 59 7 6 0 T M M 10.2 25 240 M M 2 38 280
25 61 35 48 -4 17 0 0.00 M M 2.4 13 30 M M 0 17 30
26 74 36 55 2 10 0 0.00 M M 6.1 15 190 M M 0 M M
27 76 46 61 8 4 0 0.00 M M 8.7 18 180 M M 2 25 180
28 80 57 69 16 0 4 0.16 M M 13.6 31 230 M M 4 44 230
29 59 46 53 0 12 0 0.00 M M 7.4 14 10 M M 1 22 40
================================================================================
SM 1909 1227 311 4 2.70 M 177.2 M 54
================================================================================
AV 65.8 42.3 6.1 FASTST M M 2 MAX(MPH)
MISC ----> 32 270 44 230
================================================================================
NOTES:
# LAST OF SEVERAL OCCURRENCES
COLUMN 17 PEAK WIND IN M.P.H.
PRELIMINARY LOCAL CLIMATOLOGICAL DATA (WS FORM: F-6) , PAGE 2
STATION: ORANGEBURG AIRPORT SC
MONTH: FEBRUARY
YEAR: 2024
LATITUDE: 33 27 N
LONGITUDE: 80 51 W
[TEMPERATURE DATA] [PRECIPITATION DATA] SYMBOLS USED IN COLUMN 16
AVERAGE MONTHLY: 54.1 TOTAL FOR MONTH: 2.70 1 = FOG OR MIST
DPTR FM NORMAL: 3.6 DPTR FM NORMAL: -0.64 2 = FOG REDUCING VISIBILITY
HIGHEST: 80 ON 28 GRTST 24HR 1.81 ON 11-12 TO 1/4 MILE OR LESS
LOWEST: 32 ON 20, 8 3 = THUNDER
SNOW, ICE PELLETS, HAIL 4 = ICE PELLETS
TOTAL MONTH: M 5 = HAIL
GRTST 24HR M ON M 6 = FREEZING RAIN OR DRIZZLE
GRTST DEPTH: M ON M 7 = DUSTSTORM OR SANDSTORM:
VSBY 1/2 MILE OR LESS
8 = SMOKE OR HAZE
[NO. OF DAYS WITH] [WEATHER - DAYS WITH] 9 = BLOWING SNOW
X = TORNADO
MAX 32 OR BELOW: 0 0.01 INCH OR MORE: 5
MAX 90 OR ABOVE: 0 0.10 INCH OR MORE: 4
MIN 32 OR BELOW: 2 0.50 INCH OR MORE: 1
MIN 0 OR BELOW: 0 1.00 INCH OR MORE: 1
[HDD (BASE 65) ]
TOTAL THIS MO. 311 CLEAR (SCALE 0-3) 23
DPTR FM NORMAL -101 PTCLDY (SCALE 4-7) 5
TOTAL FM JUL 1 1416 CLOUDY (SCALE 8-10) 1
DPTR FM NORMAL -425
[CDD (BASE 65) ]
TOTAL THIS MO. 4
DPTR FM NORMAL -2 [PRESSURE DATA]
TOTAL FM JAN 1 24 HIGHEST SLP 30.45 ON 29
DPTR FM NORMAL 14 LOWEST SLP 29.53 ON 23
[REMARKS]
#FINAL-02-24#