000
CXUS52 KCAE 031424
CLMOGB
CLIMATE REPORT
NATIONAL WEATHER SERVICE COLUMBIA SC
1024 AM EDT MON APR 03 2023
...................................
...THE ORANGEBURG AIRPORT SC CLIMATE SUMMARY FOR THE MONTH OF MARCH 2023...
CLIMATE NORMAL PERIOD: 1991 TO 2020
CLIMATE RECORD PERIOD: 9999 TO 9999
WEATHER OBSERVED NORMAL DEPART LAST YEAR`S
VALUE DATE(S) VALUE FROM VALUE
NORMAL
..............................................................
TEMPERATURE (F)
HIGHEST 85 03/24 MM MM
LOWEST 29 03/15 MM MM
AVG. MAXIMUM 69.9 68.7 1.2
AVG. MINIMUM 48.2 45.4 2.8
MEAN 59.0 57.1 1.9
DAYS MAX >= 90 0 0.0 0.0
DAYS MAX <= 32 0 0.0 0.0
DAYS MIN <= 32 3 2.9 0.1
DAYS MIN <= 0 0 0.0 0.0
PRECIPITATION (INCHES)
TOTALS 2.26 3.60 -1.34
DAYS >= .01 10 9.4 0.6
DAYS >= .10 7 5.8 1.2
DAYS >= .50 1 2.2 -1.2
DAYS >= 1.00 0 0.7 -0.7
GREATEST
24 HR. TOTAL 0.64 03/26 TO 03/27
DAYS >= TRACE MM
DEGREE DAYS
HEATING TOTAL 220 270 -50
SINCE 7/1 1666 2088 -422
COOLING TOTAL 41 23 18
SINCE 1/1 76 33 43
..............................................................
WIND (MPH)
AVERAGE WIND SPEED 6.5
RESULTANT WIND SPEED/DIRECTION 2/230
HIGHEST WIND SPEED/DIRECTION 33/220 DATE 03/03
HIGHEST GUST SPEED/DIRECTION 41/230 DATE 03/03
SKY COVER
POSSIBLE SUNSHINE (PERCENT) MM
AVERAGE SKY COVER 0.29
NUMBER OF DAYS FAIR 20
NUMBER OF DAYS PC 7
NUMBER OF DAYS CLOUDY 4
AVERAGE RH (PERCENT) 66
WEATHER CONDITIONS. NUMBER OF DAYS WITH
THUNDERSTORM 2 MIXED PRECIP 0
HEAVY RAIN 4 RAIN 7
LIGHT RAIN 9 FREEZING RAIN 0
LT FREEZING RAIN 0 HAIL 0
HEAVY SNOW 0 SNOW 0
LIGHT SNOW 0 SLEET 0
FOG 14 FOG W/VIS <= 1/4 MILE 2
HAZE 3
- INDICATES NEGATIVE NUMBERS.
R INDICATES RECORD WAS SET OR TIED.
MM INDICATES DATA IS MISSING.
T INDICATES TRACE AMOUNT.
$$