000
CXHW52 PHFO 011250
CF6OGG
PRELIMINARY LOCAL CLIMATOLOGICAL DATA (WS FORM: F-6)
STATION: KAHULUI HI
MONTH: JUNE
YEAR: 2023
LATITUDE: 20 53 N
LONGITUDE: 156 26 W
TEMPERATURE IN F: :PCPN: SNOW: WIND :SUNSHINE: SKY :PK WND
================================================================================
1 2 3 4 5 6A 6B 7 8 9 10 11 12 13 14 15 16 17 18
12Z AVG MX 2MIN
DY MAX MIN AVG DEP HDD CDD WTR SNW DPTH SPD SPD DIR MIN PSBL S-S WX SPD DR
================================================================================
1 88 65 77 -1 0 12 0.00 M M 13.2 28 40 M M 3 35 80
2 85 73 79 1 0 14 0.00 M M 14.8 25 30 M M 3 30 20
3 86 64 75 -3 0 10 0.00 M M 13.6 26 30 M M 3 30 40
4 87 65 76 -3 0 11 0.00 M M 12.4 26 40 M M 2 32 40
5 87 64 76 -3 0 11 0.00 M M 13.4 29 40 M M 2 33 40
6 86 69 78 -1 0 13 0.00 M M 12.0 28 40 M M 3 34 30
7 90 64 77 -2 0 12 0.00 M M 9.3 26 40 M M 1 30 40
8 89 65 77 -2 0 12 T M M 13.5 31 40 M M 2 37 40
9 89 73 81 2 0 16 0.00 M M 17.9 33 40 M M 1 41 50
10 90 71 81 2 0 16 0.00 M M 18.6 31 40 M M 2 39 50
11 88 71 80 1 0 15 T M M 17.1 30 60 M M 2 39 50
12 90 71 81 2 0 16 0.00 M M 16.3 29 30 M M 3 35 40
13 89 73 81 2 0 16 T M M 16.3 28 50 M M 4 38 50
14 90 68 79 0 0 14 0.00 M M 13.5 28 40 M M 2 37 80
15 90 66 78 -1 0 13 T M M 13.1 29 50 M M 2 36 50
16 89 71 80 1 0 15 0.00 M M 13.7 26 60 M M 2 34 60
17 90 66 78 -2 0 13 0.00 M M 10.8 24 50 M M 3 33 40
18 88 68 78 -2 0 13 0.00 M M 14.3 30 40 M M 3 35 40
19 87 70 79 -1 0 14 0.00 M M 13.6 25 40 M M 3 30 40
20 89 63 76 -4 0 11 0.00 M M 10.6 25 40 M M 2 8 30 40
21 89 68 79 -1 0 14 0.00 M M 15.3 33 40 M M 2 39 40
22 88 72 80 0 0 15 T M M 18.7 31 40 M M 3 39 50
23 89 75 82 2 0 17 T M M 19.0 36 70 M M 3 44 50
24 87 72 80 0 0 15 T M M 18.4 35 40 M M 4 1 42 70
25 88 72 80 0 0 15 0.02 M M 17.1 31 40 M M 4 8 40 60
26 87 71 79 -1 0 14 0.03 M M 16.9 31 70 M M 3 1 40 80
27 88 72 80 0 0 15 0.06 M M 16.2 28 50 M M 4 1 36 50
28 87 72 80 0 0 15 0.01 M M 16.0 28 70 M M 4 1 36 60
29 88 73 81 1 0 16 0.00 M M 16.1 30 40 M M 4 36 40
30 87 73 80 0 0 15 T M M 15.4 26 30 M M 5 1 31 30
================================================================================
SM 2645 2080 0 418 0.12 M 447.1 M 84
================================================================================
AV 88.2 69.3 14.9 FASTST M M 3 MAX(MPH)
MISC ----> 36 70 44 50
================================================================================
NOTES:
# LAST OF SEVERAL OCCURRENCES
COLUMN 17 PEAK WIND IN M.P.H.
PRELIMINARY LOCAL CLIMATOLOGICAL DATA (WS FORM: F-6) , PAGE 2
STATION: KAHULUI HI
MONTH: JUNE
YEAR: 2023
LATITUDE: 20 53 N
LONGITUDE: 156 26 W
[TEMPERATURE DATA] [PRECIPITATION DATA] SYMBOLS USED IN COLUMN 16
AVERAGE MONTHLY: 78.8 TOTAL FOR MONTH: 0.12 1 = FOG OR MIST
DPTR FM NORMAL: -0.6 DPTR FM NORMAL: -0.05 2 = FOG REDUCING VISIBILITY
HIGHEST: 90 ON 17,15 GRTST 24HR 0.09 ON 26-27 TO 1/4 MILE OR LESS
LOWEST: 63 ON 20 3 = THUNDER
SNOW, ICE PELLETS, HAIL 4 = ICE PELLETS
TOTAL MONTH: M 5 = HAIL
GRTST 24HR M ON M 6 = FREEZING RAIN OR DRIZZLE
GRTST DEPTH: M ON M 7 = DUSTSTORM OR SANDSTORM:
VSBY 1/2 MILE OR LESS
8 = SMOKE OR HAZE
[NO. OF DAYS WITH] [WEATHER - DAYS WITH] 9 = BLOWING SNOW
X = TORNADO
MAX 32 OR BELOW: 0 0.01 INCH OR MORE: 4
MAX 90 OR ABOVE: 6 0.10 INCH OR MORE: 0
MIN 32 OR BELOW: 0 0.50 INCH OR MORE: 0
MIN 0 OR BELOW: 0 1.00 INCH OR MORE: 0
[HDD (BASE 65) ]
TOTAL THIS MO. 0 CLEAR (SCALE 0-3) 19
DPTR FM NORMAL 0 PTCLDY (SCALE 4-7) 11
TOTAL FM JUL 1 0 CLOUDY (SCALE 8-10) 0
DPTR FM NORMAL 0
[CDD (BASE 65) ]
TOTAL THIS MO. 418
DPTR FM NORMAL -11 [PRESSURE DATA]
TOTAL FM JAN 1 1865 HIGHEST SLP 30.17 ON 25
DPTR FM NORMAL -3 LOWEST SLP 29.91 ON 16
[REMARKS]
#FINAL-06-23#