000
CXUS53 KEAX 010736
CF6OJC
PRELIMINARY LOCAL CLIMATOLOGICAL DATA (WS FORM: F-6)
STATION: JOHNSON COUNTY EXECUTIVE KS
MONTH: AUGUST
YEAR: 2021
LATITUDE: 38 50 N
LONGITUDE: 94 44 W
TEMPERATURE IN F: :PCPN: SNOW: WIND :SUNSHINE: SKY :PK WND
================================================================================
1 2 3 4 5 6A 6B 7 8 9 10 11 12 13 14 15 16 17 18
12Z AVG MX 2MIN
DY MAX MIN AVG DEP HDD CDD WTR SNW DPTH SPD SPD DIR MIN PSBL S-S WX SPD DR
================================================================================
1 85 68 77 -2 0 12 0.00 M M 8.1 20 10 M M 1 18 27 20
2 84 64 74 -5 0 9 0.00 M M 5.8 14 70 M M 3 8 19 50
3 83 62 73 -6 0 8 0.00 M M 5.8 12 80 M M 1 16 80
4 83 61 72 -7 0 7 0.00 M M 6.0 13 150 M M 1 18 160
5 83 68 76 -3 0 11 T M M 9.0 16 240 M M 5 26 250
6 89 67 78 -1 0 13 0.00 M M 8.7 16 160 M M 0 25 180
7 93 72 83 5 0 18 0.00 M M 12.5 23 170 M M 0 34 170
8 88 68 78 0 0 13 0.11 M M 6.6 16 210 M M 4 13 24 190
9 94 76 85 7 0 20 0.00 M M 8.9 17 180 M M 1 26 170
10 92 73 83 5 0 18 0.72 M M 11.5 24 170 M M 2 13 34 200
11 94 77 86 8 0 21 0.00 M M 12.2 22 200 M M 0 32 200
12 97 68 83 5 0 18 3.44 M M 9.5 37 360 M M 2 138 58 360
13 81 67 74 -4 0 9 1.34 M M 7.2 17 30 M M 7 13 24 200
14 85 66 76 -2 0 11 0.00 M M 5.0 12 130 M M 1 19 170
15 83 64 74 -4 0 9 0.00 M M 5.8 14 120 M M 0 19 100
16 84 65 75 -2 0 10 0.00 M M 6.1 12 150 M M 2 16 150
17 88 67 78 1 0 13 0.58 M M 6.1 26 200 M M 1 13 45 200
18 87 68 78 1 0 13 0.00 M M 6.8 15 140 M M 1 21 160
19 87 71 79 2 0 14 0.00 M M 7.1 13 170 M M 5 1 19 160
20 86 68 77 0 0 12 1.62 M M 10.1 31 350 M M 4 13 46 340
21 84 69 77 1 0 12 0.31 M M 6.7 18 300 M M 3 13 27 290
22 86 66 76 0 0 11 0.00 M M 8.1 15 160 M M 0 20 170
23 92 76 84 8 0 19 0.00 M M 8.2 16 180 M M 0 23 210
24 92 73 83 7 0 18 0.00 M M 10.3 23 170 M M 0 31 170
25 90 74 82 6 0 17 0.00 M M 7.8 16 110 M M 1 23 110
26 92 75 84 9 0 19 0.00 M M 6.5 14 190 M M 1 19 160
27 91 73 82 7 0 17 0.00 M M 8.6 23 200 M M 0 31 190
28 89 73 81 6 0 16 0.00 M M 8.9 18 160 M M 0 25 140
29 87 71 79 5 0 14 0.00 M M 5.5 17 180 M M 2 23 180
30 88 71 80 6 0 15 0.00 M M 3.6 10 160 M M 1 15 120
31 83 66 75 1 0 10 0.59 M M 8.2 29 340 M M 4 138 46 340
================================================================================
SM 2720 2147 0 427 8.71 M 241.2 M 53
================================================================================
AV 87.7 69.3 7.8 FASTST M M 2 MAX(MPH)
MISC ----> 37 360 58 360
================================================================================
NOTES:
# LAST OF SEVERAL OCCURRENCES
COLUMN 17 PEAK WIND IN M.P.H.
PRELIMINARY LOCAL CLIMATOLOGICAL DATA (WS FORM: F-6) , PAGE 2
STATION: JOHNSON COUNTY EXECUTIVE KS
MONTH: AUGUST
YEAR: 2021
LATITUDE: 38 50 N
LONGITUDE: 94 44 W
[TEMPERATURE DATA] [PRECIPITATION DATA] SYMBOLS USED IN COLUMN 16
AVERAGE MONTHLY: 78.5 TOTAL FOR MONTH: 8.71 1 = FOG OR MIST
DPTR FM NORMAL: 1.5 DPTR FM NORMAL: 4.33 2 = FOG REDUCING VISIBILITY
HIGHEST: 97 ON 12 GRTST 24HR 4.78 ON 12-13 TO 1/4 MILE OR LESS
LOWEST: 61 ON 4 3 = THUNDER
SNOW, ICE PELLETS, HAIL 4 = ICE PELLETS
TOTAL MONTH: M 5 = HAIL
GRTST 24HR M ON M 6 = FREEZING RAIN OR DRIZZLE
GRTST DEPTH: M ON M 7 = DUSTSTORM OR SANDSTORM:
VSBY 1/2 MILE OR LESS
8 = SMOKE OR HAZE
[NO. OF DAYS WITH] [WEATHER - DAYS WITH] 9 = BLOWING SNOW
X = TORNADO
MAX 32 OR BELOW: 0 0.01 INCH OR MORE: 8
MAX 90 OR ABOVE: 10 0.10 INCH OR MORE: 8
MIN 32 OR BELOW: 0 0.50 INCH OR MORE: 6
MIN 0 OR BELOW: 0 1.00 INCH OR MORE: 3
[HDD (BASE 65) ]
TOTAL THIS MO. 0 CLEAR (SCALE 0-3) 25
DPTR FM NORMAL -1 PTCLDY (SCALE 4-7) 6
TOTAL FM JUL 1 0 CLOUDY (SCALE 8-10) 0
DPTR FM NORMAL 0
[CDD (BASE 65) ]
TOTAL THIS MO. 427
DPTR FM NORMAL 54 [PRESSURE DATA]
TOTAL FM JAN 1 1289 HIGHEST SLP M ON M
DPTR FM NORMAL 118 LOWEST SLP 29.69 ON 20
[REMARKS]
#FINAL-08-21#