000
CXUS55 KEAX 010736
CF6OJC
PRELIMINARY LOCAL CLIMATOLOGICAL DATA (WS FORM: F-6)
STATION: JOHNSON COUNTY EXECUTIVE KS
MONTH: MARCH
YEAR: 2020
LATITUDE: 38 50 N
LONGITUDE: 94 44 W
TEMPERATURE IN F: :PCPN: SNOW: WIND :SUNSHINE: SKY :PK WND
================================================================================
1 2 3 4 5 6A 6B 7 8 9 10 11 12 13 14 15 16 17 18
12Z AVG MX 2MIN
DY MAX MIN AVG DEP HDD CDD WTR SNW DPTH SPD SPD DIR MIN PSBL S-S WX SPD DR
================================================================================
1 63 47 55 16 10 0 0.00 M M 10.5 22 200 M M 3 32 200
2 53 34 44 4 21 0 0.00 M M 7.1 22 10 M M 1 29 360
3 60 35 48 8 17 0 0.00 M M 7.9 17 280 M M 0 24 250
4 57 38 48 8 17 0 0.00 M M 5.6 15 310 M M 1 23 240
5 58 39 49 8 16 0 0.00 M M 14.1 30 320 M M 0 45 300
6 55 28 42 1 23 0 0.00 M M 6.8 15 340 M M 0 23 340
7 66 34 50 8 15 0 0.00 M M 13.7 26 170 M M 0 37 170
8 68 46 57 15 8 0 0.08 M M 17.9 33 200 M M 2 1 48 200
9 59 35 47 5 18 0 1.16 M M 14.0 23 310 M M 10 13 35 180
10 49 33 41 -2 24 0 0.00 M M 5.9 14 320 M M 6 1 20 320
11 66 40 53 10 12 0 0.00 M M 5.0 16 180 M M 1 1 23 180
12 66 44 55 11 10 0 0.00 M M 11.0 24 320 M M 5 3 36 340
13 44 38 41 -3 24 0 T M M 9.7 17 50 M M 7 26 350
14 41 34 38 -6 27 0 0.44 M M 12.3 21 100 M M 10 1 31 80
15 37 32 35 -10 30 0 T M M 8.7 16 50 M M 10 1 23 50
16 44 35 40 -5 25 0 0.14 M M 4.0 9 30 M M 10 1 12 80
17 49 40 45 0 20 0 0.07 M M 8.1 14 150 M M 10 1 19 130
18 61 46 54 8 11 0 0.41 M M 6.9 14 160 M M 10 18 20 130
19 70 49 60 14 5 0 0.14 M M 12.3 25 330 M M 7 13 37 320
20 49 29 39 -7 26 0 T M M 15.9 30 350 M M 5 1 43 360
21 45 24 35 -12 30 0 0.00 M M 6.3 12 140 M M 2 17 150
22 44 36 40 -7 25 0 0.21 M M 8.2 14 140 M M 10 18 19 90
23 51 41 46 -2 19 0 0.02 M M 6.3 21 130 M M 10 128 30 120
24 54 43 49 1 16 0 0.04 M M 8.5 20 60 M M 9 1 25 70
25 70 43 57 9 8 0 0.00 M M 9.9 22 170 M M 5 12 30 180
26 71 52 62 14 3 0 1.41 M M 7.6 21 80 M M 2 13 27 40
27 67 52 60 11 5 0 0.54 M M 5.8 26 300 M M 7 13 46 290
28 74 45 60 11 5 0 0.01 M M 15.7 31 220 M M 6 12 52 210
29 66 43 55 5 10 0 0.00 M M 9.1 22 260 M M 1 34 270
30 68 41 55 5 10 0 0.00 M M 7.2 14 100 M M 1 8 21 110
31 68 49 59 9 6 0 0.00 M M 5.7 15 320 M M 3 21 360
================================================================================
SM 1793 1225 496 0 4.67 M 287.7 M 154
================================================================================
AV 57.8 39.5 9.3 FASTST M M 5 MAX(MPH)
MISC ----> 33 200 52 210
================================================================================
NOTES:
# LAST OF SEVERAL OCCURRENCES
COLUMN 17 PEAK WIND IN M.P.H.
PRELIMINARY LOCAL CLIMATOLOGICAL DATA (WS FORM: F-6) , PAGE 2
STATION: JOHNSON COUNTY EXECUTIVE KS
MONTH: MARCH
YEAR: 2020
LATITUDE: 38 50 N
LONGITUDE: 94 44 W
[TEMPERATURE DATA] [PRECIPITATION DATA] SYMBOLS USED IN COLUMN 16
AVERAGE MONTHLY: 48.7 TOTAL FOR MONTH: 4.67 1 = FOG OR MIST
DPTR FM NORMAL: 3.8 DPTR FM NORMAL: 2.04 2 = FOG REDUCING VISIBILITY
HIGHEST: 74 ON 28 GRTST 24HR 1.95 ON 26-27 TO 1/4 MILE OR LESS
LOWEST: 24 ON 21 3 = THUNDER
SNOW, ICE PELLETS, HAIL 4 = ICE PELLETS
TOTAL MONTH: M 5 = HAIL
GRTST 24HR M ON M 6 = FREEZING RAIN OR DRIZZLE
GRTST DEPTH: M ON M 7 = DUSTSTORM OR SANDSTORM:
VSBY 1/2 MILE OR LESS
8 = SMOKE OR HAZE
[NO. OF DAYS WITH] [WEATHER - DAYS WITH] 9 = BLOWING SNOW
X = TORNADO
MAX 32 OR BELOW: 0 0.01 INCH OR MORE: 13
MAX 90 OR ABOVE: 0 0.10 INCH OR MORE: 8
MIN 32 OR BELOW: 4 0.50 INCH OR MORE: 3
MIN 0 OR BELOW: 0 1.00 INCH OR MORE: 2
[HDD (BASE 65) ]
TOTAL THIS MO. 496 CLEAR (SCALE 0-3) 14
DPTR FM NORMAL -128 PTCLDY (SCALE 4-7) 8
TOTAL FM JUL 1 4378 CLOUDY (SCALE 8-10) 9
DPTR FM NORMAL -140
[CDD (BASE 65) ]
TOTAL THIS MO. 0
DPTR FM NORMAL -1 [PRESSURE DATA]
TOTAL FM JAN 1 0 HIGHEST SLP M ON M
DPTR FM NORMAL -1 LOWEST SLP 29.45 ON 28
[REMARKS]
#FINAL-03-20#