000
CXUS56 KSGX 011145
CF6OKB
PRELIMINARY LOCAL CLIMATOLOGICAL DATA (WS FORM: F-6)
STATION: OCEANSIDE AIRPORT CA
MONTH: DECEMBER
YEAR: 2023
LATITUDE: 33 13 N
LONGITUDE: 117 21 W
TEMPERATURE IN F: :PCPN: SNOW: WIND :SUNSHINE: SKY :PK WND
================================================================================
1 2 3 4 5 6A 6B 7 8 9 10 11 12 13 14 15 16 17 18
12Z AVG MX 2MIN
DY MAX MIN AVG DEP HDD CDD WTR SNW DPTH SPD SPD DIR MIN PSBL S-S WX SPD DR
================================================================================
1 67 43 55 1 10 0 0.00 M M 2.9 14 290 M M 2 12 19 260
2 69 39 54 0 11 0 0.00 M M 2.7 10 250 M M 0 1 13 240
3 68 36 52 -2 13 0 0.00 M M 3.0 13 270 M M 0 18 15 260
4 71 43 57 3 8 0 0.00 M M 2.4 13 280 M M 0 18 16 290
5 80 43 62 9 3 0 0.00 M M 2.5 13 250 M M 0 18 15 250
6 73 41 57 4 8 0 0.00 M M 3.2 13 250 M M 3 18 14 250
7 67 46 57 4 8 0 0.00 M M 3.6 12 250 M M 6 18 14 230
8 67 41 54 1 11 0 0.00 M M 1.9 12 240 M M 2 128 14 250
9 77 40 59 6 6 0 0.00 M M 4.7 13 70 M M 0 1 17 50
10 76 36 56 3 9 0 0.00 M M 3.3 15 280 M M 0 18 290
11 71 35 53 0 12 0 0.00 M M 2.4 9 260 M M 1 10 250
12 66 35 51 -2 14 0 0.00 M M 3.3 12 200 M M 4 1 13 250
13 65 42 54 1 11 0 0.00 M M 2.5 13 250 M M 4 128 16 250
14 72 39 56 3 9 0 0.00 M M 3.5 13 280 M M 0 1 17 260
15 75 36 56 3 9 0 0.00 M M 2.3 13 260 M M 0 15 260
16 81 38 60 7 5 0 0.00 M M 3.5 13 280 M M 0 19 290
17 77 39 58 5 7 0 0.00 M M 2.7 12 260 M M 0 13 260
18 75 46 61 8 4 0 0.09 M M 2.8 12 270 M M 4 1 14 280
19 69 54 62 9 3 0 0.00 M M 2.3 8 240 M M 9 10 40
20 69 57 63 10 2 0 0.22 M M 4.0 14 210 M M 9 18 18 200
21 71 53 62 9 3 0 0.20 M M 4.0 25 230 M M 5 13 35 240
22 66 50 58 5 7 0 0.23 M M 2.5 17 70 M M 4 13 20 70
23 67 48 58 5 7 0 0.00 M M 2.8 12 250 M M 7 1 15 230
24 66 45 56 3 9 0 0.00 M M 3.0 14 260 M M 4 1 16 280
25 66 42 54 1 11 0 0.00 M M 3.3 14 290 M M 2 18 17 300
26 68 46 57 4 8 0 0.00 M M 2.7 10 290 M M 2 18 14 300
27 65 43 54 1 11 0 0.00 M M 1.9 12 270 M M 2 18 14 250
28 66 45 56 3 9 0 0.00 M M 3.4 13 270 M M 3 18 15 280
29 66 42 54 1 11 0 0.00 M M 2.0 10 250 M M 4 128 12 270
30 65 47 56 3 9 0 0.18 0.0 0 3.9 16 240 M M 8 1 20 240
31 62 46 54 1 11 0 0.00 0.0 0 2.0 9 210 M M 3 1 11 240
================================================================================
SM 2163 1336 259 0 0.92 0.0 91.0 M 88
================================================================================
AV 69.8 43.1 2.9 FASTST M M 3 MAX(MPH)
MISC ----> 25 230 35 240
================================================================================
NOTES:
# LAST OF SEVERAL OCCURRENCES
COLUMN 17 PEAK WIND IN M.P.H.
PRELIMINARY LOCAL CLIMATOLOGICAL DATA (WS FORM: F-6) , PAGE 2
STATION: OCEANSIDE AIRPORT CA
MONTH: DECEMBER
YEAR: 2023
LATITUDE: 33 13 N
LONGITUDE: 117 21 W
[TEMPERATURE DATA] [PRECIPITATION DATA] SYMBOLS USED IN COLUMN 16
AVERAGE MONTHLY: 56.4 TOTAL FOR MONTH: 0.92 1 = FOG OR MIST
DPTR FM NORMAL: 3.5 DPTR FM NORMAL: -1.06 2 = FOG REDUCING VISIBILITY
HIGHEST: 81 ON 16 GRTST 24HR 0.43 ON 21-22 TO 1/4 MILE OR LESS
LOWEST: 35 ON 12,11 3 = THUNDER
SNOW, ICE PELLETS, HAIL 4 = ICE PELLETS
TOTAL MONTH: 0.0 INCH 5 = HAIL
GRTST 24HR 0.0 6 = FREEZING RAIN OR DRIZZLE
GRTST DEPTH: 0 7 = DUSTSTORM OR SANDSTORM:
VSBY 1/2 MILE OR LESS
8 = SMOKE OR HAZE
[NO. OF DAYS WITH] [WEATHER - DAYS WITH] 9 = BLOWING SNOW
X = TORNADO
MAX 32 OR BELOW: 0 0.01 INCH OR MORE: 5
MAX 90 OR ABOVE: 0 0.10 INCH OR MORE: 4
MIN 32 OR BELOW: 0 0.50 INCH OR MORE: 0
MIN 0 OR BELOW: 0 1.00 INCH OR MORE: 0
[HDD (BASE 65) ]
TOTAL THIS MO. 259 CLEAR (SCALE 0-3) 19
DPTR FM NORMAL -115 PTCLDY (SCALE 4-7) 10
TOTAL FM JUL 1 441 CLOUDY (SCALE 8-10) 2
DPTR FM NORMAL -249
[CDD (BASE 65) ]
TOTAL THIS MO. 0
DPTR FM NORMAL 0 [PRESSURE DATA]
TOTAL FM JAN 1 571 HIGHEST SLP 30.24 ON 3
DPTR FM NORMAL 62 LOWEST SLP 29.82 ON 21
[REMARKS]
#FINAL-12-23#