601
CXUS56 KSGX 011245
CF6OKB
PRELIMINARY LOCAL CLIMATOLOGICAL DATA (WS FORM: F-6)
STATION: OCEANSIDE AIRPORT CA
MONTH: JULY
YEAR: 2020
LATITUDE: 33 13 N
LONGITUDE: 117 21 W
TEMPERATURE IN F: :PCPN: SNOW: WIND :SUNSHINE: SKY :PK WND
================================================================================
1 2 3 4 5 6A 6B 7 8 9 10 11 12 13 14 15 16 17 18
12Z AVG MX 2MIN
DY MAX MIN AVG DEP HDD CDD WTR SNW DPTH SPD SPD DIR MIN PSBL S-S WX SPD DR
================================================================================
1 74 64 69 2 0 4 T 0.0 0 4.6 13 250 M M 10 18 15 240
2 76 56 66 -2 0 1 0.00 0.0 0 4.8 15 250 M M 5 18 19 250
3 77 51 64 -4 1 0 0.00 0.0 0 5.7 14 270 M M 1 18 18 240
4 79 59 69 1 0 4 0.00 0.0 0 4.4 15 250 M M 2 18 18 240
5 85 56 71 3 0 6 0.00 0.0 0 4.2 15 240 M M 0 18 20 240
6 82 54 68 0 0 3 0.00 0.0 0 5.1 13 230 M M 3 18 19 240
7 79 61 70 2 0 5 0.00 0.0 0 5.5 13 240 M M 4 18 17 270
8 78 58 68 0 0 3 0.00 0.0 0 5.0 13 210 M M 5 18 18 240
9 78 59 69 1 0 4 0.00 0.0 0 5.2 13 240 M M 4 18 17 230
10 81 59 70 2 0 5 0.00 0.0 0 4.8 14 250 M M 3 18 17 240
11 86 61 74 6 0 9 0.00 0.0 0 5.1 16 240 M M 1 18 20 250
12 85 63 74 6 0 9 0.00 0.0 0 4.6 14 250 M M 1 18 18 240
13 81 65 73 5 0 8 0.00 0.0 0 4.4 14 230 M M 4 18 20 230
14 79 61 70 1 0 5 0.00 0.0 0 5.3 13 240 M M 5 18 17 250
15 79 66 73 4 0 8 0.00 0.0 0 5.8 14 250 M M 5 8 18 250
16 78 63 71 2 0 6 0.00 0.0 0 5.5 16 250 M M 5 20 240
17 80 60 70 1 0 5 0.00 0.0 0 5.5 16 260 M M 4 22 290
18 78 57 68 -1 0 3 0.00 0.0 0 5.0 15 250 M M 1 18 21 230
19 76 56 66 -3 0 1 0.00 0.0 0 5.4 17 260 M M 2 18 21 270
20 76 55 66 -3 0 1 0.00 0.0 0 4.8 13 240 M M 4 18 17 250
21 78 66 72 3 0 7 0.00 0.0 0 4.5 14 230 M M 0 8 17 240
22 76 65 71 2 0 6 0.00 0.0 0 5.7 14 260 M M 6 17 250
23 75 63 69 0 0 4 0.00 0.0 0 4.5 14 240 M M 7 19 250
24 77 64 71 2 0 6 0.00 0.0 0 5.1 15 250 M M 6 19 240
25 78 60 69 0 0 4 0.00 0.0 0 4.9 15 240 M M 5 19 280
26 77 65 71 2 0 6 0.00 0.0 0 5.7 16 250 M M 8 18 22 250
27 77 61 69 0 0 4 0.00 0.0 0 5.8 15 240 M M 8 18 20 250
28 75 59 67 -2 0 2 0.00 0.0 0 4.3 15 250 M M 6 18 20 250
29 76 65 71 2 0 6 0.00 0.0 0 5.9 14 240 M M 7 18 18 250
30 75 62 69 0 0 4 0.00 0.0 0 5.7 15 260 M M 4 18 20 270
31 80 59 70 1 0 5 0.00 0.0 0 5.1 16 250 M M 0 18 21 250
================================================================================
SM 2431 1873 1 144 T 0.0 157.9 M 126
================================================================================
AV 78.4 60.4 5.1 FASTST M M 4 MAX(MPH)
MISC ----> # 17 260 # 22 290
================================================================================
NOTES:
# LAST OF SEVERAL OCCURRENCES
COLUMN 17 PEAK WIND IN M.P.H.
PRELIMINARY LOCAL CLIMATOLOGICAL DATA (WS FORM: F-6) , PAGE 2
STATION: OCEANSIDE AIRPORT CA
MONTH: JULY
YEAR: 2020
LATITUDE: 33 13 N
LONGITUDE: 117 21 W
[TEMPERATURE DATA] [PRECIPITATION DATA] SYMBOLS USED IN COLUMN 16
AVERAGE MONTHLY: 69.4 TOTAL FOR MONTH: T 1 = FOG OR MIST
DPTR FM NORMAL: 0.8 DPTR FM NORMAL: -0.12 2 = FOG REDUCING VISIBILITY
HIGHEST: 86 ON 11 GRTST 24HR T ON 1- 1 TO 1/4 MILE OR LESS
LOWEST: 51 ON 3 3 = THUNDER
SNOW, ICE PELLETS, HAIL 4 = ICE PELLETS
TOTAL MONTH: 0.0 INCH 5 = HAIL
GRTST 24HR 0.0 6 = FREEZING RAIN OR DRIZZLE
GRTST DEPTH: 0 7 = DUSTSTORM OR SANDSTORM:
VSBY 1/2 MILE OR LESS
8 = SMOKE OR HAZE
[NO. OF DAYS WITH] [WEATHER - DAYS WITH] 9 = BLOWING SNOW
X = TORNADO
MAX 32 OR BELOW: 0 0.01 INCH OR MORE: 0
MAX 90 OR ABOVE: 0 0.10 INCH OR MORE: 0
MIN 32 OR BELOW: 0 0.50 INCH OR MORE: 0
MIN 0 OR BELOW: 0 1.00 INCH OR MORE: 0
[HDD (BASE 65) ]
TOTAL THIS MO. 1 CLEAR (SCALE 0-3) 11
DPTR FM NORMAL -2 PTCLDY (SCALE 4-7) 19
TOTAL FM JUL 1 1 CLOUDY (SCALE 8-10) 1
DPTR FM NORMAL -2
[CDD (BASE 65) ]
TOTAL THIS MO. 144
DPTR FM NORMAL 30 [PRESSURE DATA]
TOTAL FM JAN 1 280 HIGHEST SLP M ON M
DPTR FM NORMAL 118 LOWEST SLP 29.74 ON 21
[REMARKS]
#FINAL-07-20#