015
CXUS54 KOUN 010700
CF6OKC
PRELIMINARY LOCAL CLIMATOLOGICAL DATA (WS FORM: F-6)
STATION: OKLAHOMA CITY
MONTH: APRIL
YEAR: 2020
LATITUDE: 35 24 N
LONGITUDE: 97 36 W
TEMPERATURE IN F: :PCPN: SNOW: WIND :SUNSHINE: SKY :PK WND
================================================================================
1 2 3 4 5 6A 6B 7 8 9 10 11 12 13 14 15 16 17 18
12Z AVG MX 2MIN
DY MAX MIN AVG DEP HDD CDD WTR SNW DPTH SPD SPD DIR MIN PSBL S-S WX SPD DR
================================================================================
1 71 44 58 1 7 0 0.00 0.0 0 15.8 25 160 M M 6 32 160
2 69 42 56 -1 9 0 0.02 M 0 18.4 31 180 M M 8 1 39 180
3 42 30 36 -21 29 0 T M 0 18.4 31 350 M M 10 1 40 350
4 43 34 39 -19 26 0 T M 0 9.0 18 10 M M 10 1 24 20
5 67 39 53 -5 12 0 0.00 0.0 0 7.2 25 190 M M 8 1 32 190
6 70 58 64 6 1 0 0.00 0.0 0 16.6 26 200 M M 10 18 31 200
7 86 62 74 16 0 9 0.00 0.0 0 13.8 22 230 M M 8 28 230
8 90 52 71 12 0 6 0.00 0.0 0 10.5 21 40 M M 4 28 40
9 68 52 60 1 5 0 0.00 0.0 0 12.7 22 50 M M 8 28 50
10 67 42 55 -4 10 0 0.00 0.0 0 10.0 20 40 M M 3 23 40
11 72 51 62 2 3 0 0.60 0.0 0 17.4 28 80 M M 7 13 32 180
12 71 35 53 -7 12 0 0.30 0.0 0 20.5 39 340 M M 8 13 49 340
13 45 33 39 -21 26 0 0.02 0.2 0 15.0 26 10 M M 9 1 37 360
14 48 32 40 -20 25 0 0.03 0.2 0 6.3 13 60 M M 7 1 16 60
15 61 28 45 -16 20 0 0.00 0.0 0 9.7 21 180 M M 1 28 150
16 70 41 56 -5 9 0 0.00 0.0 0 18.5 30 180 M M 2 38 180
17 60 37 49 -12 16 0 T 0.0 0 14.9 28 350 M M 9 18 35 350
18 67 30 49 -13 16 0 0.00 0.0 0 10.5 22 190 M M 5 1 28 190
19 68 50 59 -3 6 0 T 0.0 0 6.6 16 10 M M 8 1 22 360
20 76 46 61 -1 4 0 T 0.0 0 5.2 14 30 M M 8 13 18 190
21 82 48 65 2 0 0 0.32 0.0 0 9.1 24 120 M M 6 13 30 100
22 65 56 61 -2 4 0 0.55 0.0 0 14.4 28 160 M M 7 1358 35 170
23 80 52 66 3 0 1 0.00 0.0 0 8.0 20 310 M M 4 23 340
24 76 55 66 2 0 1 0.00 0.0 0 15.9 31 330 M M 6 3 38 330
25 73 49 61 -3 4 0 0.00 0.0 0 10.9 23 310 M M 2 30 360
26 77 45 61 -3 4 0 0.00 0.0 0 10.4 21 160 M M 5 27 140
27 80 61 71 7 0 6 0.00 0.0 0 16.5 29 200 M M 7 3 36 180
28 86 59 73 8 0 8 0.19 0.0 0 13.3 29 360 M M 5 135 35 360
29 72 48 60 -5 5 0 0.00 0.0 0 15.1 38 330 M M 2 45 330
30 79 44 62 -3 3 0 0.00 0.0 0 7.3 16 160 M M 3 21 160
================================================================================
SM 2081 1355 256 31 2.03 0.4 377.9 M 186
================================================================================
AV 69.4 45.2 12.6 FASTST M M 6 MAX(MPH)
MISC ----> # 39 340 # 49 340
================================================================================
NOTES:
# LAST OF SEVERAL OCCURRENCES
COLUMN 17 PEAK WIND IN M.P.H.
PRELIMINARY LOCAL CLIMATOLOGICAL DATA (WS FORM: F-6) , PAGE 2
STATION: OKLAHOMA CITY
MONTH: APRIL
YEAR: 2020
LATITUDE: 35 24 N
LONGITUDE: 97 36 W
[TEMPERATURE DATA] [PRECIPITATION DATA] SYMBOLS USED IN COLUMN 16
AVERAGE MONTHLY: 57.3 TOTAL FOR MONTH: 2.03 1 = FOG OR MIST
DPTR FM NORMAL: -3.7 DPTR FM NORMAL: -1.04 2 = FOG REDUCING VISIBILITY
HIGHEST: 90 ON 8 GRTST 24HR 0.60 ON 11-11 TO 1/4 MILE OR LESS
LOWEST: 28 ON 15 3 = THUNDER
SNOW, ICE PELLETS, HAIL 4 = ICE PELLETS
TOTAL MONTH: 0.4 INCH 5 = HAIL
GRTST 24HR 0.2 ON 14-14 6 = FREEZING RAIN OR DRIZZLE
GRTST DEPTH: 0 7 = DUSTSTORM OR SANDSTORM:
VSBY 1/2 MILE OR LESS
8 = SMOKE OR HAZE
[NO. OF DAYS WITH] [WEATHER - DAYS WITH] 9 = BLOWING SNOW
X = TORNADO
MAX 32 OR BELOW: 0 0.01 INCH OR MORE: 8
MAX 90 OR ABOVE: 1 0.10 INCH OR MORE: 5
MIN 32 OR BELOW: 4 0.50 INCH OR MORE: 2
MIN 0 OR BELOW: 0 1.00 INCH OR MORE: 0
[HDD (BASE 65) ]
TOTAL THIS MO. 256 CLEAR (SCALE 0-3) 5
DPTR FM NORMAL 83 PTCLDY (SCALE 4-7) 18
TOTAL FM JUL 1 3445 CLOUDY (SCALE 8-10) 7
DPTR FM NORMAL 113
[CDD (BASE 65) ]
TOTAL THIS MO. 31
DPTR FM NORMAL -22 [PRESSURE DATA]
TOTAL FM JAN 1 53 HIGHEST SLP M ON M
DPTR FM NORMAL -13 LOWEST SLP 29.43 ON 12
[REMARKS]
#FINAL-04-20#