000
CXUS54 KOUN 011248
CLMOKC
CLIMATE REPORT
NATIONAL WEATHER SERVICE NORMAN OK
748 AM CDT MON MAY 01 2023
...................................
...THE OKLAHOMA CITY CLIMATE SUMMARY FOR THE MONTH OF APRIL 2023...
CLIMATE NORMAL PERIOD 1991 TO 2020
CLIMATE RECORD PERIOD 1890 TO 2023
WEATHER OBSERVED NORMAL DEPART LAST YEAR`S
VALUE DATE(S) VALUE FROM VALUE
NORMAL
..............................................................
TEMPERATURE (F)
RECORD
HIGH 100 04/12/1972
LOW 20 04/13/1957
04/02/1936
HIGHEST 86 88 -2 93
LOWEST 36 32 4 29
AVG. MAXIMUM 70.6 71.1 -0.5 74.1
AVG. MINIMUM 46.8 47.5 -0.7 49.9
MEAN 58.7 59.3 -0.6 62.0
DAYS MAX >= 90 0 0.5 -0.5 1
DAYS MAX <= 32 0 0.0 0.0 0
DAYS MIN <= 32 0 1.3 -1.3 1
DAYS MIN <= 0 0 0.0 0.0 0
PRECIPITATION (INCHES)
RECORD
MAXIMUM 11.91 1947
MINIMUM 0.03 1936
TOTALS 3.48 3.60 -0.12 1.59
DAILY AVG. 0.12 0.12 -0.00 0.05
DAYS >= .01 8 7.9 0.1 6
DAYS >= .10 4 4.7 -0.7 3
DAYS >= .50 3 2.4 0.6 1
DAYS >= 1.00 1 1.2 -0.2 1
GREATEST
24 HR. TOTAL 1.52 04/26 TO 04/27
SNOWFALL (INCHES)
TOTALS 0.0 0.0 0.0
SINCE 7/1 3.4 6.7 -3.3
DEGREE DAYS
HEATING TOTAL 215 206 9 154
SINCE 7/1 3395 3561 -166
COOLING TOTAL 33 35 -2 74
SINCE 1/1 38 45 -7
..............................................................
WIND (MPH)
AVERAGE WIND SPEED 12.8
HIGHEST WIND SPEED/DIRECTION 35/340 DATE 04/05
35/190 04/19
HIGHEST GUST SPEED/DIRECTION 43/170 DATE 04/18
43/160 04/19
WEATHER CONDITIONS. NUMBER OF DAYS WITH
THUNDERSTORM 6 MIXED PRECIP 0
HEAVY RAIN 4 RAIN 3
LIGHT RAIN 10 FREEZING RAIN 0
LT FREEZING RAIN 0 HAIL 1
HEAVY SNOW 0 SNOW 0
LIGHT SNOW 0 SLEET 0
FOG 9 FOG W/VIS <= 1/4 MILE 0
HAZE 0
- INDICATES NEGATIVE NUMBERS.
R INDICATES RECORD WAS SET OR TIED.
MM INDICATES DATA IS MISSING.
T INDICATES TRACE AMOUNT.
````````````````````````````````````````````````````````````````
RECORDS/REMARKS
JANUARY - APRIL 2023 PRECIPITATION TOTAL IS 8.83 INCHES.
$$