764
CXUS55 KSEW 010930
CF6OLM
PRELIMINARY LOCAL CLIMATOLOGICAL DATA (WS FORM: F-6)
STATION: OLYMPIA WA AIRPORT
MONTH: JULY
YEAR: 2020
LATITUDE: 46 58 N
LONGITUDE: 122 54 W
TEMPERATURE IN F: :PCPN: SNOW: WIND :SUNSHINE: SKY :PK WND
================================================================================
1 2 3 4 5 6A 6B 7 8 9 10 11 12 13 14 15 16 17 18
12Z AVG MX 2MIN
DY MAX MIN AVG DEP HDD CDD WTR SNW DPTH SPD SPD DIR MIN PSBL S-S WX SPD DR
================================================================================
1 64 52 58 -4 7 0 0.02 0.0 0 10.6 17 260 M M 9 18 22 260
2 66 52 59 -3 6 0 0.01 0.0 0 8.2 16 210 M M 9 1 22 220
3 66 49 58 -4 7 0 0.00 0.0 0 4.9 13 240 M M 10 17 220
4 69 44 57 -5 8 0 0.00 0.0 0 2.0 10 330 M M 6 18 14 320
5 74 51 63 1 2 0 0.00 0.0 0 2.3 12 250 M M 6 18 15 200
6 68 51 60 -2 5 0 0.00 0.0 0 6.6 14 260 M M 9 20 220
7 67 54 61 -2 4 0 0.03 0.0 0 7.1 13 230 M M 8 18 17 220
8 70 49 60 -3 5 0 0.00 0.0 0 3.3 9 240 M M 6 12 210
9 71 51 61 -2 4 0 0.12 0.0 0 4.8 14 320 M M 7 1 17 320
10 74 47 61 -2 4 0 0.00 0.0 0 3.7 14 250 M M 4 1 18 210
11 67 46 57 -6 8 0 T 0.0 0 6.3 18 280 M M 5 12 22 230
12 73 53 63 -1 2 0 T 0.0 0 6.0 14 200 M M 7 1 17 240
13 77 45 61 -3 4 0 0.00 0.0 0 3.8 13 60 M M 1 12 17 360
14 81 45 63 -1 2 0 0.00 0.0 0 4.7 15 20 M M 0 20 360
15 85 49 67 3 0 2 0.00 0.0 0 3.5 10 330 M M 0 14 320
16 77 54 66 2 0 1 0.00 0.0 0 7.8 17 190 M M 4 1 24 220
17 72 51 62 -2 3 0 0.00 0.0 0 7.9 15 220 M M 6 22 210
18 81 45 63 -1 2 0 0.00 0.0 0 4.2 15 30 M M 0 1 19 40
19 86 52 69 5 0 4 0.00 0.0 0 4.7 15 40 M M 0 20 40
20 90 55 73 9 0 8 0.00 0.0 0 3.1 13 20 M M 0 16 30
21 82 56 69 4 0 4 0.00 0.0 0 6.4 14 230 M M 1 22 210
22 73 55 64 -1 1 0 0.00 0.0 0 7.8 15 220 M M 6 1 19 210
23 70 54 62 -3 3 0 0.00 0.0 0 7.9 13 230 M M 8 18 210
24 71 50 61 -4 4 0 0.00 0.0 0 4.6 13 260 M M 7 17 260
25 79 44 62 -3 3 0 0.00 0.0 0 4.8 13 30 M M 3 12 19 30
26 89 50 70 5 0 5 0.00 0.0 0 6.5 16 30 M M 0 24 40
27 98 54 76 11 0 11 0.00 0.0 0 3.8 13 320 M M 0 17 320
28 84 53 69 4 0 4 0.00 0.0 0 5.1 15 200 M M 1 19 190
29 89 47 68 3 0 3 0.00 0.0 0 2.2 9 360 M M 0 12 360
30 92 51 72 7 0 7 0.00 0.0 0 3.7 10 60 M M 0 16 140
31 82 56 69 4 0 4 0.00 0.0 0 7.7 17 240 M M 0 22 240
================================================================================
SM 2387 1565 84 53 0.18 0.0 166.0 M 123
================================================================================
AV 77.0 50.5 5.4 FASTST M M 4 MAX(MPH)
MISC ----> # 18 280 # 24 220
================================================================================
NOTES:
# LAST OF SEVERAL OCCURRENCES
COLUMN 17 PEAK WIND IN M.P.H.
PRELIMINARY LOCAL CLIMATOLOGICAL DATA (WS FORM: F-6) , PAGE 2
STATION: OLYMPIA WA AIRPORT
MONTH: JULY
YEAR: 2020
LATITUDE: 46 58 N
LONGITUDE: 122 54 W
[TEMPERATURE DATA] [PRECIPITATION DATA] SYMBOLS USED IN COLUMN 16
AVERAGE MONTHLY: 63.7 TOTAL FOR MONTH: 0.18 1 = FOG OR MIST
DPTR FM NORMAL: -0.1 DPTR FM NORMAL: -0.45 2 = FOG REDUCING VISIBILITY
HIGHEST: 98 ON 27 GRTST 24HR 0.12 ON 9- 9 TO 1/4 MILE OR LESS
LOWEST: 44 ON 25, 4 3 = THUNDER
SNOW, ICE PELLETS, HAIL 4 = ICE PELLETS
TOTAL MONTH: 0.0 INCH 5 = HAIL
GRTST 24HR 0.0 6 = FREEZING RAIN OR DRIZZLE
GRTST DEPTH: 0 7 = DUSTSTORM OR SANDSTORM:
VSBY 1/2 MILE OR LESS
8 = SMOKE OR HAZE
[NO. OF DAYS WITH] [WEATHER - DAYS WITH] 9 = BLOWING SNOW
X = TORNADO
MAX 32 OR BELOW: 0 0.01 INCH OR MORE: 4
MAX 90 OR ABOVE: 3 0.10 INCH OR MORE: 1
MIN 32 OR BELOW: 0 0.50 INCH OR MORE: 0
MIN 0 OR BELOW: 0 1.00 INCH OR MORE: 0
[HDD (BASE 65) ]
TOTAL THIS MO. 84 CLEAR (SCALE 0-3) 14
DPTR FM NORMAL 4 PTCLDY (SCALE 4-7) 12
TOTAL FM JUL 1 84 CLOUDY (SCALE 8-10) 5
DPTR FM NORMAL 4
[CDD (BASE 65) ]
TOTAL THIS MO. 53
DPTR FM NORMAL 10 [PRESSURE DATA]
TOTAL FM JAN 1 70 HIGHEST SLP M ON M
DPTR FM NORMAL 13 LOWEST SLP 29.80 ON 27
[REMARKS]
#FINAL-07-20#