000
CXUS53 KOAX 011626
CF6OMA
PRELIMINARY LOCAL CLIMATOLOGICAL DATA (WS FORM: F-6)
STATION: OMAHA NE
MONTH: FEBRUARY
YEAR: 2023
LATITUDE: 41 17 N
LONGITUDE: 95 54 W
TEMPERATURE IN F: :PCPN: SNOW: WIND :SUNSHINE: SKY :PK WND
================================================================================
1 2 3 4 5 6A 6B 7 8 9 10 11 12 13 14 15 16 17 18
12Z AVG MX 2MIN
DY MAX MIN AVG DEP HDD CDD WTR SNW DPTH SPD SPD DIR MIN PSBL S-S WX SPD DR
================================================================================
1 42 9 26 1 39 0 0.00 0.0 1 7.6 14 250 M M 0 17 220
2 27 3 15 -11 50 0 0.00 0.0 0 12.2 29 340 M M 1 38 340
3 26 2 14 -12 51 0 0.00 0.0 0 10.2 23 180 M M 4 28 190
4 51 18 35 9 30 0 0.00 0.0 0 9.1 17 250 M M 7 22 210
5 47 23 35 9 30 0 0.00 0.0 0 5.0 14 360 M M 2 17 10
6 51 31 41 15 24 0 0.00 0.0 0 11.8 22 150 M M 8 28 150
7 47 29 38 12 27 0 0.00 0.0 0 8.1 20 310 M M 0 27 310
8 52 23 38 11 27 0 0.00 0.0 0 7.5 15 170 M M 4 20 170
9 37 21 29 2 36 0 T T 0 17.6 31 340 M M 9 1 42 340
10 41 14 28 1 37 0 0.00 0.0 0 8.2 20 340 M M 0 27 340
11 52 20 36 8 29 0 0.00 0.0 0 10.9 18 200 M M 2 26 210
12 49 24 37 9 28 0 0.00 0.0 0 8.1 17 360 M M 6 1 22 360
13 61 22 42 14 23 0 0.00 0.0 0 9.3 20 180 M M 0 1 26 190
14 47 35 41 13 24 0 0.98 0.0 0 14.6 25 270 M M 10 13 34 270
15 36 20 28 -1 37 0 T T 0 20.6 33 320 M M 10 43 300
16 24 5 15 -14 50 0 0.30 4.1 4 15.3 26 10 M M 7 1289 34 360
17 34 0 17 -12 48 0 0.00 0.0 4 8.7 18 200 M M 1 128 26 190
18 46 18 32 2 33 0 0.00 0.0 4 12.4 24 170 M M 7 31 180
19 45 24 35 5 30 0 0.00 0.0 2 6.2 15 190 M M 3 20 200
20 50 26 38 8 27 0 0.00 0.0 0 8.1 17 330 M M 5 23 290
21 45 21 33 2 32 0 T 0.0 0 11.8 24 350 M M 5 8 32 150
22 36 23 30 -1 35 0 0.01 0.0 0 16.2 29 40 M M 9 16 41 50
23 24 2 13 -19 52 0 T 0.2 T 17.0 28 290 M M 5 1 38 280
24 22 2 12 -20 53 0 T T T 6.8 18 360 M M 7 22 350
25 46 10 28 -4 37 0 0.00 0.0 T 9.1 20 190 M M 4 24 200
26 53 24 39 6 26 0 0.33 0.0 0 12.9 26 160 M M 6 13 34 160
27 52 30 41 8 24 0 0.19 0.0 0 14.4 28 340 M M 6 1 36 330
28 45 26 36 2 29 0 T 0.0 0 6.2 18 120 M M 5 23 110
================================================================================
SM 1188 505 968 0 1.81 4.3 305.9 M 133
================================================================================
AV 42.4 18.0 10.9 FASTST M M 5 MAX(MPH)
MISC ----> 33 320 43 300
================================================================================
NOTES:
# LAST OF SEVERAL OCCURRENCES
COLUMN 17 PEAK WIND IN M.P.H.
PRELIMINARY LOCAL CLIMATOLOGICAL DATA (WS FORM: F-6) , PAGE 2
STATION: OMAHA NE
MONTH: FEBRUARY
YEAR: 2023
LATITUDE: 41 17 N
LONGITUDE: 95 54 W
[TEMPERATURE DATA] [PRECIPITATION DATA] SYMBOLS USED IN COLUMN 16
AVERAGE MONTHLY: 30.2 TOTAL FOR MONTH: 1.81 1 = FOG OR MIST
DPTR FM NORMAL: 1.3 DPTR FM NORMAL: 0.86 2 = FOG REDUCING VISIBILITY
HIGHEST: 61 ON 13 GRTST 24HR 0.98 ON 14-14 TO 1/4 MILE OR LESS
LOWEST: 0 ON 17 3 = THUNDER
SNOW, ICE PELLETS, HAIL 4 = ICE PELLETS
TOTAL MONTH: 4.3 INCHES 5 = HAIL
GRTST 24HR 4.1 ON 16-16 6 = FREEZING RAIN OR DRIZZLE
GRTST DEPTH: 4 ON 18,17 7 = DUSTSTORM OR SANDSTORM:
VSBY 1/2 MILE OR LESS
8 = SMOKE OR HAZE
[NO. OF DAYS WITH] [WEATHER - DAYS WITH] 9 = BLOWING SNOW
X = TORNADO
MAX 32 OR BELOW: 5 0.01 INCH OR MORE: 5
MAX 90 OR ABOVE: 0 0.10 INCH OR MORE: 4
MIN 32 OR BELOW: 27 0.50 INCH OR MORE: 1
MIN 0 OR BELOW: 1 1.00 INCH OR MORE: 0
[HDD (BASE 65) ]
TOTAL THIS MO. 968 CLEAR (SCALE 0-3) 9
DPTR FM NORMAL -41 PTCLDY (SCALE 4-7) 15
TOTAL FM JUL 1 4621 CLOUDY (SCALE 8-10) 4
DPTR FM NORMAL 62
[CDD (BASE 65) ]
TOTAL THIS MO. 0
DPTR FM NORMAL 0 [PRESSURE DATA]
TOTAL FM JAN 1 0 HIGHEST SLP 30.76 ON 24
DPTR FM NORMAL 0 LOWEST SLP 29.01 ON 27
[REMARKS]
#FINAL-02-23#