000
CXUS53 KOAX 011030
CF6OMA
PRELIMINARY LOCAL CLIMATOLOGICAL DATA (WS FORM: F-6)
STATION: OMAHA NE
MONTH: FEBRUARY
YEAR: 2022
LATITUDE: 41 17 N
LONGITUDE: 95 54 W
TEMPERATURE IN F: :PCPN: SNOW: WIND :SUNSHINE: SKY :PK WND
================================================================================
1 2 3 4 5 6A 6B 7 8 9 10 11 12 13 14 15 16 17 18
12Z AVG MX 2MIN
DY MAX MIN AVG DEP HDD CDD WTR SNW DPTH SPD SPD DIR MIN PSBL S-S WX SPD DR
================================================================================
1 42 21 32 7 33 0 0.00 0.0 0 17.9 29 340 M M 6 39 340
2 21 7 14 -12 51 0 0.00 0.0 0 17.4 25 10 M M 10 33 360
3 18 0 9 -17 56 0 0.00 0.0 0 9.2 17 10 M M 2 22 360
4 28 5 17 -9 48 0 0.00 0.0 0 11.8 25 320 M M 2 35 330
5 56 11 34 8 31 0 0.00 0.0 0 13.4 25 220 M M 3 33 170
6 46 22 34 8 31 0 0.00 0.0 0 10.5 31 330 M M 2 39 330
7 59 21 40 14 25 0 0.00 0.0 0 6.5 13 270 M M 5 18 200
8 60 29 45 18 20 0 0.00 0.0 0 12.7 28 320 M M 5 37 310
9 50 28 39 12 26 0 0.00 0.0 0 13.3 29 310 M M 6 39 330
10 54 21 38 11 27 0 0.01 0.0 0 10.4 24 200 M M 5 33 200
11 46 14 30 2 35 0 0.20 0.0 0 19.9 36 330 M M 6 50 310
12 29 5 17 -11 48 0 0.00 0.0 0 9.2 24 340 M M 4 31 350
13 27 12 20 -8 45 0 0.00 0.0 0 10.0 16 170 M M 5 22 350
14 38 14 26 -2 39 0 0.00 0.0 0 7.3 22 340 M M 2 28 350
15 62 24 43 14 22 0 0.00 0.0 0 13.5 22 160 M M 8 29 190
16 45 27 36 7 29 0 0.00 0.0 0 17.3 28 10 M M 9 37 10
17 27 13 20 -9 45 0 0.00 0.0 0 15.5 29 10 M M 6 37 350
18 60 15 38 8 27 0 T 0.0 0 16.5 37 350 M M 4 49 350
19 37 10 24 -6 41 0 0.00 0.0 0 13.0 25 170 M M 2 33 180
20 66 27 47 17 18 0 0.00 0.0 0 7.4 18 170 M M 3 24 160
21 51 23 37 6 28 0 T 0.0 0 13.6 31 340 M M 7 16 44 340
22 25 0 13 -18 52 0 0.01 0.4 T 23.4 32 330 M M 9 1689 42 330
23 16 -2 7 -25 58 0 0.00 0.0 T 13.7 25 350 M M 5 34 340
24 18 4 11 -21 54 0 T 0.1 T 10.7 20 340 M M 9 26 340
25 26 -2 12 -20 53 0 0.00 0.0 T 6.2 14 160 M M 1 18 340
26 47 11 29 -4 36 0 0.00 0.0 0 9.6 20 200 M M 1 28 180
27 58 18 38 5 27 0 0.00 0.0 0 6.0 16 210 M M 1 22 200
28 70 24 47 13 18 0 0.00 0.0 0 6.5 15 250 M M 4 22 240
================================================================================
SM 1182 402 1023 0 0.22 0.5 342.4 M 132
================================================================================
AV 42.2 14.4 12.2 FASTST M M 5 MAX(MPH)
MISC ----> 37 350 50 310
================================================================================
NOTES:
# LAST OF SEVERAL OCCURRENCES
COLUMN 17 PEAK WIND IN M.P.H.
PRELIMINARY LOCAL CLIMATOLOGICAL DATA (WS FORM: F-6) , PAGE 2
STATION: OMAHA NE
MONTH: FEBRUARY
YEAR: 2022
LATITUDE: 41 17 N
LONGITUDE: 95 54 W
[TEMPERATURE DATA] [PRECIPITATION DATA] SYMBOLS USED IN COLUMN 16
AVERAGE MONTHLY: 28.3 TOTAL FOR MONTH: 0.22 1 = FOG OR MIST
DPTR FM NORMAL: -0.6 DPTR FM NORMAL: -0.73 2 = FOG REDUCING VISIBILITY
HIGHEST: 70 ON 28 GRTST 24HR 0.21 ON 10-11 TO 1/4 MILE OR LESS
LOWEST: -2 ON 25,23 3 = THUNDER
SNOW, ICE PELLETS, HAIL 4 = ICE PELLETS
TOTAL MONTH: 0.5 INCH 5 = HAIL
GRTST 24HR 0.4 ON 22-22 6 = FREEZING RAIN OR DRIZZLE
GRTST DEPTH: T 7 = DUSTSTORM OR SANDSTORM:
VSBY 1/2 MILE OR LESS
8 = SMOKE OR HAZE
[NO. OF DAYS WITH] [WEATHER - DAYS WITH] 9 = BLOWING SNOW
X = TORNADO
MAX 32 OR BELOW: 10 0.01 INCH OR MORE: 3
MAX 90 OR ABOVE: 0 0.10 INCH OR MORE: 1
MIN 32 OR BELOW: 28 0.50 INCH OR MORE: 0
MIN 0 OR BELOW: 4 1.00 INCH OR MORE: 0
[HDD (BASE 65) ]
TOTAL THIS MO. 1023 CLEAR (SCALE 0-3) 8
DPTR FM NORMAL 14 PTCLDY (SCALE 4-7) 16
TOTAL FM JUL 1 4085 CLOUDY (SCALE 8-10) 4
DPTR FM NORMAL -474
[CDD (BASE 65) ]
TOTAL THIS MO. 0
DPTR FM NORMAL 0 [PRESSURE DATA]
TOTAL FM JAN 1 0 HIGHEST SLP 30.77 ON 23
DPTR FM NORMAL 0 LOWEST SLP 29.56 ON 10
[REMARKS]
#FINAL-02-22#