000
CXAK59 PAFG 020126
CLMOME
CLIMATE REPORT
NATIONAL WEATHER SERVICE FAIRBANKS AK
526 PM AKDT SAT APR 01 2023
...................................
...THE NOME AK CLIMATE SUMMARY FOR THE MONTH OF MARCH 2023...
CLIMATE NORMAL PERIOD 1991 TO 2020
CLIMATE RECORD PERIOD 1906 TO 2023
WEATHER OBSERVED NORMAL DEPART LAST YEAR`S
VALUE DATE(S) VALUE FROM VALUE DATE(S)
NORMAL
................................................................
TEMPERATURE (F)
RECORD
HIGH 44 03/02/1938
LOW -46 03/11/1971
HIGHEST 35 03/30 MM MM 37 03/30
LOWEST -21 03/02 MM MM -7 03/20
03/03
AVG. MAXIMUM 19.2 17.6 1.6 24.3
AVG. MINIMUM 1.8 1.6 0.2 8.6
MEAN 10.5 9.6 0.9 16.4
DAYS MAX >= 90 0 0.0 0.0 0
DAYS MAX <= 32 27 28.6 -1.6 25
DAYS MIN <= 32 31 31.0 0.0 31
DAYS MIN <= 0 17 15.5 1.5 11
PRECIPITATION (INCHES)
RECORD
MAXIMUM 3.37 1907
MINIMUM T
TOTALS 2.62 0.74 1.88 0.18
DAILY AVG. 0.08 0.02 0.06 0.01
DAYS >= .01 14 8.8 5.2 4
DAYS >= .10 8 2.4 5.6 1
DAYS >= .50 1 0.1 0.9 0
DAYS >= 1.00 0 0.0 0.0 0
GREATEST
24 HR. TOTAL 0.71 03/06 TO 03/06 0.14
DEGREE DAYS
HEATING TOTAL 1683 1717 -34 1498
SINCE 7/1 10488 10848 -360 MM
COOLING TOTAL 0 0 0 0
SINCE 1/1 0 0 0 MM
................................................................
WIND (MPH)
AVERAGE WIND SPEED 10.7
HIGHEST WIND SPEED/DIRECTION 40/110 DATE 03/20
HIGHEST GUST SPEED/DIRECTION 54/110 DATE 03/20
SKY COVER
AVERAGE SKY COVER 0.59
NUMBER OF DAYS FAIR 9
WEATHER CONDITIONS. NUMBER OF DAYS WITH
THUNDERSTORM 0 MIXED PRECIP 0
HEAVY RAIN 0 RAIN 0
LIGHT RAIN 2 FREEZING RAIN 0
LT FREEZING RAIN 3 HAIL 0
HEAVY SNOW 3 SNOW 6
LIGHT SNOW 23 SLEET 0
FOG 22 FOG W/VIS <= 1/4 MILE 5
HAZE 8
- INDICATES NEGATIVE NUMBERS.
R INDICATES RECORD WAS SET OR TIED.
MM INDICATES DATA IS MISSING.
T INDICATES TRACE AMOUNT.
$$