000
CXUS56 KOTX 011300
CLMOMK
CLIMATE REPORT
NATIONAL WEATHER SERVICE SPOKANE WA
600 AM PDT SAT JUL 01 2023
...................................
...THE OMAK WA AIRPORT CLIMATE SUMMARY FOR THE MONTH OF JUNE 2023...
CLIMATE NORMAL PERIOD 1991 TO 2020
CLIMATE RECORD PERIOD 9999 TO 9999
WEATHER OBSERVED NORMAL DEPART LAST YEAR`S
VALUE DATE(S) VALUE FROM VALUE DATE(S)
NORMAL
................................................................
TEMPERATURE (F)
RECORD
HIGH 117 06/29/2021
LOW 30 06/01/1976
HIGHEST 96 06/29 MM MM 95 06/27
06/30
LOWEST 39 06/19 MM MM 43 06/14
06/15
AVG. MAXIMUM 84.1 79.1 5.0 77.6
AVG. MINIMUM 53.9 51.1 2.8 52.2
MEAN 69.0 65.1 3.9 64.9
DAYS MAX >= 90 8 4.2 3.8 3
DAYS MAX <= 32 0 0.0 0.0 0
DAYS MIN <= 32 0 0.0 0.0 0
DAYS MIN <= 0 0 0.0 0.0 0
PRECIPITATION (INCHES)
RECORD
MAXIMUM 4.55 1936
MINIMUM T 1932
TOTALS 0.38 0.98 -0.60 2.45
DAILY AVG. 0.01 0.03 -0.02 0.08
DAYS >= .01 4 6.7 -2.7 10
DAYS >= .10 2 2.7 -0.7 8
DAYS >= .50 0 0.6 -0.6 1
DAYS >= 1.00 0 0.0 0.0 0
GREATEST
24 HR. TOTAL 0.32 06/09 TO 06/10 1.08
DEGREE DAYS
HEATING TOTAL 36 78 -42 50
SINCE 7/1 6291 6177 114 MM
COOLING TOTAL 163 81 82 54
SINCE 1/1 275 102 173 MM
................................................................
WIND (MPH)
AVERAGE WIND SPEED 8.0
HIGHEST WIND SPEED/DIRECTION 38/130 DATE 06/08
HIGHEST GUST SPEED/DIRECTION 48/130 DATE 06/08
SKY COVER
POSSIBLE SUNSHINE (PERCENT) MM
AVERAGE SKY COVER 0.21
NUMBER OF DAYS FAIR 22
NUMBER OF DAYS PC 6
NUMBER OF DAYS CLOUDY 2
AVERAGE RH (PERCENT) 47
WEATHER CONDITIONS. NUMBER OF DAYS WITH
THUNDERSTORM 1 MIXED PRECIP 0
HEAVY RAIN 0 RAIN 2
LIGHT RAIN 4 FREEZING RAIN 0
LT FREEZING RAIN 0 HAIL 0
HEAVY SNOW 0 SNOW 0
LIGHT SNOW 0 SLEET 0
FOG 1 FOG W/VIS <= 1/4 MILE 0
HAZE 2
- INDICATES NEGATIVE NUMBERS.
R INDICATES RECORD WAS SET OR TIED.
MM INDICATES DATA IS MISSING.
T INDICATES TRACE AMOUNT.
$$