000
CXUS56 KSGX 011045
CF6ONT
PRELIMINARY LOCAL CLIMATOLOGICAL DATA (WS FORM: F-6)
STATION: ONTARIO INTL AIRPORT CA
MONTH: OCTOBER
YEAR: 2022
LATITUDE: 34 2 N
LONGITUDE: 117 37 W
TEMPERATURE IN F: :PCPN: SNOW: WIND :SUNSHINE: SKY :PK WND
================================================================================
1 2 3 4 5 6A 6B 7 8 9 10 11 12 13 14 15 16 17 18
12Z AVG MX 2MIN
DY MAX MIN AVG DEP HDD CDD WTR SNW DPTH SPD SPD DIR MIN PSBL S-S WX SPD DR
================================================================================
1 81 62 72 -2 0 7 0.00 M M 6.5 15 240 M M 6 8 19 250
2 85 61 73 0 0 8 0.00 M M 5.3 13 230 M M 4 8 19 230
3 87 62 75 2 0 10 0.00 M M 5.5 14 250 M M 1 18 250
4 89 63 76 3 0 11 0.00 M M 6.1 16 260 M M 1 8 20 260
5 90 62 76 4 0 11 0.00 M M 4.6 15 250 M M 1 18 21 250
6 86 64 75 3 0 10 0.00 M M 5.9 14 250 M M 6 18 17 270
7 89 63 76 4 0 11 0.00 M M 4.7 20 260 M M 2 18 23 240
8 90 64 77 5 0 12 0.00 M M 5.0 16 260 M M 2 18 20 240
9 86 62 74 3 0 9 T M M 5.9 17 250 M M 1 138 20 240
10 85 62 74 3 0 9 0.00 M M 6.8 16 260 M M 5 18 21 260
11 80 63 72 1 0 7 T M M 5.5 17 270 M M 8 18 20 280
12 84 63 74 3 0 9 0.00 M M 6.7 16 250 M M 6 18 20 250
13 79 60 70 0 0 5 0.00 M M 5.6 13 240 M M 5 18 17 270
14 72 63 68 -2 0 3 0.00 M M 5.7 14 230 M M 9 18 17 220
15 69 60 65 -5 0 0 0.30 M M 7.4 15 240 M M 10 13 21 270
16 69 59 64 -6 1 0 0.00 M M 3.0 9 280 M M 7 1 12 280
17 83 57 70 0 0 5 0.00 M M 3.5 13 230 M M 1 18 17 270
18 95 60 78 9 0 13 0.00 M M 4.5 21 20 M M 1 8 26 30
19 95 60 78 9 0 13 0.00 M M 4.8 17 10 M M 2 21 30
20 90 66 78 9 0 13 0.00 M M 4.8 16 260 M M 6 20 250
21 83 61 72 3 0 7 0.00 M M 6.0 14 260 M M 3 1 17 250
22 72 58 65 -3 0 0 T M M 9.6 18 230 M M 8 1 24 210
23 72 54 63 -5 2 0 0.00 M M 5.6 15 270 M M 4 20 240
24 75 51 63 -5 2 0 0.00 M M 4.6 18 20 M M 0 24 70
25 79 52 66 -2 0 1 0.00 M M 4.7 15 230 M M 0 21 220
26 75 51 63 -5 2 0 0.00 M M 4.9 14 280 M M 3 17 270
27 78 54 66 -1 0 1 0.00 M M 3.4 10 220 M M 3 13 270
28 81 51 66 -1 0 1 0.00 M M 3.7 14 260 M M 2 19 250
29 81 51 66 -1 0 1 0.00 M M 3.2 13 270 M M 2 17 290
30 84 49 67 0 0 2 0.00 M M 4.6 12 250 M M 2 16 270
31 83 50 67 1 0 2 0.00 M M 4.2 15 260 M M 5 21 250
================================================================================
SM 2547 1818 7 181 0.30 M 162.3 M 116
================================================================================
AV 82.2 58.6 5.2 FASTST M M 4 MAX(MPH)
MISC ----> 21 20 26 30
================================================================================
NOTES:
# LAST OF SEVERAL OCCURRENCES
COLUMN 17 PEAK WIND IN M.P.H.
PRELIMINARY LOCAL CLIMATOLOGICAL DATA (WS FORM: F-6) , PAGE 2
STATION: ONTARIO INTL AIRPORT CA
MONTH: OCTOBER
YEAR: 2022
LATITUDE: 34 2 N
LONGITUDE: 117 37 W
[TEMPERATURE DATA] [PRECIPITATION DATA] SYMBOLS USED IN COLUMN 16
AVERAGE MONTHLY: 70.4 TOTAL FOR MONTH: 0.30 1 = FOG OR MIST
DPTR FM NORMAL: 0.6 DPTR FM NORMAL: -0.11 2 = FOG REDUCING VISIBILITY
HIGHEST: 95 ON 19,18 GRTST 24HR 0.30 ON 15-15 TO 1/4 MILE OR LESS
LOWEST: 49 ON 30 3 = THUNDER
SNOW, ICE PELLETS, HAIL 4 = ICE PELLETS
TOTAL MONTH: M 5 = HAIL
GRTST 24HR M ON M 6 = FREEZING RAIN OR DRIZZLE
GRTST DEPTH: M ON M 7 = DUSTSTORM OR SANDSTORM:
VSBY 1/2 MILE OR LESS
8 = SMOKE OR HAZE
[NO. OF DAYS WITH] [WEATHER - DAYS WITH] 9 = BLOWING SNOW
X = TORNADO
MAX 32 OR BELOW: 0 0.01 INCH OR MORE: 1
MAX 90 OR ABOVE: 5 0.10 INCH OR MORE: 1
MIN 32 OR BELOW: 0 0.50 INCH OR MORE: 0
MIN 0 OR BELOW: 0 1.00 INCH OR MORE: 0
[HDD (BASE 65) ]
TOTAL THIS MO. 7 CLEAR (SCALE 0-3) 16
DPTR FM NORMAL -19 PTCLDY (SCALE 4-7) 13
TOTAL FM JUL 1 7 CLOUDY (SCALE 8-10) 2
DPTR FM NORMAL -17
[CDD (BASE 65) ]
TOTAL THIS MO. 181
DPTR FM NORMAL 5 [PRESSURE DATA]
TOTAL FM JAN 1 2301 HIGHEST SLP 30.16 ON 24
DPTR FM NORMAL 374 LOWEST SLP 29.71 ON 22
[REMARKS]
#FINAL-10-22#