000
CXUS54 KMRX 011030
CF6OQT
PRELIMINARY LOCAL CLIMATOLOGICAL DATA (WS FORM: F-6)
STATION: OAK RIDGE
MONTH: MAY
YEAR: 2023
LATITUDE: 36 1 N
LONGITUDE: 84 14 W
TEMPERATURE IN F: :PCPN: SNOW: WIND :SUNSHINE: SKY :PK WND
================================================================================
1 2 3 4 5 6A 6B 7 8 9 10 11 12 13 14 15 16 17 18
12Z AVG MX 2MIN
DY MAX MIN AVG DEP HDD CDD WTR SNW DPTH SPD SPD DIR MIN PSBL S-S WX SPD DR
================================================================================
1 63 41 52 -12 13 0 0.00 M M 4.6 17 280 M M 5 32 270
2 66 44 55 -10 10 0 0.00 M M 4.5 17 270 M M 3 35 250
3 69 45 57 -8 8 0 0.00 M M 2.6 16 290 M M 1 28 250
4 72 39 56 -9 9 0 0.00 M M 0.9 7 320 M M 0 12 240
5 77 49 63 -2 2 0 T M M 2.6 10 250 M M 0 22 200
6 77 58 68 2 0 3 T M M 1.1 8 140 M M 6 16 140
7 81 59 70 4 0 5 0.62 M M 2.2 15 350 M M 6 1 31 350
8 78 61 70 4 0 5 0.09 M M 1.5 10 270 M M 7 1 19 250
9 84 62 73 7 0 8 0.42 M M 2.0 24 260 M M 3 1 54 240
10 83 57 70 3 0 5 0.00 M M 1.3 8 80 M M 0 15 50
11 78 58 68 1 0 3 0.00 M M 1.2 8 250 M M 3 14 230
12 79 63 71 4 0 6 0.02 M M 1.7 9 260 M M 6 1 18 180
13 83 63 73 5 0 8 0.00 M M 0.5 7 90 M M 3 13 140
14 84 65 75 7 0 10 0.71 M M 0.8 9 80 M M 6 128 17 60
15 80 64 72 4 0 7 0.21 M M 1.2 7 270 M M 5 12 11 220
16 85 66 76 8 0 11 1.60 M M 1.0 22 300 M M 9 1 40 300
17 80 62 71 2 0 6 0.00 M M 1.4 9 80 M M 3 1 17 60
18 79 62 71 2 0 6 T M M 1.5 7 80 M M 8 13 180
19 82 59 71 2 0 6 0.00 M M 0.8 7 200 M M 3 12 12 200
20 71 59 65 -4 0 0 0.25 M M 1.6 8 230 M M 8 1 18 220
21 77 55 66 -4 0 1 0.00 M M 1.5 10 80 M M 1 1 18 330
22 81 59 70 0 0 5 0.00 M M 1.5 7 140 M M 4 13 80
23 80 60 70 0 0 5 0.00 M M 1.7 10 90 M M 2 18 90
24 80 55 68 -2 0 3 0.00 M M 1.5 10 80 M M 0 17 60
25 83 54 69 -2 0 4 0.00 M M 2.2 9 80 M M 1 22 20
26 80 59 70 -1 0 5 0.00 M M 1.9 9 90 M M 1 13 80
27 73 58 66 -5 0 1 0.00 M M 3.2 10 80 M M 0 21 90
28 62 55 59 -13 6 0 T M M 3.2 9 80 M M 8 19 80
29 73 57 65 -7 0 0 0.00 M M 2.0 7 99 M M 9 15 80
30 84 57 71 -1 0 6 0.00 M M 2.2 8 90 M M 3 1 13 20
31 86 61 74 2 0 9 T M M 1.9 7 140 M M 4 14 120
================================================================================
SM 2410 1766 48 128 3.92 M 57.8 M 118
================================================================================
AV 77.7 57.0 1.9 FASTST M M 4 MAX(MPH)
MISC ----> 24 260 54 240
================================================================================
NOTES:
# LAST OF SEVERAL OCCURRENCES
COLUMN 17 PEAK WIND IN M.P.H.
PRELIMINARY LOCAL CLIMATOLOGICAL DATA (WS FORM: F-6) , PAGE 2
STATION: OAK RIDGE
MONTH: MAY
YEAR: 2023
LATITUDE: 36 1 N
LONGITUDE: 84 14 W
[TEMPERATURE DATA] [PRECIPITATION DATA] SYMBOLS USED IN COLUMN 16
AVERAGE MONTHLY: 67.4 TOTAL FOR MONTH: 3.92 1 = FOG OR MIST
DPTR FM NORMAL: -0.9 DPTR FM NORMAL: -0.15 2 = FOG REDUCING VISIBILITY
HIGHEST: 86 ON 31 GRTST 24HR 1.60 ON 16-16 TO 1/4 MILE OR LESS
LOWEST: 39 ON 4 3 = THUNDER
SNOW, ICE PELLETS, HAIL 4 = ICE PELLETS
TOTAL MONTH: M 5 = HAIL
GRTST 24HR M ON M 6 = FREEZING RAIN OR DRIZZLE
GRTST DEPTH: M ON M 7 = DUSTSTORM OR SANDSTORM:
VSBY 1/2 MILE OR LESS
8 = SMOKE OR HAZE
[NO. OF DAYS WITH] [WEATHER - DAYS WITH] 9 = BLOWING SNOW
X = TORNADO
MAX 32 OR BELOW: 0 0.01 INCH OR MORE: 8
MAX 90 OR ABOVE: 0 0.10 INCH OR MORE: 6
MIN 32 OR BELOW: 0 0.50 INCH OR MORE: 3
MIN 0 OR BELOW: 0 1.00 INCH OR MORE: 1
[HDD (BASE 65) ]
TOTAL THIS MO. 48 CLEAR (SCALE 0-3) 15
DPTR FM NORMAL 0 PTCLDY (SCALE 4-7) 13
TOTAL FM JUL 1 3077 CLOUDY (SCALE 8-10) 3
DPTR FM NORMAL -402
[CDD (BASE 65) ]
TOTAL THIS MO. 128
DPTR FM NORMAL -23 [PRESSURE DATA]
TOTAL FM JAN 1 167 HIGHEST SLP 30.26 ON 6
DPTR FM NORMAL -29 LOWEST SLP 29.62 ON 1
[REMARKS]
#FINAL-05-23#