000
CXUS51 KAKQ 042016
CF6ORF
PRELIMINARY LOCAL CLIMATOLOGICAL DATA (WS FORM: F-6)
STATION: NORFOLK VA
MONTH: OCTOBER
YEAR: 2023
LATITUDE: 36 54 N
LONGITUDE: 76 12 W
TEMPERATURE IN F: :PCPN: SNOW: WIND :SUNSHINE: SKY :PK WND
================================================================================
1 2 3 4 5 6A 6B 7 8 9 10 11 12 13 14 15 16 17 18
12Z AVG MX 2MIN
DY MAX MIN AVG DEP HDD CDD WTR SNW DPTH SPD SPD DIR MIN PSBL S-S WX SPD DR
================================================================================
1 74 60 67 -2 0 2 0.00 0.0 0 7.1 17 360 M M 0 24 10
2 76 61 69 0 0 4 0.00 0.0 0 7.0 15 10 M M 0 8 17 10
3 76 61 69 0 0 4 0.00 0.0 0 4.2 12 30 M M 0 1 14 20
4 76 58 67 -1 0 2 0.00 0.0 0 4.0 13 40 M M 0 1 24 80
5 79 65 72 4 0 7 T 0.0 0 5.8 16 70 M M 4 1 21 70
6 78 67 73 5 0 8 0.00 0.0 0 3.5 10 50 M M 0 1 14 30
7 74 57 66 -1 0 1 0.06 0.0 0 6.2 20 360 M M 3 1 31 340
8 65 47 56 -11 9 0 0.00 0.0 0 6.7 16 240 M M 1 22 240
9 70 47 59 -7 6 0 0.00 0.0 0 8.4 18 220 M M 3 28 180
10 74 52 63 -3 2 0 T 0.0 0 5.5 16 230 M M 3 20 230
11 72 58 65 -1 0 0 T 0.0 0 3.2 10 20 M M 2 14 20
12 73 57 65 0 0 0 0.00 0.0 0 2.4 10 60 M M 0 1 15 40
13 72 54 63 -2 2 0 0.00 0.0 0 3.6 13 30 M M 0 1 17 30
14 68 58 63 -1 2 0 0.75 0.0 0 5.5 14 300 M M 8 1 24 140
15 63 53 58 -6 7 0 0.01 0.0 0 8.4 17 360 M M 8 1 29 330
16 64 52 58 -6 7 0 0.00 0.0 0 6.6 15 360 M M 3 23 320
17 65 51 58 -5 7 0 0.00 0.0 0 5.5 15 360 M M 4 21 360
18 66 50 58 -5 7 0 0.00 0.0 0 3.9 12 20 M M 1 15 360
19 72 48 60 -2 5 0 T 0.0 0 5.8 14 170 M M 4 23 130
20 75 58 67 5 0 2 0.24 0.0 0 8.5 24 210 M M 7 1 29 210
21 69 56 63 1 2 0 0.02 0.0 0 9.1 17 280 M M 5 29 280
22 70 51 61 0 4 0 0.00 0.0 0 10.4 21 350 M M 1 31 360
23 61 47 54 -7 11 0 0.00 0.0 0 6.3 20 10 M M 0 29 340
24 66 44 55 -6 10 0 0.00 0.0 0 3.1 9 40 M M 0 13 40
25 76 50 63 3 2 0 0.00 0.0 0 4.8 13 230 M M 0 1 17 230
26 80 55 68 8 0 3 0.00 0.0 0 6.4 12 200 M M 0 19 160
27 82 57 70 10 0 5 0.00 0.0 0 8.1 15 220 M M 0 22 230
28 83 61 72 13 0 7 0.00 0.0 0 5.0 12 240 M M 0 15 230
29 85 62 74 15 0 9 0.00 0.0 0 7.0 17 220 M M 0 22 200
30 85 60 73 15 0 8 T 0.0 0 14.8 29 20 M M 2 41 30
31 60 51 56 -2 9 0 0.05 0.0 0 14.9 24 30 M M 10 1 33 30
================================================================================
SM 2249 1708 92 62 1.13 0.0 201.7 M 69
================================================================================
AV 72.5 55.1 6.5 FASTST M M 2 MAX(MPH)
MISC ----> 29 20 41 30
================================================================================
NOTES:
# LAST OF SEVERAL OCCURRENCES
COLUMN 17 PEAK WIND IN M.P.H.
PRELIMINARY LOCAL CLIMATOLOGICAL DATA (WS FORM: F-6) , PAGE 2
STATION: NORFOLK VA
MONTH: OCTOBER
YEAR: 2023
LATITUDE: 36 54 N
LONGITUDE: 76 12 W
[TEMPERATURE DATA] [PRECIPITATION DATA] SYMBOLS USED IN COLUMN 16
AVERAGE MONTHLY: 63.8 TOTAL FOR MONTH: 1.13 1 = FOG OR MIST
DPTR FM NORMAL: 0.1 DPTR FM NORMAL: -2.73 2 = FOG REDUCING VISIBILITY
HIGHEST: 85 ON 30,29 GRTST 24HR 0.76 ON 14-15 TO 1/4 MILE OR LESS
LOWEST: 44 ON 24 3 = THUNDER
SNOW, ICE PELLETS, HAIL 4 = ICE PELLETS
TOTAL MONTH: 0.0 INCH 5 = HAIL
GRTST 24HR 0.0 6 = FREEZING RAIN OR DRIZZLE
GRTST DEPTH: 0 7 = DUSTSTORM OR SANDSTORM:
VSBY 1/2 MILE OR LESS
8 = SMOKE OR HAZE
[NO. OF DAYS WITH] [WEATHER - DAYS WITH] 9 = BLOWING SNOW
X = TORNADO
MAX 32 OR BELOW: 0 0.01 INCH OR MORE: 6
MAX 90 OR ABOVE: 0 0.10 INCH OR MORE: 2
MIN 32 OR BELOW: 0 0.50 INCH OR MORE: 1
MIN 0 OR BELOW: 0 1.00 INCH OR MORE: 0
[HDD (BASE 65) ]
TOTAL THIS MO. 92 CLEAR (SCALE 0-3) 22
DPTR FM NORMAL -23 PTCLDY (SCALE 4-7) 8
TOTAL FM JUL 1 92 CLOUDY (SCALE 8-10) 1
DPTR FM NORMAL -28
[CDD (BASE 65) ]
TOTAL THIS MO. 62
DPTR FM NORMAL -13 [PRESSURE DATA]
TOTAL FM JAN 1 1743 HIGHEST SLP 30.42 ON 24
DPTR FM NORMAL -117 LOWEST SLP 29.41 ON 21
[REMARKS]
#FINAL-10-23#