000
CXUS51 KBOX 010810
CF6ORH
PRELIMINARY LOCAL CLIMATOLOGICAL DATA (WS FORM: F-6)
STATION: WORCESTER MA
MONTH: APRIL
YEAR: 2022
LATITUDE: 42 16 N
LONGITUDE: 71 52 W
TEMPERATURE IN F: :PCPN: SNOW: WIND :SUNSHINE: SKY :PK WND
================================================================================
1 2 3 4 5 6A 6B 7 8 9 10 11 12 13 14 15 16 17 18
12Z AVG MX 2MIN
DY MAX MIN AVG DEP HDD CDD WTR SNW DPTH SPD SPD DIR MIN PSBL S-S WX SPD DR
================================================================================
1 56 34 45 5 20 0 0.45 0.0 M 14.9 28 280 M M 7 1 39 270
2 50 34 42 2 23 0 0.00 0.0 M 12.9 31 300 M M 3 42 300
3 49 35 42 1 23 0 0.12 T M 5.2 13 160 M M 5 1 23 100
4 52 34 43 2 22 0 0.00 0.0 M 12.6 24 300 M M 3 31 290
5 59 33 46 4 19 0 0.00 0.0 M 7.9 17 230 M M 1 22 230
6 45 41 43 1 22 0 0.12 0.0 M 7.4 16 70 M M 9 1 22 70
7 50 39 45 3 20 0 0.06 0.0 M 10.4 18 90 M M 9 1 27 80
8 57 42 50 7 15 0 1.22 0.0 M 8.3 21 270 M M 7 12 27 290
9 52 38 45 2 20 0 0.11 0.0 M 9.2 29 250 M M 6 13 38 260
10 49 35 42 -2 23 0 0.00 0.0 M 14.9 24 300 M M 5 31 310
11 59 34 47 3 18 0 T 0.0 M 12.2 22 300 M M 0 31 280
12 66 46 56 11 9 0 0.05 0.0 M 12.5 21 310 M M 5 27 240
13 72 46 59 14 6 0 T 0.0 M 8.9 23 230 M M 3 29 230
14 56 44 50 4 15 0 0.22 0.0 M 7.6 14 40 M M 6 1 21 40
15 63 42 53 7 12 0 T 0.0 M 14.7 28 300 M M 1 1 35 300
16 65 40 53 7 12 0 0.29 0.0 M 15.6 28 220 M M 5 1 36 240
17 43 35 39 -8 26 0 0.01 T M 12.6 26 340 M M 4 5 34 330
18 55 29 42 -5 23 0 0.00 0.0 M 10.3 20 140 M M 1 26 70
19 50 37 44 -4 21 0 1.06 0.0 M 16.5 30 250 M M 8 12 41 260
20 52 36 44 -4 21 0 0.00 0.0 M 15.7 30 280 M M 2 41 300
21 58 39 49 1 16 0 0.00 0.0 M 11.4 24 210 M M 3 33 210
22 61 43 52 3 13 0 0.01 0.0 M 12.7 28 300 M M 1 37 270
23 62 39 51 2 14 0 0.00 0.0 M 7.6 18 280 M M 3 27 280
24 51 40 46 -4 19 0 T 0.0 M 6.8 14 70 M M 7 20 70
25 63 39 51 1 14 0 0.00 0.0 M 7.0 16 190 M M 1 20 210
26 52 46 49 -2 16 0 0.17 0.0 M 6.2 14 220 M M 10 1 18 220
27 52 38 45 -6 20 0 0.02 0.0 M 17.4 30 300 M M 8 1 39 290
28 49 36 43 -8 22 0 0.00 0.0 M 18.8 30 320 M M 5 42 320
29 54 34 44 -8 21 0 0.00 0.0 M 14.2 29 310 M M 1 37 320
30 59 37 48 -4 17 0 0.00 0.0 M 9.0 20 320 M M 1 26 310
================================================================================
SM 1661 1145 542 0 3.91 T 341.4 M 130
================================================================================
AV 55.4 38.2 11.4 FASTST M M 4 MAX(MPH)
MISC ----> 31 300 # 42 300
================================================================================
NOTES:
# LAST OF SEVERAL OCCURRENCES
COLUMN 17 PEAK WIND IN M.P.H.
PRELIMINARY LOCAL CLIMATOLOGICAL DATA (WS FORM: F-6) , PAGE 2
STATION: WORCESTER MA
MONTH: APRIL
YEAR: 2022
LATITUDE: 42 16 N
LONGITUDE: 71 52 W
[TEMPERATURE DATA] [PRECIPITATION DATA] SYMBOLS USED IN COLUMN 16
AVERAGE MONTHLY: 46.8 TOTAL FOR MONTH: 3.91 1 = FOG OR MIST
DPTR FM NORMAL: 0.7 DPTR FM NORMAL: -0.17 2 = FOG REDUCING VISIBILITY
HIGHEST: 72 ON 13 GRTST 24HR 1.28 ON 7- 8 TO 1/4 MILE OR LESS
LOWEST: 29 ON 18 3 = THUNDER
SNOW, ICE PELLETS, HAIL 4 = ICE PELLETS
TOTAL MONTH: T 5 = HAIL
GRTST 24HR T ON 3- 3 6 = FREEZING RAIN OR DRIZZLE
GRTST DEPTH: M ON M 7 = DUSTSTORM OR SANDSTORM:
VSBY 1/2 MILE OR LESS
8 = SMOKE OR HAZE
[NO. OF DAYS WITH] [WEATHER - DAYS WITH] 9 = BLOWING SNOW
X = TORNADO
MAX 32 OR BELOW: 0 0.01 INCH OR MORE: 14
MAX 90 OR ABOVE: 0 0.10 INCH OR MORE: 9
MIN 32 OR BELOW: 1 0.50 INCH OR MORE: 2
MIN 0 OR BELOW: 0 1.00 INCH OR MORE: 2
[HDD (BASE 65) ]
TOTAL THIS MO. 542 CLEAR (SCALE 0-3) 12
DPTR FM NORMAL -28 PTCLDY (SCALE 4-7) 15
TOTAL FM JUL 1 5699 CLOUDY (SCALE 8-10) 3
DPTR FM NORMAL -567
[CDD (BASE 65) ]
TOTAL THIS MO. 0
DPTR FM NORMAL -3 [PRESSURE DATA]
TOTAL FM JAN 1 0 HIGHEST SLP 30.55 ON 21
DPTR FM NORMAL -3 LOWEST SLP 29.39 ON 1
[REMARKS]
#FINAL-04-22#