000
CXUS53 KGRB 161239
CF6OSH
PRELIMINARY LOCAL CLIMATOLOGICAL DATA (WS FORM: F-6)
STATION: OSHKOSH WI
MONTH: JULY
YEAR: 2021
LATITUDE: 44 0 N
LONGITUDE: 88 34 W
TEMPERATURE IN F: :PCPN: SNOW: WIND :SUNSHINE: SKY :PK WND
================================================================================
1 2 3 4 5 6A 6B 7 8 9 10 11 12 13 14 15 16 17 18
12Z AVG MX 2MIN
DY MAX MIN AVG DEP HDD CDD WTR SNW DPTH SPD SPD DIR MIN PSBL S-S WX SPD DR
================================================================================
1 75 59 67 -3 0 2 0.00 0.0 0 8.1 16 30 M M 0 21 30
2 75 53 64 -6 1 0 0.00 0.0 0 4.7 10 10 M M 0 14 80
3 87 62 75 4 0 10 0.00 0.0 0 8.2 17 290 M M 1 24 300
4 88 63 76 5 0 11 0.00 0.0 0 6.5 15 200 M M 0 23 210
5 90 74 82 11 0 17 0.00 0.0 0 8.2 15 220 M M 1 3 25 250
6 90 64 77 6 0 12 1.45 0.0 0 8.1 43 120 M M 4 13 68 120
7 66 58 62 -9 3 0 1.19 0.0 0 10.5 21 10 M M 10 13 27 360
8 69 54 62 -9 3 0 0.00 0.0 0 8.0 15 360 M M 7 1 20 350
9 76 53 65 -6 0 0 0.00 0.0 0 4.6 10 80 M M 1 16 90
10 75 55 65 -6 0 0 0.00 0.0 0 4.9 12 110 M M 0 16 110
11 78 63 71 0 0 6 0.00 0.0 0 8.7 17 80 M M 0 24 100
12 78 61 70 -1 0 5 0.01 0.0 0 5.4 13 80 M M 4 1 18 80
13 83 67 75 4 0 10 0.00 0.0 0 4.3 10 260 M M 7 8 15 250
14 82 65 74 3 0 9 2.66 0.0 0 6.4 18 310 M M 4 13 28 280
15 78 64 71 -1 0 6 0.68 0.0 0 5.3 14 350 M M 6 13 19 330
16 79 60 70 -2 0 5 0.00 0.0 0 6.0 14 50 M M 2 1 20 50
17 79 60 70 -2 0 5 0.00 0.0 0 5.1 14 30 M M 1 20 70
18 82 58 70 -2 0 5 0.00 0.0 0 2.9 8 70 M M 0 12 90
19 83 64 74 2 0 9 0.00 0.0 0 4.1 9 300 M M 1 14 300
20 83 65 74 2 0 9 0.00 0.0 0 7.7 18 100 M M 3 8 25 90
21 75 59 67 -5 0 2 0.00 0.0 0 6.1 15 40 M M 2 19 30
22 79 58 69 -3 0 4 0.00 0.0 0 5.5 12 190 M M 4 1 17 150
23 88 67 78 6 0 13 0.00 0.0 0 6.5 14 200 M M 1 18 22 200
24 86 70 78 6 0 13 0.03 0.0 0 9.1 16 310 M M 4 18 28 310
25 87 66 77 5 0 12 0.00 0.0 0 6.7 15 320 M M 0 24 290
26 89 60 75 4 0 10 0.00 0.0 0 4.7 12 220 M M 0 38 22 220
27 86 65 76 5 0 11 0.21 0.0 0 6.1 26 340 M M 5 138 42 10
28 85 65 75 4 0 10 1.08 0.0 0 4.9 29 20 M M 1 13 39 180
29 81 67 74 3 0 9 0.03 0.0 0 8.8 22 20 M M 5 38 29 30
30 72 58 65 -6 0 0 0.00 0.0 0 6.4 16 40 M M 1 8 20 50
31 79 57 68 -3 0 3 T 0.0 0 6.5 14 290 M M 4 18 21 300
================================================================================
SM 2503 1914 7 208 7.34 0.0 199.0 M 79
================================================================================
AV 80.7 61.7 6.4 FASTST M M 3 MAX(MPH)
MISC ----> 43 120 68 120
================================================================================
NOTES:
# LAST OF SEVERAL OCCURRENCES
COLUMN 17 PEAK WIND IN M.P.H.
PRELIMINARY LOCAL CLIMATOLOGICAL DATA (WS FORM: F-6) , PAGE 2
STATION: OSHKOSH WI
MONTH: JULY
YEAR: 2021
LATITUDE: 44 0 N
LONGITUDE: 88 34 W
[TEMPERATURE DATA] [PRECIPITATION DATA] SYMBOLS USED IN COLUMN 16
AVERAGE MONTHLY: 71.2 TOTAL FOR MONTH: 7.34 1 = FOG OR MIST
DPTR FM NORMAL: -0.1 DPTR FM NORMAL: 3.65 2 = FOG REDUCING VISIBILITY
HIGHEST: 90 ON 6, 5 GRTST 24HR 3.34 ON 14-15 TO 1/4 MILE OR LESS
LOWEST: 53 ON 9, 2 3 = THUNDER
SNOW, ICE PELLETS, HAIL 4 = ICE PELLETS
TOTAL MONTH: 0.0 INCH 5 = HAIL
GRTST 24HR 0.0 6 = FREEZING RAIN OR DRIZZLE
GRTST DEPTH: 0 7 = DUSTSTORM OR SANDSTORM:
VSBY 1/2 MILE OR LESS
8 = SMOKE OR HAZE
[NO. OF DAYS WITH] [WEATHER - DAYS WITH] 9 = BLOWING SNOW
X = TORNADO
MAX 32 OR BELOW: 0 0.01 INCH OR MORE: 9
MAX 90 OR ABOVE: 2 0.10 INCH OR MORE: 6
MIN 32 OR BELOW: 0 0.50 INCH OR MORE: 5
MIN 0 OR BELOW: 0 1.00 INCH OR MORE: 4
[HDD (BASE 65) ]
TOTAL THIS MO. 7 CLEAR (SCALE 0-3) 18
DPTR FM NORMAL -4 PTCLDY (SCALE 4-7) 12
TOTAL FM JUL 1 7 CLOUDY (SCALE 8-10) 1
DPTR FM NORMAL 5
[CDD (BASE 65) ]
TOTAL THIS MO. 208
DPTR FM NORMAL 3 [PRESSURE DATA]
TOTAL FM JAN 1 469 HIGHEST SLP 30.24 ON 18
DPTR FM NORMAL 116 LOWEST SLP 29.75 ON 24
[REMARKS]
#FINAL-07-21#