000
CXUS56 KLOX 011256
CF6OXR
PRELIMINARY LOCAL CLIMATOLOGICAL DATA (WS FORM: F-6)
STATION: OXNARD AIRPORT CA
MONTH: FEBRUARY
YEAR: 2024
LATITUDE: 34 12 N
LONGITUDE: 119 12 W
TEMPERATURE IN F: :PCPN: SNOW: WIND :SUNSHINE: SKY :PK WND
================================================================================
1 2 3 4 5 6A 6B 7 8 9 10 11 12 13 14 15 16 17 18
12Z AVG MX 2MIN
DY MAX MIN AVG DEP HDD CDD WTR SNW DPTH SPD SPD DIR MIN PSBL S-S WX SPD DR
================================================================================
1 61 52 57 1 8 0 1.96 M M 9.7 25 30 M M 8 18 36 140
2 62 46 54 -2 11 0 0.02 M M 14.5 30 270 M M 1 39 270
3 60 44 52 -4 13 0 0.04 M M 4.9 14 60 M M 4 18 60
4 59 51 55 -1 10 0 1.86 M M 13.2 25 120 M M 9 1 42 130
5 60 53 57 1 8 0 0.61 M M 4.7 15 150 M M 10 1 24 140
6 57 46 52 -4 13 0 0.69 M M 5.2 13 270 M M 9 1 17 260
7 59 43 51 -5 14 0 0.22 M M 11.7 28 280 M M 4 1 37 270
8 59 41 50 -6 15 0 0.00 M M 12.5 25 280 M M 0 33 280
9 59 44 52 -4 13 0 0.00 M M 6.8 14 280 M M 0 21 260
10 60 40 50 -6 15 0 0.00 M M 6.3 18 280 M M 0 22 300
11 65 44 55 -1 10 0 0.00 M M 7.0 15 70 M M 0 20 70
12 65 46 56 0 9 0 0.00 M M 7.6 13 270 M M 0 17 290
13 62 44 53 -3 12 0 0.00 M M 6.1 14 270 M M 1 17 280
14 62 46 54 -2 11 0 0.00 M M 7.1 13 270 M M 6 17 260
15 62 48 55 -1 10 0 0.00 M M 5.9 14 260 M M 6 1 19 240
16 63 48 56 -1 9 0 0.00 M M 5.4 13 250 M M 4 1 17 140
17 63 51 57 0 8 0 0.01 M M 5.1 13 290 M M 9 1 17 220
18 63 54 59 2 6 0 0.65 M M 5.9 14 130 M M 10 18 20 140
19 59 56 58 1 7 0 2.01 M M 9.7 17 160 M M 10 1 28 160
20 64 56 60 3 5 0 0.93 M M 4.8 13 160 M M 10 1 20 170
21 63 53 58 1 7 0 0.66 M M 5.6 14 240 M M 4 1 18 240
22 63 49 56 -1 9 0 0.00 M M 6.7 16 280 M M 0 21 280
23 77 50 64 7 1 0 0.00 M M 5.1 20 90 M M 1 26 80
24 72 51 62 5 3 0 0.00 M M 3.8 13 260 M M 2 1 17 250
25 65 49 57 0 8 0 0.00 M M 3.9 15 280 M M 2 19 290
26 61 50 56 -1 9 0 0.09 M M 2.9 12 260 M M 6 1 14 260
27 63 50 57 0 8 0 0.00 M M 3.7 10 230 M M 3 1 16 240
28 64 51 58 1 7 0 0.00 M M 6.0 12 280 M M 1 15 260
29 62 52 57 0 8 0 T M M 4.3 12 240 M M 8 1 23 190
================================================================================
SM 1814 1408 267 0 9.75 M 196.1 M 128
================================================================================
AV 62.6 48.6 6.8 FASTST M M 4 MAX(MPH)
MISC ----> 30 270 42 130
================================================================================
NOTES:
# LAST OF SEVERAL OCCURRENCES
COLUMN 17 PEAK WIND IN M.P.H.
PRELIMINARY LOCAL CLIMATOLOGICAL DATA (WS FORM: F-6) , PAGE 2
STATION: OXNARD AIRPORT CA
MONTH: FEBRUARY
YEAR: 2024
LATITUDE: 34 12 N
LONGITUDE: 119 12 W
[TEMPERATURE DATA] [PRECIPITATION DATA] SYMBOLS USED IN COLUMN 16
AVERAGE MONTHLY: 55.6 TOTAL FOR MONTH: 9.75 1 = FOG OR MIST
DPTR FM NORMAL: -1.0 DPTR FM NORMAL: 6.49 2 = FOG REDUCING VISIBILITY
HIGHEST: 77 ON 23 GRTST 24HR 2.28 ON 19-20 TO 1/4 MILE OR LESS
LOWEST: 40 ON 10 3 = THUNDER
SNOW, ICE PELLETS, HAIL 4 = ICE PELLETS
TOTAL MONTH: M 5 = HAIL
GRTST 24HR M ON M 6 = FREEZING RAIN OR DRIZZLE
GRTST DEPTH: M ON M 7 = DUSTSTORM OR SANDSTORM:
VSBY 1/2 MILE OR LESS
8 = SMOKE OR HAZE
[NO. OF DAYS WITH] [WEATHER - DAYS WITH] 9 = BLOWING SNOW
X = TORNADO
MAX 32 OR BELOW: 0 0.01 INCH OR MORE: 13
MAX 90 OR ABOVE: 0 0.10 INCH OR MORE: 9
MIN 32 OR BELOW: 0 0.50 INCH OR MORE: 8
MIN 0 OR BELOW: 0 1.00 INCH OR MORE: 3
[HDD (BASE 65) ]
TOTAL THIS MO. 267 CLEAR (SCALE 0-3) 13
DPTR FM NORMAL 24 PTCLDY (SCALE 4-7) 7
TOTAL FM JUL 1 866 CLOUDY (SCALE 8-10) 9
DPTR FM NORMAL -229
[CDD (BASE 65) ]
TOTAL THIS MO. 0
DPTR FM NORMAL -6 [PRESSURE DATA]
TOTAL FM JAN 1 4 HIGHEST SLP 30.25 ON 22
DPTR FM NORMAL -8 LOWEST SLP 29.63 ON 6
[REMARKS]
#FINAL-02-24#