000
CXUS53 KPAH 010700
CF6PAH
PRELIMINARY LOCAL CLIMATOLOGICAL DATA (WS FORM: F-6)
STATION: PADUCAH KY
MONTH: MARCH
YEAR: 2023
LATITUDE: 37 4 N
LONGITUDE: 88 46 W
TEMPERATURE IN F: :PCPN: SNOW: WIND :SUNSHINE: SKY :PK WND
================================================================================
1 2 3 4 5 6A 6B 7 8 9 10 11 12 13 14 15 16 17 18
12Z AVG MX 2MIN
DY MAX MIN AVG DEP HDD CDD WTR SNW DPTH SPD SPD DIR MIN PSBL S-S WX SPD DR
================================================================================
1 78 56 67 23 0 2 0.12 0.0 0 6.3 18 220 M M 3 13 33 230
2 60 48 54 9 11 0 0.31 0.0 0 9.3 17 70 M M 6 13 25 60
3 69 41 55 10 10 0 4.16 0.0 0 13.5 30 230 M M 8 13 60 230
4 63 34 49 4 16 0 0.00 0.0 0 1.0 6 80 M M 0 1 6 80
5 68 36 52 6 13 0 0.00 0.0 0 5.4 12 160 M M 0 12 160
6 76 54 65 19 0 0 0.00 0.0 0 11.0 21 230 M M 0 23 230
7 60 45 53 7 12 0 0.00 0.0 0 13.0 22 90 M M 2 30 90
8 55 46 51 5 14 0 T T 0 11.6 22 110 M M 7 33 90
9 51 44 48 1 17 0 0.27 0.0 0 5.6 10 290 M M 8 1 17 290
10 53 39 46 -1 19 0 0.00 0.0 0 9.0 17 320 M M 5 25 300
11 51 37 44 -3 21 0 0.17 0.0 0 8.1 17 120 M M 5 1 23 130
12 53 39 46 -2 19 0 0.02 0.0 0 8.3 16 360 M M 8 1 23 20
13 42 34 38 -10 27 0 0.00 0.0 0 8.2 16 350 M M 9 23 10
14 47 29 38 -10 27 0 0.00 0.0 0 4.7 13 360 M M 6 18 350
15 55 24 40 -9 25 0 0.00 0.0 0 1.6 12 140 M M 0 15 180
16 63 35 49 0 16 0 0.45 0.0 0 8.7 20 180 M M 8 1 34 180
17 57 34 46 -3 19 0 0.08 0.0 0 9.7 24 340 M M 4 1 38 340
18 41 27 34 -16 31 0 0.00 0.0 0 8.4 18 330 M M 1 27 320
19 43 27 35 -15 30 0 T T 0 4.6 15 340 M M 5 23 10
20 53 28 41 -9 24 0 0.00 0.0 0 5.3 15 230 M M 0 22 210
21 49 41 45 -6 20 0 0.54 0.0 0 6.4 17 220 M M 8 1 29 290
22 66 45 56 5 9 0 0.02 0.0 0 8.5 14 190 M M 10 1 26 190
23 74 66 70 19 0 5 0.00 0.0 0 9.3 17 220 M M 8 29 230
24 69 54 62 10 3 0 2.80 0.0 0 6.6 26 100 M M 10 13 40 90
25 62 43 53 1 12 0 T 0.0 0 8.1 17 280 M M 4 1 32 240
26 73 39 56 4 9 0 0.00 0.0 0 3.4 18 350 M M 0 29 350
27 58 40 49 -3 16 0 0.00 0.0 0 8.2 28 350 M M 2 8 41 350
28 58 37 48 -5 17 0 0.00 0.0 0 5.8 18 350 M M 1 27 320
29 63 32 48 -5 17 0 0.00 0.0 0 1.2 8 240 M M 0 18 13 230
30 72 37 55 1 10 0 0.05 0.0 0 5.9 14 180 M M 3 26 210
31 75 54 65 11 0 0 0.22 0.0 0 10.8 24 190 M M 7 13 47 170
================================================================================
SM 1857 1245 464 7 9.21 T 227.5 M 138
================================================================================
AV 59.9 40.2 7.3 FASTST M M 4 MAX(MPH)
MISC ----> 30 230 60 230
================================================================================
NOTES:
# LAST OF SEVERAL OCCURRENCES
COLUMN 17 PEAK WIND IN M.P.H.
PRELIMINARY LOCAL CLIMATOLOGICAL DATA (WS FORM: F-6) , PAGE 2
STATION: PADUCAH KY
MONTH: MARCH
YEAR: 2023
LATITUDE: 37 4 N
LONGITUDE: 88 46 W
[TEMPERATURE DATA] [PRECIPITATION DATA] SYMBOLS USED IN COLUMN 16
AVERAGE MONTHLY: 50.0 TOTAL FOR MONTH: 9.21 1 = FOG OR MIST
DPTR FM NORMAL: 1.0 DPTR FM NORMAL: 4.57 2 = FOG REDUCING VISIBILITY
HIGHEST: 78 ON 1 GRTST 24HR 4.47 ON 2- 3 TO 1/4 MILE OR LESS
LOWEST: 24 ON 15 3 = THUNDER
SNOW, ICE PELLETS, HAIL 4 = ICE PELLETS
TOTAL MONTH: T 5 = HAIL
GRTST 24HR T ON 8- 8 6 = FREEZING RAIN OR DRIZZLE
GRTST DEPTH: 0 7 = DUSTSTORM OR SANDSTORM:
VSBY 1/2 MILE OR LESS
8 = SMOKE OR HAZE
[NO. OF DAYS WITH] [WEATHER - DAYS WITH] 9 = BLOWING SNOW
X = TORNADO
MAX 32 OR BELOW: 0 0.01 INCH OR MORE: 13
MAX 90 OR ABOVE: 0 0.10 INCH OR MORE: 9
MIN 32 OR BELOW: 6 0.50 INCH OR MORE: 3
MIN 0 OR BELOW: 0 1.00 INCH OR MORE: 2
[HDD (BASE 65) ]
TOTAL THIS MO. 464 CLEAR (SCALE 0-3) 12
DPTR FM NORMAL -40 PTCLDY (SCALE 4-7) 16
TOTAL FM JUL 1 3197 CLOUDY (SCALE 8-10) 3
DPTR FM NORMAL -450
[CDD (BASE 65) ]
TOTAL THIS MO. 7
DPTR FM NORMAL -1 [PRESSURE DATA]
TOTAL FM JAN 1 11 HIGHEST SLP M ON M
DPTR FM NORMAL 2 LOWEST SLP 28.87 ON 3
[REMARKS]
#FINAL-03-23#