000
CXUS53 KPAH 010700
CF6PAH
PRELIMINARY LOCAL CLIMATOLOGICAL DATA (WS FORM: F-6)
STATION: PADUCAH KY
MONTH: JUNE
YEAR: 2022
LATITUDE: 37 4 N
LONGITUDE: 88 46 W
TEMPERATURE IN F: :PCPN: SNOW: WIND :SUNSHINE: SKY :PK WND
================================================================================
1 2 3 4 5 6A 6B 7 8 9 10 11 12 13 14 15 16 17 18
12Z AVG MX 2MIN
DY MAX MIN AVG DEP HDD CDD WTR SNW DPTH SPD SPD DIR MIN PSBL S-S WX SPD DR
================================================================================
1 90 69 80 7 0 15 0.17 0.0 0 4.2 22 280 M M 3 13 35 280
2 80 62 71 -2 0 6 0.00 0.0 0 4.8 10 330 M M 6 1 15 330
3 84 57 71 -3 0 6 0.00 0.0 0 3.9 14 60 M M 0 22 60
4 87 55 71 -3 0 6 0.00 0.0 0 1.8 13 80 M M 1 17 70
5 87 57 72 -2 0 7 0.00 0.0 0 1.8 9 170 M M 0 14 160
6 80 68 74 0 0 9 1.21 0.0 0 3.3 10 170 M M 7 138 17 170
7 88 69 79 4 0 14 0.03 0.0 0 2.2 8 230 M M 3 128 14 210
8 85 68 77 2 0 12 0.00 0.0 0 5.1 15 190 M M 4 18 23 270
9 83 63 73 -2 0 8 0.00 0.0 0 2.3 10 20 M M 1 1 18 30
10 82 62 72 -4 0 7 0.00 0.0 0 2.3 12 170 M M 1 17 190
11 87 68 78 2 0 13 0.00 0.0 0 2.6 10 190 M M 3 16 180
12 95 73 84 8 0 19 0.00 0.0 0 4.8 13 180 M M 2 21 190
13 97 81 89 13 0 24 0.00 0.0 0 6.4 17 240 M M 1 23 240
14 97 80 89 13 0 24 0.00 0.0 0 6.0 14 180 M M 0 8 19 180
15 96 74 85 8 0 20 0.00 0.0 0 4.6 12 170 M M 0 20 210
16 98 76 87 10 0 22 0.00 0.0 0 3.6 9 280 M M 1 16 280
17 89 71 80 3 0 15 0.50 0.0 0 3.0 26 360 M M 1 13 44 360
18 87 62 75 -2 0 10 0.00 0.0 0 5.9 16 70 M M 0 1 22 60
19 86 57 72 -6 0 7 0.00 0.0 0 4.5 15 60 M M 0 22 70
20 92 59 76 -2 0 11 0.00 0.0 0 1.9 10 100 M M 0 13 110
21 96 64 80 2 0 15 0.00 0.0 0 1.7 8 230 M M 0 18 13 260
22 96 70 83 5 0 18 0.00 0.0 0 3.7 13 330 M M 0 1 17 310
23 91 69 80 2 0 15 0.00 0.0 0 3.4 12 70 M M 0 17 330
24 91 65 78 0 0 13 0.00 0.0 0 2.5 12 10 M M 0 16 50
25 97 67 82 4 0 17 0.00 0.0 0 1.8 9 90 M M 0 14 130
26 81 69 75 -4 0 10 0.52 0.0 0 4.7 20 60 M M 6 13 32 60
27 82 61 72 -7 0 7 0.00 0.0 0 5.8 15 360 M M 0 23 60
28 80 57 69 -10 0 4 0.00 0.0 0 3.2 13 70 M M 0 16 80
29 88 54 71 -8 0 6 0.00 0.0 0 2.1 9 40 M M 0 13 30
30 94 61 78 -1 0 13 0.00 0.0 0 1.4 8 180 M M 1 13 190
================================================================================
SM 2666 1968 0 373 2.43 0.0 105.3 M 41
================================================================================
AV 88.9 65.6 3.5 FASTST M M 1 MAX(MPH)
MISC ----> 26 360 44 360
================================================================================
NOTES:
# LAST OF SEVERAL OCCURRENCES
COLUMN 17 PEAK WIND IN M.P.H.
PRELIMINARY LOCAL CLIMATOLOGICAL DATA (WS FORM: F-6) , PAGE 2
STATION: PADUCAH KY
MONTH: JUNE
YEAR: 2022
LATITUDE: 37 4 N
LONGITUDE: 88 46 W
[TEMPERATURE DATA] [PRECIPITATION DATA] SYMBOLS USED IN COLUMN 16
AVERAGE MONTHLY: 77.2 TOTAL FOR MONTH: 2.43 1 = FOG OR MIST
DPTR FM NORMAL: 0.7 DPTR FM NORMAL: -2.08 2 = FOG REDUCING VISIBILITY
HIGHEST: 98 ON 16 GRTST 24HR 1.21 ON 6- 6 TO 1/4 MILE OR LESS
LOWEST: 54 ON 29 3 = THUNDER
SNOW, ICE PELLETS, HAIL 4 = ICE PELLETS
TOTAL MONTH: 0.0 INCH 5 = HAIL
GRTST 24HR 0.0 6 = FREEZING RAIN OR DRIZZLE
GRTST DEPTH: 0 7 = DUSTSTORM OR SANDSTORM:
VSBY 1/2 MILE OR LESS
8 = SMOKE OR HAZE
[NO. OF DAYS WITH] [WEATHER - DAYS WITH] 9 = BLOWING SNOW
X = TORNADO
MAX 32 OR BELOW: 0 0.01 INCH OR MORE: 5
MAX 90 OR ABOVE: 13 0.10 INCH OR MORE: 4
MIN 32 OR BELOW: 0 0.50 INCH OR MORE: 3
MIN 0 OR BELOW: 0 1.00 INCH OR MORE: 1
[HDD (BASE 65) ]
TOTAL THIS MO. 0 CLEAR (SCALE 0-3) 24
DPTR FM NORMAL -2 PTCLDY (SCALE 4-7) 6
TOTAL FM JUL 1 3591 CLOUDY (SCALE 8-10) 0
DPTR FM NORMAL -333
[CDD (BASE 65) ]
TOTAL THIS MO. 373
DPTR FM NORMAL 25 [PRESSURE DATA]
TOTAL FM JAN 1 621 HIGHEST SLP M ON M
DPTR FM NORMAL 63 LOWEST SLP 29.72 ON 6
[REMARKS]
#FINAL-06-22#