000
CXUS53 KPAH 010700
CF6PAH
PRELIMINARY LOCAL CLIMATOLOGICAL DATA (WS FORM: F-6)
STATION: PADUCAH KY
MONTH: APRIL
YEAR: 2022
LATITUDE: 37 4 N
LONGITUDE: 88 46 W
TEMPERATURE IN F: :PCPN: SNOW: WIND :SUNSHINE: SKY :PK WND
================================================================================
1 2 3 4 5 6A 6B 7 8 9 10 11 12 13 14 15 16 17 18
12Z AVG MX 2MIN
DY MAX MIN AVG DEP HDD CDD WTR SNW DPTH SPD SPD DIR MIN PSBL S-S WX SPD DR
================================================================================
1 55 33 44 -10 21 0 0.00 0.0 0 2.1 9 300 M M 3 14 300
2 65 33 49 -5 16 0 0.00 0.0 0 5.3 14 360 M M 4 25 270
3 66 33 50 -5 15 0 0.00 0.0 0 1.8 9 140 M M 0 8 12 150
4 60 48 54 -1 11 0 0.10 0.0 0 3.1 10 130 M M 9 15 150
5 69 52 61 5 4 0 0.10 0.0 0 6.6 12 150 M M 6 1 18 150
6 62 49 56 0 9 0 1.07 0.0 0 6.6 20 330 M M 5 13 32 320
7 59 44 52 -4 13 0 T 0.0 0 7.9 18 320 M M 5 32 280
8 46 37 42 -14 23 0 0.03 0.0 0 7.9 17 300 M M 9 1 28 280
9 61 35 48 -9 17 0 0.00 0.0 0 4.8 14 300 M M 2 23 270
10 80 38 59 2 6 0 0.00 0.0 0 9.8 18 190 M M 1 37 190
11 71 59 65 7 0 0 1.78 0.0 0 7.9 35 140 M M 8 138 44 130
12 81 59 70 12 0 5 0.57 0.0 0 8.1 18 190 M M 7 13 39 200
13 79 48 64 6 1 0 1.30 0.0 0 10.3 21 190 M M 8 13 36 290
14 64 37 51 -7 14 0 0.00 0.0 0 5.1 16 340 M M 1 23 330
15 65 43 54 -5 11 0 0.26 0.0 0 5.4 13 360 M M 4 3 19 200
16 65 47 56 -3 9 0 0.00 0.0 0 7.7 15 20 M M 6 1 23 360
17 54 44 49 -11 16 0 0.33 0.0 0 10.1 18 80 M M 9 138 27 80
18 57 44 51 -9 14 0 0.04 0.0 0 9.4 17 330 M M 6 1 27 300
19 59 35 47 -13 18 0 0.00 0.0 0 2.3 14 360 M M 0 19 360
20 65 44 55 -5 10 0 0.28 0.0 0 10.6 18 160 M M 6 13 29 180
21 71 59 65 4 0 0 0.18 0.0 0 4.6 16 180 M M 10 3 28 180
22 84 60 72 11 0 7 0.00 0.0 0 7.2 16 190 M M 4 25 190
23 84 66 75 13 0 10 0.00 0.0 0 10.5 18 170 M M 0 34 210
24 81 68 75 13 0 10 0.04 0.0 0 9.7 20 190 M M 6 33 190
25 70 51 61 -1 4 0 0.91 0.0 0 6.9 16 340 M M 6 13 25 300
26 63 42 53 -9 12 0 0.00 0.0 0 5.9 17 350 M M 0 25 10
27 72 38 55 -8 10 0 0.00 0.0 0 1.8 9 150 M M 0 14 270
28 77 46 62 -1 3 0 0.00 0.0 0 3.0 12 150 M M 2 17 170
29 82 61 72 9 0 7 0.00 0.0 0 5.4 14 180 M M 6 22 170
30 82 66 74 10 0 9 0.03 0.0 0 8.2 21 190 M M 4 38 34 180
================================================================================
SM 2049 1419 257 48 7.02 0.0 196.0 M 137
================================================================================
AV 68.3 47.3 6.5 FASTST M M 5 MAX(MPH)
MISC ----> 35 140 44 130
================================================================================
NOTES:
# LAST OF SEVERAL OCCURRENCES
COLUMN 17 PEAK WIND IN M.P.H.
PRELIMINARY LOCAL CLIMATOLOGICAL DATA (WS FORM: F-6) , PAGE 2
STATION: PADUCAH KY
MONTH: APRIL
YEAR: 2022
LATITUDE: 37 4 N
LONGITUDE: 88 46 W
[TEMPERATURE DATA] [PRECIPITATION DATA] SYMBOLS USED IN COLUMN 16
AVERAGE MONTHLY: 57.8 TOTAL FOR MONTH: 7.02 1 = FOG OR MIST
DPTR FM NORMAL: -1.2 DPTR FM NORMAL: 1.85 2 = FOG REDUCING VISIBILITY
HIGHEST: 84 ON 23,22 GRTST 24HR 2.35 ON 11-12 TO 1/4 MILE OR LESS
LOWEST: 33 ON 3, 2 3 = THUNDER
SNOW, ICE PELLETS, HAIL 4 = ICE PELLETS
TOTAL MONTH: 0.0 INCH 5 = HAIL
GRTST 24HR 0.0 6 = FREEZING RAIN OR DRIZZLE
GRTST DEPTH: 0 7 = DUSTSTORM OR SANDSTORM:
VSBY 1/2 MILE OR LESS
8 = SMOKE OR HAZE
[NO. OF DAYS WITH] [WEATHER - DAYS WITH] 9 = BLOWING SNOW
X = TORNADO
MAX 32 OR BELOW: 0 0.01 INCH OR MORE: 15
MAX 90 OR ABOVE: 0 0.10 INCH OR MORE: 11
MIN 32 OR BELOW: 0 0.50 INCH OR MORE: 5
MIN 0 OR BELOW: 0 1.00 INCH OR MORE: 3
[HDD (BASE 65) ]
TOTAL THIS MO. 257 CLEAR (SCALE 0-3) 10
DPTR FM NORMAL 36 PTCLDY (SCALE 4-7) 16
TOTAL FM JUL 1 3571 CLOUDY (SCALE 8-10) 4
DPTR FM NORMAL -297
[CDD (BASE 65) ]
TOTAL THIS MO. 48
DPTR FM NORMAL 7 [PRESSURE DATA]
TOTAL FM JAN 1 49 HIGHEST SLP M ON M
DPTR FM NORMAL -1 LOWEST SLP 29.50 ON 6
[REMARKS]
#FINAL-04-22#