000
CXUS53 KPAH 010700
CF6PAH
PRELIMINARY LOCAL CLIMATOLOGICAL DATA (WS FORM: F-6)
STATION: PADUCAH KY
MONTH: AUGUST
YEAR: 2021
LATITUDE: 37 4 N
LONGITUDE: 88 46 W
TEMPERATURE IN F: :PCPN: SNOW: WIND :SUNSHINE: SKY :PK WND
================================================================================
1 2 3 4 5 6A 6B 7 8 9 10 11 12 13 14 15 16 17 18
12Z AVG MX 2MIN
DY MAX MIN AVG DEP HDD CDD WTR SNW DPTH SPD SPD DIR MIN PSBL S-S WX SPD DR
================================================================================
1 85 70 78 -1 0 13 0.00 0.0 0 3.8 10 350 M M 6 18 16 360
2 84 62 73 -6 0 8 0.00 0.0 0 4.5 13 30 M M 1 18 19 20
3 85 59 72 -7 0 7 0.00 0.0 0 2.8 13 360 M M 1 1 19 80
4 85 60 73 -6 0 8 0.00 0.0 0 3.5 12 20 M M 1 18 16 20
5 85 58 72 -7 0 7 0.00 0.0 0 1.2 8 240 M M 0 1 11 230
6 87 61 74 -5 0 9 0.00 0.0 0 1.1 8 250 M M 0 1 14 250
7 89 66 78 -1 0 13 0.00 0.0 0 2.3 8 190 M M 0 18 14 200
8 90 69 80 1 0 15 0.85 0.0 0 5.5 20 320 M M 4 13 32 300
9 91 70 81 2 0 16 0.04 0.0 0 5.6 13 230 M M 2 138 21 230
10 93 77 85 6 0 20 0.00 0.0 0 4.4 12 200 M M 2 21 210
11 93 75 84 5 0 19 0.00 0.0 0 5.3 13 230 M M 0 21 260
12 93 73 83 4 0 18 0.11 0.0 0 5.4 21 340 M M 1 13 32 350
13 84 71 78 -1 0 13 0.00 0.0 0 2.9 15 290 M M 1 1 17 330
14 88 70 79 0 0 14 T 0.0 0 3.2 14 20 M M 4 18 20 20
15 81 67 74 -4 0 9 0.00 0.0 0 2.9 9 70 M M 6 1 14 50
16 87 66 77 -1 0 12 0.00 0.0 0 1.3 7 340 M M 5 18 10 250
17 91 66 79 1 0 14 0.00 0.0 0 1.4 7 290 M M 2 128 11 340
18 82 69 76 -2 0 11 T 0.0 0 1.3 7 270 M M 4 18 12 220
19 86 71 79 1 0 14 T 0.0 0 1.4 9 330 M M 7 1 13 350
20 84 70 77 -1 0 12 0.10 0.0 0 2.0 8 220 M M 8 18 13 190
21 88 73 81 3 0 16 1.11 0.0 0 3.5 15 10 M M 7 1238 21 360
22 90 70 80 2 0 15 0.00 0.0 0 2.0 8 340 M M 3 18 10 340
23 93 69 81 3 0 16 0.00 0.0 0 0.6 6 190 M M 0 18 9 230
24 93 72 83 6 0 18 0.00 0.0 0 1.6 8 230 M M 1 18 12 180
25 95 71 83 6 0 18 0.00 0.0 0 1.3 8 170 M M 0 18 11 180
26 96 71 84 7 0 19 0.00 0.0 0 1.1 6 200 M M 1 18 10 180
27 92 73 83 6 0 18 0.00 0.0 0 2.8 10 180 M M 1 1 17 170
28 92 72 82 5 0 17 0.04 0.0 0 3.0 12 180 M M 1 18 160
29 93 73 83 7 0 18 0.00 0.0 0 3.0 12 150 M M 1 1 17 140
30 86 73 80 4 0 15 T 0.0 0 3.8 17 90 M M 2 24 90
31 86 70 78 2 0 13 0.00 0.0 0 6.7 16 350 M M 6 25 360
================================================================================
SM 2747 2137 0 435 2.25 0.0 91.2 M 78
================================================================================
AV 88.6 68.9 2.9 FASTST M M 3 MAX(MPH)
MISC ----> 21 340 # 32 300
================================================================================
NOTES:
# LAST OF SEVERAL OCCURRENCES
COLUMN 17 PEAK WIND IN M.P.H.
PRELIMINARY LOCAL CLIMATOLOGICAL DATA (WS FORM: F-6) , PAGE 2
STATION: PADUCAH KY
MONTH: AUGUST
YEAR: 2021
LATITUDE: 37 4 N
LONGITUDE: 88 46 W
[TEMPERATURE DATA] [PRECIPITATION DATA] SYMBOLS USED IN COLUMN 16
AVERAGE MONTHLY: 78.8 TOTAL FOR MONTH: 2.25 1 = FOG OR MIST
DPTR FM NORMAL: 0.6 DPTR FM NORMAL: -0.86 2 = FOG REDUCING VISIBILITY
HIGHEST: 96 ON 26 GRTST 24HR 1.12 ON 20-21 TO 1/4 MILE OR LESS
LOWEST: 58 ON 5 3 = THUNDER
SNOW, ICE PELLETS, HAIL 4 = ICE PELLETS
TOTAL MONTH: 0.0 INCH 5 = HAIL
GRTST 24HR 0.0 6 = FREEZING RAIN OR DRIZZLE
GRTST DEPTH: 0 7 = DUSTSTORM OR SANDSTORM:
VSBY 1/2 MILE OR LESS
8 = SMOKE OR HAZE
[NO. OF DAYS WITH] [WEATHER - DAYS WITH] 9 = BLOWING SNOW
X = TORNADO
MAX 32 OR BELOW: 0 0.01 INCH OR MORE: 6
MAX 90 OR ABOVE: 14 0.10 INCH OR MORE: 4
MIN 32 OR BELOW: 0 0.50 INCH OR MORE: 2
MIN 0 OR BELOW: 0 1.00 INCH OR MORE: 1
[HDD (BASE 65) ]
TOTAL THIS MO. 0 CLEAR (SCALE 0-3) 21
DPTR FM NORMAL 0 PTCLDY (SCALE 4-7) 10
TOTAL FM JUL 1 0 CLOUDY (SCALE 8-10) 0
DPTR FM NORMAL 0
[CDD (BASE 65) ]
TOTAL THIS MO. 435
DPTR FM NORMAL 27 [PRESSURE DATA]
TOTAL FM JAN 1 1401 HIGHEST SLP M ON M
DPTR FM NORMAL -19 LOWEST SLP 29.63 ON 31
[REMARKS]
#FINAL-08-21#