000
CXUS53 KPAH 011341
CF6PAH
PRELIMINARY LOCAL CLIMATOLOGICAL DATA (WS FORM: F-6)
STATION: PADUCAH KY
MONTH: OCTOBER
YEAR: 2020
LATITUDE: 37 4 N
LONGITUDE: 88 46 W
TEMPERATURE IN F: :PCPN: SNOW: WIND :SUNSHINE: SKY :PK WND
================================================================================
1 2 3 4 5 6A 6B 7 8 9 10 11 12 13 14 15 16 17 18
12Z AVG MX 2MIN
DY MAX MIN AVG DEP HDD CDD WTR SNW DPTH SPD SPD DIR MIN PSBL S-S WX SPD DR
================================================================================
1 74 46 60 -4 5 0 0.00 0.0 0 6.6 21 330 M M 1 30 330
2 66 39 53 -10 12 0 0.00 0.0 0 2.3 12 360 M M 2 16 360
3 70 40 55 -8 10 0 T 0.0 0 2.7 10 120 M M 3 1 15 250
4 65 39 52 -11 13 0 0.00 0.0 0 6.9 17 10 M M 3 25 350
5 67 35 51 -11 14 0 0.00 0.0 0 0.7 9 90 M M 0 12 90
6 75 39 57 -5 8 0 0.00 0.0 0 4.0 12 240 M M 0 18 21 200
7 84 50 67 5 0 2 0.00 0.0 0 5.0 13 240 M M 0 19 250
8 82 53 68 7 0 3 0.00 0.0 0 1.3 8 180 M M 0 12 10 160
9 79 54 67 6 0 2 T 0.0 0 3.9 16 170 M M 4 128 24 220
10 78 64 71 10 0 6 0.23 0.0 0 6.9 14 30 M M 8 1 19 70
11 85 63 74 14 0 9 0.00 0.0 0 5.0 12 30 M M 3 1 17 40
12 79 46 63 3 2 0 0.00 0.0 0 5.4 23 330 M M 5 128 35 340
13 75 40 58 -2 7 0 0.00 0.0 0 2.0 10 280 M M 0 1 14 290
14 82 43 63 4 2 0 0.00 0.0 0 5.4 16 200 M M 0 30 230
15 61 49 55 -4 10 0 0.08 0.0 0 4.7 13 340 M M 6 1 18 330
16 63 34 49 -10 16 0 0.00 0.0 0 2.7 15 280 M M 0 20 270
17 69 36 53 -5 12 0 0.00 0.0 0 6.3 17 160 M M 1 26 160
18 62 53 58 0 7 0 0.11 0.0 0 5.9 15 190 M M 10 1 24 180
19 59 51 55 -3 10 0 3.93 0.0 0 5.2 14 70 M M 10 13 17 340
20 69 53 61 3 4 0 0.08 0.0 0 4.0 9 100 M M 8 18 11 100
21 83 58 71 14 0 6 0.00 0.0 0 4.2 12 190 M M 1 128 19 180
22 84 65 75 18 0 10 0.00 0.0 0 6.2 14 170 M M 1 22 200
23 81 47 64 7 1 0 0.72 0.0 0 10.3 25 280 M M 6 138 36 340
24 50 46 48 -8 17 0 T 0.0 0 9.4 20 20 M M 10 18 25 40
25 54 49 52 -4 13 0 0.02 0.0 0 5.3 10 360 M M 10 18 13 360
26 57 47 52 -4 13 0 0.01 0.0 0 7.9 14 50 M M 10 1 19 10
27 52 45 49 -7 16 0 0.38 0.0 0 7.4 14 10 M M 10 1 17 30
28 58 47 53 -2 12 0 2.01 0.0 0 8.6 16 30 M M 10 1 21 40
29 56 43 50 -5 15 0 1.34 0.0 0 11.3 21 350 M M 10 1 27 340
30 57 37 47 -8 18 0 0.00 0.0 0 3.6 12 30 M M 0 18 16 330
31 66 35 51 -3 14 0 0.00 0.0 0 3.5 12 120 M M 0 18 16 120
================================================================================
SM 2142 1446 251 38 8.91 0.0 164.6 M 132
================================================================================
AV 69.1 46.6 5.3 FASTST M M 4 MAX(MPH)
MISC ----> 25 280 36 340
================================================================================
NOTES:
# LAST OF SEVERAL OCCURRENCES
COLUMN 17 PEAK WIND IN M.P.H.
PRELIMINARY LOCAL CLIMATOLOGICAL DATA (WS FORM: F-6) , PAGE 2
STATION: PADUCAH KY
MONTH: OCTOBER
YEAR: 2020
LATITUDE: 37 4 N
LONGITUDE: 88 46 W
[TEMPERATURE DATA] [PRECIPITATION DATA] SYMBOLS USED IN COLUMN 16
AVERAGE MONTHLY: 57.9 TOTAL FOR MONTH: 8.91 1 = FOG OR MIST
DPTR FM NORMAL: -0.9 DPTR FM NORMAL: 4.95 2 = FOG REDUCING VISIBILITY
HIGHEST: 85 ON 11 GRTST 24HR 3.95 ON 19-20 TO 1/4 MILE OR LESS
LOWEST: 34 ON 16 3 = THUNDER
SNOW, ICE PELLETS, HAIL 4 = ICE PELLETS
TOTAL MONTH: 0.0 INCH 5 = HAIL
GRTST 24HR 0.0 6 = FREEZING RAIN OR DRIZZLE
GRTST DEPTH: 0 7 = DUSTSTORM OR SANDSTORM:
VSBY 1/2 MILE OR LESS
8 = SMOKE OR HAZE
[NO. OF DAYS WITH] [WEATHER - DAYS WITH] 9 = BLOWING SNOW
X = TORNADO
MAX 32 OR BELOW: 0 0.01 INCH OR MORE: 11
MAX 90 OR ABOVE: 0 0.10 INCH OR MORE: 7
MIN 32 OR BELOW: 0 0.50 INCH OR MORE: 4
MIN 0 OR BELOW: 0 1.00 INCH OR MORE: 3
[HDD (BASE 65) ]
TOTAL THIS MO. 251 CLEAR (SCALE 0-3) 15
DPTR FM NORMAL 23 PTCLDY (SCALE 4-7) 7
TOTAL FM JUL 1 271 CLOUDY (SCALE 8-10) 9
DPTR FM NORMAL 4
[CDD (BASE 65) ]
TOTAL THIS MO. 38
DPTR FM NORMAL 0 [PRESSURE DATA]
TOTAL FM JAN 1 1637 HIGHEST SLP M ON M
DPTR FM NORMAL 99 LOWEST SLP 29.54 ON 29
[REMARKS]
#FINAL-10-20#