000
CXUS53 KPAH 010700
CF6PAH
PRELIMINARY LOCAL CLIMATOLOGICAL DATA (WS FORM: F-6)
STATION: PADUCAH KY
MONTH: AUGUST
YEAR: 2020
LATITUDE: 37 4 N
LONGITUDE: 88 46 W
TEMPERATURE IN F: :PCPN: SNOW: WIND :SUNSHINE: SKY :PK WND
================================================================================
1 2 3 4 5 6A 6B 7 8 9 10 11 12 13 14 15 16 17 18
12Z AVG MX 2MIN
DY MAX MIN AVG DEP HDD CDD WTR SNW DPTH SPD SPD DIR MIN PSBL S-S WX SPD DR
================================================================================
1 77 66 72 -6 0 7 0.34 0.0 0 6.0 15 280 M M 8 18 21 280
2 85 64 75 -3 0 10 T 0.0 0 4.6 14 330 M M 2 19 330
3 87 66 77 -1 0 12 0.30 0.0 0 4.3 16 20 M M 3 138 22 320
4 81 62 72 -6 0 7 0.00 0.0 0 5.6 14 350 M M 4 19 340
5 82 59 71 -7 0 6 0.00 0.0 0 3.5 12 340 M M 1 15 350
6 83 59 71 -7 0 6 0.00 0.0 0 3.5 13 30 M M 0 18 350
7 86 60 73 -5 0 8 0.00 0.0 0 2.2 9 20 M M 0 1 13 70
8 90 64 77 -1 0 12 0.00 0.0 0 1.8 7 160 M M 0 10 170
9 90 74 82 4 0 17 0.07 0.0 0 5.5 15 180 M M 3 13 21 160
10 93 72 83 5 0 18 0.97 0.0 0 7.5 29 360 M M 2 13 41 360
11 87 70 79 1 0 14 0.20 0.0 0 4.5 20 260 M M 3 13 28 250
12 84 72 78 0 0 13 0.53 0.0 0 1.3 15 120 M M 4 123 19 340
13 90 71 81 3 0 16 0.37 0.0 0 3.1 14 180 M M 5 123 22 210
14 90 70 80 2 0 15 0.00 0.0 0 3.7 23 40 M M 5 1 23 40
15 91 68 80 2 0 15 0.00 0.0 0 2.4 9 270 M M 1 12 13 360
16 85 65 75 -3 0 10 0.00 0.0 0 6.5 16 340 M M 2 1 22 340
17 88 62 75 -3 0 10 0.00 0.0 0 1.6 12 240 M M 1 15 240
18 84 65 75 -3 0 10 0.00 0.0 0 6.1 15 340 M M 2 24 350
19 83 64 74 -4 0 9 0.00 0.0 0 8.3 21 30 M M 2 27 70
20 86 62 74 -4 0 9 0.00 0.0 0 4.9 15 40 M M 1 20 80
21 85 65 75 -2 0 10 0.00 0.0 0 3.7 22 110 M M 2 3 29 110
22 87 62 75 -2 0 10 0.21 0.0 0 2.7 12 40 M M 4 1238 12 40
23 90 64 77 0 0 12 0.00 0.0 0 2.7 8 260 M M 1 12 11 290
24 92 66 79 2 0 14 0.00 0.0 0 1.7 7 140 M M 1 1 11 240
25 93 67 80 3 0 15 0.00 0.0 0 1.8 10 160 M M 1 128 13 160
26 89 71 80 3 0 15 0.39 0.0 0 3.3 25 210 M M 3 13 25 210
27 87 73 80 4 0 15 0.02 0.0 0 4.7 26 120 M M 1 13 37 110
28 80 73 77 1 0 12 0.43 0.0 0 7.7 21 140 M M 7 1 31 130
29 91 72 82 6 0 17 0.02 0.0 0 5.9 15 350 M M 2 1 22 330
30 79 70 75 -1 0 10 0.12 0.0 0 3.5 10 40 M M 9 1 13 60
31 88 69 79 3 0 14 0.07 0.0 0 3.9 28 240 M M 6 123 36 240
================================================================================
SM 2683 2067 0 368 4.04 0.0 128.5 M 86
================================================================================
AV 86.5 66.7 4.1 FASTST M M 3 MAX(MPH)
MISC ----> 29 360 41 360
================================================================================
NOTES:
# LAST OF SEVERAL OCCURRENCES
COLUMN 17 PEAK WIND IN M.P.H.
PRELIMINARY LOCAL CLIMATOLOGICAL DATA (WS FORM: F-6) , PAGE 2
STATION: PADUCAH KY
MONTH: AUGUST
YEAR: 2020
LATITUDE: 37 4 N
LONGITUDE: 88 46 W
[TEMPERATURE DATA] [PRECIPITATION DATA] SYMBOLS USED IN COLUMN 16
AVERAGE MONTHLY: 76.6 TOTAL FOR MONTH: 4.04 1 = FOG OR MIST
DPTR FM NORMAL: -0.9 DPTR FM NORMAL: 1.28 2 = FOG REDUCING VISIBILITY
HIGHEST: 93 ON 25,10 GRTST 24HR 1.17 ON 10-11 TO 1/4 MILE OR LESS
LOWEST: 59 ON 6, 5 3 = THUNDER
SNOW, ICE PELLETS, HAIL 4 = ICE PELLETS
TOTAL MONTH: 0.0 INCH 5 = HAIL
GRTST 24HR 0.0 6 = FREEZING RAIN OR DRIZZLE
GRTST DEPTH: 0 7 = DUSTSTORM OR SANDSTORM:
VSBY 1/2 MILE OR LESS
8 = SMOKE OR HAZE
[NO. OF DAYS WITH] [WEATHER - DAYS WITH] 9 = BLOWING SNOW
X = TORNADO
MAX 32 OR BELOW: 0 0.01 INCH OR MORE: 14
MAX 90 OR ABOVE: 10 0.10 INCH OR MORE: 10
MIN 32 OR BELOW: 0 0.50 INCH OR MORE: 2
MIN 0 OR BELOW: 0 1.00 INCH OR MORE: 0
[HDD (BASE 65) ]
TOTAL THIS MO. 0 CLEAR (SCALE 0-3) 22
DPTR FM NORMAL -1 PTCLDY (SCALE 4-7) 8
TOTAL FM JUL 1 0 CLOUDY (SCALE 8-10) 1
DPTR FM NORMAL 0
[CDD (BASE 65) ]
TOTAL THIS MO. 368
DPTR FM NORMAL -22 [PRESSURE DATA]
TOTAL FM JAN 1 1389 HIGHEST SLP M ON M
DPTR FM NORMAL 76 LOWEST SLP 29.61 ON 28
[REMARKS]
#FINAL-08-20#