000
CXUS53 KPAH 010849
CF6PAH
PRELIMINARY LOCAL CLIMATOLOGICAL DATA (WS FORM: F-6)
STATION: PADUCAH KY
MONTH: JULY
YEAR: 2023
LATITUDE: 37 4 N
LONGITUDE: 88 46 W
TEMPERATURE IN F: :PCPN: SNOW: WIND :SUNSHINE: SKY :PK WND
================================================================================
1 2 3 4 5 6A 6B 7 8 9 10 11 12 13 14 15 16 17 18
12Z AVG MX 2MIN
DY MAX MIN AVG DEP HDD CDD WTR SNW DPTH SPD SPD DIR MIN PSBL S-S WX SPD DR
================================================================================
1 96 71 84 5 0 19 0.28 0.0 0 5.0 16 180 M M 3 138 29 190
2 93 71 82 3 0 17 0.63 0.0 0 4.7 21 300 M M 3 13 34 300
3 91 69 80 1 0 15 0.00 0.0 0 2.3 9 140 M M 0 1 12 150
4 90 70 80 0 0 15 0.00 0.0 0 2.3 10 160 M M 1 1 17 150
5 92 71 82 2 0 17 T 0.0 0 3.0 16 310 M M 1 3 26 320
6 91 71 81 1 0 16 0.00 0.0 0 4.0 14 350 M M 3 1 20 10
7 91 69 80 0 0 15 0.00 0.0 0 2.1 9 30 M M 2 13 30
8 90 74 82 2 0 17 0.08 0.0 0 4.0 17 200 M M 5 3 22 320
9 77 62 70 -10 0 5 0.14 0.0 0 2.4 7 40 M M 6 13 9 90
10 88 59 74 -6 0 9 0.00 0.0 0 1.4 9 130 M M 2 12 14 150
11 90 61 76 -4 0 11 0.00 0.0 0 2.1 8 120 M M 0 8 16 180
12 93 63 78 -2 0 13 0.00 0.0 0 3.4 12 160 M M 2 1 18 150
13 89 74 82 2 0 17 0.01 0.0 0 3.5 12 330 M M 3 21 210
14 92 71 82 2 0 17 0.00 0.0 0 3.1 10 160 M M 2 1 15 190
15 91 71 81 1 0 16 0.18 0.0 0 3.7 13 330 M M 4 138 24 290
16 91 66 79 -1 0 14 0.01 0.0 0 2.1 8 280 M M 0 18 14 210
17 91 68 80 0 0 15 0.08 0.0 0 4.2 35 270 M M 2 138 35 270
18 86 68 77 -3 0 12 0.51 0.0 0 3.1 21 300 M M 2 138 21 300
19 82 69 76 -4 0 11 6.95 0.0 0 7.0 21 90 M M 7 13 27 80
20 86 73 80 0 0 15 0.45 0.0 0 2.4 21 300 M M 4 13 32 300
21 84 67 76 -4 0 11 0.00 0.0 0 4.4 12 60 M M 4 16 360
22 85 64 75 -5 0 10 0.00 0.0 0 2.6 9 350 M M 1 1 14 310
23 88 63 76 -4 0 11 0.00 0.0 0 2.3 9 210 M M 0 1 13 200
24 91 70 81 1 0 16 0.52 0.0 0 2.9 18 250 M M 2 13 35 250
25 91 71 81 1 0 16 0.00 0.0 0 3.5 12 220 M M 0 1 20 220
26 90 77 84 4 0 19 0.01 0.0 0 7.2 15 230 M M 1 26 190
27 93 78 86 6 0 21 0.04 0.0 0 5.9 12 220 M M 0 3 21 240
28 94 76 85 5 0 20 0.00 0.0 0 4.4 10 240 M M 0 20 220
29 92 71 82 2 0 17 0.71 0.0 0 4.3 29 310 M M 2 13 50 320
30 89 71 80 0 0 15 0.00 0.0 0 2.9 9 10 M M 2 18 14 360
31 89 69 79 -1 0 14 0.00 0.0 0 2.8 9 60 M M 2 1 14 140
================================================================================
SM 2776 2148 0 456 10.60 0.0 109.0 M 66
================================================================================
AV 89.5 69.3 3.5 FASTST M M 2 MAX(MPH)
MISC ----> 35 270 50 320
================================================================================
NOTES:
# LAST OF SEVERAL OCCURRENCES
COLUMN 17 PEAK WIND IN M.P.H.
PRELIMINARY LOCAL CLIMATOLOGICAL DATA (WS FORM: F-6) , PAGE 2
STATION: PADUCAH KY
MONTH: JULY
YEAR: 2023
LATITUDE: 37 4 N
LONGITUDE: 88 46 W
[TEMPERATURE DATA] [PRECIPITATION DATA] SYMBOLS USED IN COLUMN 16
AVERAGE MONTHLY: 79.4 TOTAL FOR MONTH: 10.60 1 = FOG OR MIST
DPTR FM NORMAL: -0.3 DPTR FM NORMAL: 6.30 2 = FOG REDUCING VISIBILITY
HIGHEST: 96 ON 1 GRTST 24HR 7.42 ON 18-19 TO 1/4 MILE OR LESS
LOWEST: 59 ON 10 3 = THUNDER
SNOW, ICE PELLETS, HAIL 4 = ICE PELLETS
TOTAL MONTH: 0.0 INCH 5 = HAIL
GRTST 24HR 0.0 6 = FREEZING RAIN OR DRIZZLE
GRTST DEPTH: 0 7 = DUSTSTORM OR SANDSTORM:
VSBY 1/2 MILE OR LESS
8 = SMOKE OR HAZE
[NO. OF DAYS WITH] [WEATHER - DAYS WITH] 9 = BLOWING SNOW
X = TORNADO
MAX 32 OR BELOW: 0 0.01 INCH OR MORE: 15
MAX 90 OR ABOVE: 20 0.10 INCH OR MORE: 9
MIN 32 OR BELOW: 0 0.50 INCH OR MORE: 5
MIN 0 OR BELOW: 0 1.00 INCH OR MORE: 1
[HDD (BASE 65) ]
TOTAL THIS MO. 0 CLEAR (SCALE 0-3) 25
DPTR FM NORMAL 0 PTCLDY (SCALE 4-7) 6
TOTAL FM JUL 1 0 CLOUDY (SCALE 8-10) 0
DPTR FM NORMAL 0
[CDD (BASE 65) ]
TOTAL THIS MO. 456
DPTR FM NORMAL 2 [PRESSURE DATA]
TOTAL FM JAN 1 971 HIGHEST SLP 30.11 ON 31
DPTR FM NORMAL -41 LOWEST SLP 29.73 ON 2
[REMARKS]
#FINAL-07-23#