000
CXUS52 KMFL 011030
CF6PBI
PRELIMINARY LOCAL CLIMATOLOGICAL DATA (WS FORM: F-6)
STATION: WEST PALM BEACH
MONTH: SEPTEMBER
YEAR: 2023
LATITUDE: 26 40 N
LONGITUDE: 80 7 W
TEMPERATURE IN F: :PCPN: SNOW: WIND :SUNSHINE: SKY :PK WND
================================================================================
1 2 3 4 5 6A 6B 7 8 9 10 11 12 13 14 15 16 17 18
12Z AVG MX 2MIN
DY MAX MIN AVG DEP HDD CDD WTR SNW DPTH SPD SPD DIR MIN PSBL S-S WX SPD DR
================================================================================
1 91 74 83 0 0 18 0.60 0.0 0 4.2 21 40 M M 7 13 29 50
2 90 75 83 1 0 18 0.17 0.0 M 9.1 20 40 M M 7 1 24 30
3 90 78 84 2 0 19 0.13 0.0 0 11.7 20 70 M M 6 1 24 80
4 89 80 85 3 0 20 0.00 0.0 0 11.1 18 100 M M 4 25 100
5 89 79 84 2 0 19 0.00 0.0 0 8.4 16 100 M M 3 20 120
6 89 75 82 0 0 17 0.00 0.0 0 5.4 13 100 M M 4 17 80
7 90 76 83 1 0 18 0.00 0.0 0 6.0 15 120 M M 4 20 100
8 90 77 84 2 0 19 0.00 0.0 0 5.9 17 320 M M 3 22 310
9 90 73 82 0 0 17 2.40 0.0 0 4.7 24 20 M M 5 123 32 20
10 90 76 83 1 0 18 0.00 0.0 0 4.2 14 100 M M 5 16 110
11 90 78 84 2 0 19 0.09 0.0 0 5.5 14 100 M M 4 1 26 130
12 91 79 85 3 0 20 0.00 0.0 0 6.9 15 40 M M 4 20 60
13 92 77 85 3 0 20 T 0.0 0 6.7 17 60 M M 4 21 50
14 91 77 84 2 0 19 T 0.0 0 6.5 14 50 M M 3 20 40
15 91 78 85 3 0 20 0.10 0.0 0 4.7 15 100 M M 6 13 19 100
16 90 76 83 1 0 18 0.68 M 0 4.3 17 20 M M 6 13 21 10
17 91 77 84 2 0 19 0.30 0.0 0 4.9 23 300 M M 6 138 27 300
18 91 78 85 3 0 20 0.04 0.0 0 6.3 14 60 M M 5 3 17 60
19 90 76 83 1 0 18 0.40 M M 7.7 22 80 M M 6 13X 29 90
20 90 72 81 -1 0 16 0.18 0.0 0 5.6 21 190 M M 7 3 24 190
21 89 74 82 0 0 17 T 0.0 0 5.4 17 220 M M 7 22 50
22 90 73 82 0 0 17 0.03 0.0 0 8.4 16 360 M M 4 8 20 360
23 88 73 81 -1 0 16 T 0.0 0 8.6 16 110 M M 6 19 110
24 88 74 81 -1 0 16 1.41 0.0 0 7.1 14 100 M M 6 13 17 100
25 89 72 81 0 0 16 0.93 0.0 0 7.8 29 220 M M 7 13 43 220
26 90 75 83 2 0 18 3.43 0.0 0 7.6 20 230 M M 7 13 24 220
27 89 75 82 1 0 17 0.87 0.0 0 4.2 15 220 M M 8 13 21 90
28 89 77 83 2 0 18 T 0.0 0 3.5 20 320 M M 7 3 23 330
29 88 75 82 1 0 17 0.62 0.0 0 3.8 17 340 M M 8 13 21 330
30 91 75 83 2 0 18 0.76 0.0 0 6.0 24 20 M M 7 13 31 10
================================================================================
SM 2696 2274 0 542 13.14 0.0 192.2 M 166
================================================================================
AV 89.9 75.8 6.4 FASTST M M 6 MAX(MPH)
MISC ----> 29 220 43 220
================================================================================
NOTES:
# LAST OF SEVERAL OCCURRENCES
COLUMN 17 PEAK WIND IN M.P.H.
PRELIMINARY LOCAL CLIMATOLOGICAL DATA (WS FORM: F-6) , PAGE 2
STATION: WEST PALM BEACH
MONTH: SEPTEMBER
YEAR: 2023
LATITUDE: 26 40 N
LONGITUDE: 80 7 W
[TEMPERATURE DATA] [PRECIPITATION DATA] SYMBOLS USED IN COLUMN 16
AVERAGE MONTHLY: 82.8 TOTAL FOR MONTH: 13.14 1 = FOG OR MIST
DPTR FM NORMAL: 0.9 DPTR FM NORMAL: 5.18 2 = FOG REDUCING VISIBILITY
HIGHEST: 92 ON 13 GRTST 24HR 4.20 ON 26-27 TO 1/4 MILE OR LESS
LOWEST: 72 ON 25,20 3 = THUNDER
SNOW, ICE PELLETS, HAIL 4 = ICE PELLETS
TOTAL MONTH: 0.0 INCH 5 = HAIL
GRTST 24HR 0.0 6 = FREEZING RAIN OR DRIZZLE
GRTST DEPTH: 0 7 = DUSTSTORM OR SANDSTORM:
VSBY 1/2 MILE OR LESS
8 = SMOKE OR HAZE
[NO. OF DAYS WITH] [WEATHER - DAYS WITH] 9 = BLOWING SNOW
X = TORNADO
MAX 32 OR BELOW: 0 0.01 INCH OR MORE: 18
MAX 90 OR ABOVE: 20 0.10 INCH OR MORE: 15
MIN 32 OR BELOW: 0 0.50 INCH OR MORE: 9
MIN 0 OR BELOW: 0 1.00 INCH OR MORE: 3
[HDD (BASE 65) ]
TOTAL THIS MO. 0 CLEAR (SCALE 0-3) 0
DPTR FM NORMAL 0 PTCLDY (SCALE 4-7) 30
TOTAL FM JUL 1 0 CLOUDY (SCALE 8-10) 0
DPTR FM NORMAL 0
[CDD (BASE 65) ]
TOTAL THIS MO. 542
DPTR FM NORMAL 35 [PRESSURE DATA]
TOTAL FM JAN 1 3975 HIGHEST SLP 30.09 ON 1
DPTR FM NORMAL 657 LOWEST SLP 29.84 ON 14
[REMARKS]
#FINAL-09-23#