000
CXUS52 KMFL 031522
CLMPBI
CLIMATE REPORT
NATIONAL WEATHER SERVICE MIAMI, FL
1122 AM EDT MON JUL 03 2023
...................................
...THE WEST PALM BEACH CLIMATE SUMMARY FOR THE MONTH OF JUNE 2023...
CLIMATE NORMAL PERIOD: 1991 TO 2020
CLIMATE RECORD PERIOD: 1888 TO 2023
WEATHER OBSERVED NORMAL DEPART LAST YEAR`S
VALUE DATE(S) VALUE FROM VALUE
NORMAL
..............................................................
TEMPERATURE (F)
RECORD
HIGH 100 06/20/1921
LOW 60 06/14/1920
06/13/1920
HIGHEST 95 06/13 93
06/19
LOWEST 70 06/20 72
AVG. MAXIMUM 90.4 88.3 2.1 88.8
AVG. MINIMUM 74.2 75.0 -0.8 75.3
MEAN 82.3 81.7 0.6 82.1
DAYS MAX >= 90 21 16
DAYS MAX <= 32 0 0
DAYS MIN <= 32 0 0
DAYS MIN <= 0 0 0
PRECIPITATION (INCHES)
RECORD
MAXIMUM 25.19 1912
MINIMUM 0.12 1898
TOTALS 12.39 8.48 3.91 9.02
DAILY AVG. 0.41 0.28 0.13 0.30
DAYS >= .01 23 15
DAYS >= .10 15 8
DAYS >= .50 7 4
DAYS >= 1.00 6 2
GREATEST
24 HR. TOTAL 2.40 06/24 TO 06/25 5.79
DEGREE DAYS
HEATING TOTAL 0 0 0 0
SINCE 7/1 94 202 -108 MM
COOLING TOTAL 527 500 27 521
SINCE 1/1 2185 1687 498 MM
..............................................................
WIND (MPH)
AVERAGE WIND SPEED 7.2
HIGHEST WIND SPEED/DIRECTION 40/210 DATE 06/17
HIGHEST GUST SPEED/DIRECTION 55/230 DATE 06/17
SKY COVER
POSSIBLE SUNSHINE (PERCENT) MM
AVERAGE SKY COVER 0.56
NUMBER OF DAYS FAIR 1
NUMBER OF DAYS PC 28
NUMBER OF DAYS CLOUDY 1
AVERAGE RH (PERCENT) 76
WEATHER CONDITIONS. NUMBER OF DAYS WITH
THUNDERSTORM 26 MIXED PRECIP 0
HEAVY RAIN 11 RAIN 9
LIGHT RAIN 24 FREEZING RAIN 0
LT FREEZING RAIN 0 HAIL 0
HEAVY SNOW 0 SNOW 0
LIGHT SNOW 0 SLEET 0
FOG 15 FOG W/VIS <= 1/4 MILE 1
HAZE 1
- INDICATES NEGATIVE NUMBERS.
R INDICATES RECORD WAS SET OR TIED.
MM INDICATES DATA IS MISSING.
T INDICATES TRACE AMOUNT.
$$