000
CXUS54 KMAF 011110
CF6PEQ
PRELIMINARY LOCAL CLIMATOLOGICAL DATA (WS FORM: F-6)
STATION: PECOS MUNICIPAL AIRPORT
MONTH: SEPTEMBER
YEAR: 2021
LATITUDE: 31 22 N
LONGITUDE: 103 31 W
TEMPERATURE IN F: :PCPN: SNOW: WIND :SUNSHINE: SKY :PK WND
================================================================================
1 2 3 4 5 6A 6B 7 8 9 10 11 12 13 14 15 16 17 18
12Z AVG MX 2MIN
DY MAX MIN AVG DEP HDD CDD WTR SNW DPTH SPD SPD DIR MIN PSBL S-S WX SPD DR
================================================================================
1 98 74 86 M 0 21 0.15 M M 4.8 20 160 M M 1 30 170
2 92 71 82 M 0 17 0.46 M M 4.2 15 270 M M 2 3 23 330
3 95 71 83 M 0 18 M M M 2.9 16 90 M M 3 3 35 160
4 96 69 83 M 0 18 M M M 5.1 12 360 M M 1 23 90
5 94 70 82 M 0 17 M M M 6.6 17 10 M M 1 24 10
6 94 70 82 M 0 17 M M M 3.5 8 260 M M 0 M M
7 98 64 81 M 0 16 M M M 3.9 10 110 M M 0 17 110
8 97 67 82 M 0 17 M M M 5.6 14 70 M M 1 25 40
9 97 65 81 M 0 16 M M M 5.1 13 120 M M 0 18 110
10 98 59 79 M 0 14 M M M 2.8 8 90 M M 0 M M
11 98 60 79 M 0 14 M M M 4.7 13 100 M M 0 23 110
12 93 60 77 M 0 12 M M M 5.5 14 100 M M 0 22 120
13 93 60 77 M 0 12 M M M 5.3 10 90 M M 0 M M
14 97 62 80 M 0 15 M M M 5.0 9 90 M M 0 M M
15 92 70 81 M 0 16 M M M 10.8 17 110 M M 0 22 90
16 97 66 82 M 0 17 M M M 9.0 35 300 M M 1 3 41 300
17 98 62 80 M 0 15 M M M 2.8 9 220 M M 0 M M
18 95 67 81 M 0 16 M M M 7.2 13 100 M M 0 18 60
19 98 64 81 M 0 16 M M M 4.6 12 120 M M 0 M M
20 101 68 85 M 0 20 M M M 6.3 17 270 M M 0 21 270
21 83 64 74 M 0 9 M M M 9.5 17 360 M M 0 25 360
22 82 52 67 M 0 2 M M M 5.0 12 130 M M 1 21 130
23 92 50 71 M 0 6 M M M 5.5 16 120 M M 0 21 120
24 89 64 77 M 0 12 M M M 4.7 12 120 M M 0 M M
25 89 60 75 M 0 10 M M M 9.4 18 100 M M 0 23 100
26 91 63 77 M 0 12 M M M 5.2 18 120 M M 0 22 120
27 91 64 78 M 0 13 0.07 M M 6.6 13 260 M M 3 30 130
28 87 62 75 M 0 10 0.09 M M 4.6 14 140 M M 3 23 230
29 92 60 76 M 0 11 M M M 7.3 15 260 M M 1 22 270
30 83 61 72 M 0 7 M M M 11.1 21 340 M M 2 26 320
================================================================================
SM 2800 1919 0 416 0.77 M 174.7 M 20
================================================================================
AV 93.3 64.0 5.8 FASTST M M 1 MAX(MPH)
MISC ----> 35 300 41 300
================================================================================
NOTES:
# LAST OF SEVERAL OCCURRENCES
COLUMN 17 PEAK WIND IN M.P.H.
PRELIMINARY LOCAL CLIMATOLOGICAL DATA (WS FORM: F-6) , PAGE 2
STATION: PECOS MUNICIPAL AIRPORT
MONTH: SEPTEMBER
YEAR: 2021
LATITUDE: 31 22 N
LONGITUDE: 103 31 W
[TEMPERATURE DATA] [PRECIPITATION DATA] SYMBOLS USED IN COLUMN 16
AVERAGE MONTHLY: 78.7 TOTAL FOR MONTH: 0.77 1 = FOG OR MIST
DPTR FM NORMAL: 0.0 DPTR FM NORMAL: M 2 = FOG REDUCING VISIBILITY
HIGHEST: 101 ON 20 GRTST 24HR 0.46 ON 2- 2 TO 1/4 MILE OR LESS
LOWEST: 50 ON 23 3 = THUNDER
SNOW, ICE PELLETS, HAIL 4 = ICE PELLETS
TOTAL MONTH: M 5 = HAIL
GRTST 24HR M ON M 6 = FREEZING RAIN OR DRIZZLE
GRTST DEPTH: M ON M 7 = DUSTSTORM OR SANDSTORM:
VSBY 1/2 MILE OR LESS
8 = SMOKE OR HAZE
[NO. OF DAYS WITH] [WEATHER - DAYS WITH] 9 = BLOWING SNOW
X = TORNADO
MAX 32 OR BELOW: 0 0.01 INCH OR MORE: 4
MAX 90 OR ABOVE: 24 0.10 INCH OR MORE: 2
MIN 32 OR BELOW: 0 0.50 INCH OR MORE: 0
MIN 0 OR BELOW: 0 1.00 INCH OR MORE: 0
[HDD (BASE 65) ]
TOTAL THIS MO. 0 CLEAR (SCALE 0-3) 30
DPTR FM NORMAL M PTCLDY (SCALE 4-7) 0
TOTAL FM JUL 1 0 CLOUDY (SCALE 8-10) 0
DPTR FM NORMAL M
[CDD (BASE 65) ]
TOTAL THIS MO. 416
DPTR FM NORMAL M [PRESSURE DATA]
TOTAL FM JAN 1 2479 HIGHEST SLP M ON M
DPTR FM NORMAL M LOWEST SLP M ON M
[REMARKS]
#FINAL-09-21#