000
CXUS54 KMAF 011110
CF6PEQ
PRELIMINARY LOCAL CLIMATOLOGICAL DATA (WS FORM: F-6)
STATION: PECOS MUNICIPAL AIRPORT
MONTH: MAY
YEAR: 2021
LATITUDE: 31 22 N
LONGITUDE: 103 31 W
TEMPERATURE IN F: :PCPN: SNOW: WIND :SUNSHINE: SKY :PK WND
================================================================================
1 2 3 4 5 6A 6B 7 8 9 10 11 12 13 14 15 16 17 18
12Z AVG MX 2MIN
DY MAX MIN AVG DEP HDD CDD WTR SNW DPTH SPD SPD DIR MIN PSBL S-S WX SPD DR
================================================================================
1 79 52 66 M 0 1 M M M 3.5 8 120 M M 3 M M
2 97 53 75 M 0 10 M M M 14.6 33 270 M M 0 44 280
3 89 59 74 M 0 9 M M M 14.8 23 350 M M 0 33 280
4 76 54 65 M 0 0 M M M 7.2 13 330 M M 3 21 40
5 91 49 70 M 0 5 M M M 8.2 18 100 M M 0 22 100
6 93 57 75 M 0 10 M M M 10.0 17 120 M M 0 25 110
7 99 64 82 M 0 17 0.01 M M 12.8 22 220 M M 1 36 220
8 98 58 78 M 0 13 M M M 9.2 23 260 M M 0 33 240
9 94 61 78 M 0 13 M M M 7.3 15 70 M M 0 18 260
10 87 60 74 M 0 9 M M M 10.0 20 70 M M 0 26 70
11 86 60 73 M 0 8 M M M 11.6 22 60 M M 1 28 60
12 71 52 62 M 3 0 0.01 M M 6.4 16 40 M M 7 20 50
13 82 56 69 M 0 4 M M M 12.4 18 120 M M 5 24 120
14 94 61 78 M 0 13 0.01 M M 14.8 29 110 M M 1 39 120
15 94 61 78 M 0 13 0.54 M M 11.4 23 100 M M 3 26 100
16 95 60 78 M 0 13 M M M 5.4 16 130 M M 0 24 130
17 94 60 77 M 0 12 M M M 5.2 14 120 M M 0 20 110
18 89 62 76 M 0 11 M M M 10.6 23 250 M M 0 30 250
19 87 59 73 M 0 8 M M M 7.7 22 90 M M 1 29 90
20 97 61 79 M 0 14 M M M 9.5 24 120 M M 0 30 120
21 102 66 84 M 0 19 M M M 16.4 28 120 M M 0 35 120
22 89 71 80 M 0 15 M M M 20.2 28 100 M M 0 33 100
23 95 70 83 M 0 18 M M M 12.9 22 100 M M 0 31 110
24 92 69 81 M 0 16 M M M 10.2 21 110 M M 0 38 110
25 98 65 82 M 0 17 M M M 8.0 20 170 M M 0 25 150
26 100 69 85 M 0 20 0.27 M M 12.1 31 60 M M 0 3 41 60
27 95 69 82 M 0 17 M M M 6.7 16 110 M M 0 22 110
28 96 64 80 M 0 15 M M M 12.0 25 60 M M 0 39 60
29 92 62 77 M 0 12 M M M 12.2 22 110 M M 0 3 29 90
30 83 66 75 M 0 10 0.10 M M 16.5 28 130 M M 2 39 90
31 84 62 73 M 0 8 M M M 10.9 28 70 M M 4 3 32 70
================================================================================
SM 2818 1892 3 350 0.94 M 330.7 M 31
================================================================================
AV 90.9 61.0 10.7 FASTST M M 1 MAX(MPH)
MISC ----> 33 270 44 280
================================================================================
NOTES:
# LAST OF SEVERAL OCCURRENCES
COLUMN 17 PEAK WIND IN M.P.H.
PRELIMINARY LOCAL CLIMATOLOGICAL DATA (WS FORM: F-6) , PAGE 2
STATION: PECOS MUNICIPAL AIRPORT
MONTH: MAY
YEAR: 2021
LATITUDE: 31 22 N
LONGITUDE: 103 31 W
[TEMPERATURE DATA] [PRECIPITATION DATA] SYMBOLS USED IN COLUMN 16
AVERAGE MONTHLY: 76.0 TOTAL FOR MONTH: 0.94 1 = FOG OR MIST
DPTR FM NORMAL: 0.0 DPTR FM NORMAL: M 2 = FOG REDUCING VISIBILITY
HIGHEST: 102 ON 21 GRTST 24HR 0.54 ON 15-15 TO 1/4 MILE OR LESS
LOWEST: 49 ON 5 3 = THUNDER
SNOW, ICE PELLETS, HAIL 4 = ICE PELLETS
TOTAL MONTH: M 5 = HAIL
GRTST 24HR M ON M 6 = FREEZING RAIN OR DRIZZLE
GRTST DEPTH: M ON M 7 = DUSTSTORM OR SANDSTORM:
VSBY 1/2 MILE OR LESS
8 = SMOKE OR HAZE
[NO. OF DAYS WITH] [WEATHER - DAYS WITH] 9 = BLOWING SNOW
X = TORNADO
MAX 32 OR BELOW: 0 0.01 INCH OR MORE: 6
MAX 90 OR ABOVE: 19 0.10 INCH OR MORE: 3
MIN 32 OR BELOW: 0 0.50 INCH OR MORE: 1
MIN 0 OR BELOW: 0 1.00 INCH OR MORE: 0
[HDD (BASE 65) ]
TOTAL THIS MO. 3 CLEAR (SCALE 0-3) 28
DPTR FM NORMAL M PTCLDY (SCALE 4-7) 3
TOTAL FM JUL 1 2469 CLOUDY (SCALE 8-10) 0
DPTR FM NORMAL M
[CDD (BASE 65) ]
TOTAL THIS MO. 350
DPTR FM NORMAL M [PRESSURE DATA]
TOTAL FM JAN 1 426 HIGHEST SLP M ON M
DPTR FM NORMAL M LOWEST SLP M ON M
[REMARKS]
#FINAL-05-21#