000
CXUS54 KMAF 011110
CF6PEQ
PRELIMINARY LOCAL CLIMATOLOGICAL DATA (WS FORM: F-6)
STATION: PECOS MUNICIPAL AIRPORT
MONTH: APRIL
YEAR: 2021
LATITUDE: 31 22 N
LONGITUDE: 103 31 W
TEMPERATURE IN F: :PCPN: SNOW: WIND :SUNSHINE: SKY :PK WND
================================================================================
1 2 3 4 5 6A 6B 7 8 9 10 11 12 13 14 15 16 17 18
12Z AVG MX 2MIN
DY MAX MIN AVG DEP HDD CDD WTR SNW DPTH SPD SPD DIR MIN PSBL S-S WX SPD DR
================================================================================
1 M M M M M M M M M M M M M M M M M
2 M M M M M M M M M M M M M M M M M
3 M M M M M M M M M M M M M M M M M
4 M M M M M M M M M M M M M M M M M
5 M M M M M M M M M M M M M M M M M
6 M M M M M M M M M M M M M M M M M
7 M M M M M M M M M M M M M M M M M
8 M M M M M M M M M M M M M M M M M
9 90 60 75 M 0 10 M M M 10.2 13 260 M M 0 25 280
10 77 47 62 M 3 0 M M M 5.2 10 10 M M 0 M M
11 92 42 67 M 0 2 M M M 7.4 21 240 M M 0 30 270
12 80 58 69 M 0 4 M M M 10.1 32 320 M M 0 8 38 320
13 64 53 59 M 6 0 M M M 8.3 16 70 M M 7 22 70
14 73 54 64 M 1 0 M M M 8.3 16 50 M M 6 18 80
15 63 53 58 M 7 0 M M M 6.1 10 60 M M 7 M M
16 71 53 62 M 3 0 M M M 8.3 18 90 M M 5 24 90
17 56 42 49 M 16 0 M M M 10.0 15 50 M M 6 20 30
18 61 40 51 M 14 0 M M M 3.8 9 50 M M 7 16 80
19 75 43 59 M 6 0 M M M 5.3 10 240 M M 2 18 240
20 60 44 52 M 13 0 M M M 9.4 31 320 M M 0 36 320
21 64 37 51 M 14 0 M M M 12.6 20 70 M M 0 25 70
22 78 41 60 M 5 0 M M M 9.1 18 100 M M 0 26 100
23 83 47 65 M 0 0 M M M 13.9 32 270 M M 0 41 270
24 83 46 65 M 0 0 M M M 5.3 9 280 M M 0 M M
25 97 47 72 M 0 7 M M M 5.8 20 150 M M 0 28 150
26 94 56 75 M 0 10 M M M 7.1 18 260 M M 0 26 260
27 97 64 81 M 0 16 M M M 10.8 22 230 M M 1 8 35 200
28 86 55 71 M 0 6 M M M 13.3 33 330 M M 3 43 330
29 67 52 60 M 5 0 0.13 M M 10.0 18 40 M M 7 24 20
30 67 50 59 M 6 0 0.01 M M 5.5 13 120 M M 7 M M
================================================================================
SM 1678 1084 99 55 0.14 M 185.8 M 58
================================================================================
AV 76.3 49.3 8.4 FASTST M M 3 MAX(MPH)
MISC ----> 33 330 43 330
================================================================================
NOTES:
# LAST OF SEVERAL OCCURRENCES
COLUMN 17 PEAK WIND IN M.P.H.
PRELIMINARY LOCAL CLIMATOLOGICAL DATA (WS FORM: F-6) , PAGE 2
STATION: PECOS MUNICIPAL AIRPORT
MONTH: APRIL
YEAR: 2021
LATITUDE: 31 22 N
LONGITUDE: 103 31 W
[TEMPERATURE DATA] [PRECIPITATION DATA] SYMBOLS USED IN COLUMN 16
AVERAGE MONTHLY: 62.8 TOTAL FOR MONTH: 0.14 1 = FOG OR MIST
DPTR FM NORMAL: 0.0 DPTR FM NORMAL: M 2 = FOG REDUCING VISIBILITY
HIGHEST: 97 ON 27,25 GRTST 24HR 0.13 ON 29-29 TO 1/4 MILE OR LESS
LOWEST: 37 ON 21 3 = THUNDER
SNOW, ICE PELLETS, HAIL 4 = ICE PELLETS
TOTAL MONTH: M 5 = HAIL
GRTST 24HR M ON M 6 = FREEZING RAIN OR DRIZZLE
GRTST DEPTH: M ON M 7 = DUSTSTORM OR SANDSTORM:
VSBY 1/2 MILE OR LESS
8 = SMOKE OR HAZE
[NO. OF DAYS WITH] [WEATHER - DAYS WITH] 9 = BLOWING SNOW
X = TORNADO
MAX 32 OR BELOW: 0 0.01 INCH OR MORE: 2
MAX 90 OR ABOVE: 5 0.10 INCH OR MORE: 1
MIN 32 OR BELOW: 0 0.50 INCH OR MORE: 0
MIN 0 OR BELOW: 0 1.00 INCH OR MORE: 0
[HDD (BASE 65) ]
TOTAL THIS MO. 99 CLEAR (SCALE 0-3) 13
DPTR FM NORMAL M PTCLDY (SCALE 4-7) 9
TOTAL FM JUL 1 2466 CLOUDY (SCALE 8-10) 8
DPTR FM NORMAL M
[CDD (BASE 65) ]
TOTAL THIS MO. 55
DPTR FM NORMAL M [PRESSURE DATA]
TOTAL FM JAN 1 76 HIGHEST SLP M ON M
DPTR FM NORMAL M LOWEST SLP M ON M
[REMARKS]
#FINAL-04-21#