000
CXUS54 KMAF 011110
CF6PEQ
PRELIMINARY LOCAL CLIMATOLOGICAL DATA (WS FORM: F-6)
STATION: PECOS MUNICIPAL AIRPORT
MONTH: AUGUST
YEAR: 2023
LATITUDE: 31 22 N
LONGITUDE: 103 31 W
TEMPERATURE IN F: :PCPN: SNOW: WIND :SUNSHINE: SKY :PK WND
================================================================================
1 2 3 4 5 6A 6B 7 8 9 10 11 12 13 14 15 16 17 18
12Z AVG MX 2MIN
DY MAX MIN AVG DEP HDD CDD WTR SNW DPTH SPD SPD DIR MIN PSBL S-S WX SPD DR
================================================================================
1 103 74 89 M 0 24 0.83 M M 1.6 12 170 M M 2 3 17 170
2 103 70 87 M 0 22 M M M 3.3 16 110 M M 0 8 24 100
3 104 73 89 M 0 24 M M M 1.5 12 110 M M 1 20 130
4 106 77 92 M 0 27 M M M 4.3 13 130 M M 0 22 100
5 108 76 92 M 0 27 M M M 7.1 16 120 M M 0 23 120
6 110 75 93 M 0 28 M M M 6.0 15 140 M M 0 23 100
7 110 78 94 M 0 29 0.02 M M 4.1 18 130 M M 0 8 24 0
8 104 74 89 M 0 24 0.06 M M 6.1 33 340 M M 1 45 20
9 107 71 89 M 0 24 0.01 M M 3.9 12 250 M M 0 24 290
10 107 76 92 M 0 27 M M M 4.4 12 180 M M 0 20 0
11 105 77 91 M 0 26 M M M 4.5 24 210 M M 0 8 37 210
12 103 79 91 M 0 26 M M M 3.0 21 240 M M 0 29 240
13 103 75 89 M 0 24 0.08 M M 2.9 20 180 M M 1 3 33 180
14 98 74 86 M 0 21 M M M 9.7 21 60 M M 2 28 70
15 97 73 85 M 0 20 M M M 4.0 21 70 M M 0 25 70
16 103 73 88 M 0 23 M M M 1.0 7 130 M M 0 16 0
17 106 73 90 M 0 25 M M M 3.4 16 100 M M 0 20 100
18 104 71 88 M 0 23 M M M 7.1 17 120 M M 0 29 90
19 102 70 86 M 0 21 M M M 7.8 21 100 M M 0 29 90
20 100 72 86 M 0 21 M M M 7.5 20 100 M M 0 30 80
21 102 72 87 M 0 22 M M M 4.1 20 90 M M 0 3 35 90
22 95 73 84 M 0 19 M M M 5.9 15 160 M M 2 25 160
23 83 69 76 M 0 11 1.37 M M 10.3 23 100 M M 6 3 28 90
24 91 70 81 M 0 16 M M M 2.1 12 110 M M 0 M M
25 97 68 83 M 0 18 M M M 1.5 12 120 M M 0 17 120
26 95 70 83 M 0 18 M M M 1.5 8 90 M M 1 17 110
27 97 74 86 M 0 21 M M M 3.3 22 40 M M 1 33 40
28 92 74 83 M 0 18 M M M 2.6 16 320 M M 3 M M
29 94 71 83 M 0 18 M M M 5.8 24 320 M M 2 30 320
30 93 70 82 M 0 17 M M M 0.5 9 110 M M 1 M M
31 97 65 81 M 0 16 M M M 0.2 6 80 M M 0 M M
================================================================================
SM 3119 2257 0 680 2.37 M 131.1 M 23
================================================================================
AV100.6 72.8 4.2 FASTST M M 1 MAX(MPH)
MISC ----> 33 340 45 20
================================================================================
NOTES:
# LAST OF SEVERAL OCCURRENCES
COLUMN 17 PEAK WIND IN M.P.H.
PRELIMINARY LOCAL CLIMATOLOGICAL DATA (WS FORM: F-6) , PAGE 2
STATION: PECOS MUNICIPAL AIRPORT
MONTH: AUGUST
YEAR: 2023
LATITUDE: 31 22 N
LONGITUDE: 103 31 W
[TEMPERATURE DATA] [PRECIPITATION DATA] SYMBOLS USED IN COLUMN 16
AVERAGE MONTHLY: 86.7 TOTAL FOR MONTH: 2.37 1 = FOG OR MIST
DPTR FM NORMAL: 0.0 DPTR FM NORMAL: M 2 = FOG REDUCING VISIBILITY
HIGHEST: 110 ON 7, 6 GRTST 24HR 1.37 ON 23-23 TO 1/4 MILE OR LESS
LOWEST: 65 ON 31 3 = THUNDER
SNOW, ICE PELLETS, HAIL 4 = ICE PELLETS
TOTAL MONTH: M 5 = HAIL
GRTST 24HR M ON M 6 = FREEZING RAIN OR DRIZZLE
GRTST DEPTH: M ON M 7 = DUSTSTORM OR SANDSTORM:
VSBY 1/2 MILE OR LESS
8 = SMOKE OR HAZE
[NO. OF DAYS WITH] [WEATHER - DAYS WITH] 9 = BLOWING SNOW
X = TORNADO
MAX 32 OR BELOW: 0 0.01 INCH OR MORE: 6
MAX 90 OR ABOVE: 30 0.10 INCH OR MORE: 2
MIN 32 OR BELOW: 0 0.50 INCH OR MORE: 2
MIN 0 OR BELOW: 0 1.00 INCH OR MORE: 1
[HDD (BASE 65) ]
TOTAL THIS MO. 0 CLEAR (SCALE 0-3) 29
DPTR FM NORMAL M PTCLDY (SCALE 4-7) 2
TOTAL FM JUL 1 0 CLOUDY (SCALE 8-10) 0
DPTR FM NORMAL M
[CDD (BASE 65) ]
TOTAL THIS MO. 680
DPTR FM NORMAL M [PRESSURE DATA]
TOTAL FM JAN 1 2495 HIGHEST SLP M ON M
DPTR FM NORMAL M LOWEST SLP M ON M
[REMARKS]
#FINAL-08-23#