607
CXUS52 KTBW 011122
CF6PGD
PRELIMINARY LOCAL CLIMATOLOGICAL DATA (WS FORM: F-6)
STATION: Punta Gorda
MONTH: SEPTEMBER
YEAR: 2020
LATITUDE: 26 55 N
LONGITUDE: 82 0 W
TEMPERATURE IN F: :PCPN: SNOW: WIND :SUNSHINE: SKY :PK WND
================================================================================
1 2 3 4 5 6A 6B 7 8 9 10 11 12 13 14 15 16 17 18
12Z AVG MX 2MIN
DY MAX MIN AVG DEP HDD CDD WTR SNW DPTH SPD SPD DIR MIN PSBL S-S WX SPD DR
================================================================================
1 95 75 85 2 0 20 0.01 0.0 0 3.2 16 150 M M 2 20 150
2 95 77 86 3 0 21 0.00 0.0 0 5.1 14 100 M M 1 16 110
3 98 77 88 5 0 23 0.00 0.0 0 5.9 23 90 M M 2 3 29 100
4 96 76 86 3 0 21 0.00 0.0 0 6.0 13 70 M M 1 8 19 60
5 97 76 87 4 0 22 0.17 0.0 0 4.8 29 120 M M 2 13 34 120
6 91 75 83 0 0 18 0.05 0.0 0 5.1 18 10 M M 2 13 23 10
7 92 74 83 1 0 18 0.24 0.0 0 4.8 16 90 M M 4 13 20 130
8 92 73 83 1 0 18 0.00 0.0 0 6.5 18 180 M M 3 3 22 170
9 87 76 82 0 0 17 0.56 0.0 0 6.0 16 200 M M 4 13 21 210
10 91 72 82 0 0 17 0.10 0.0 0 6.0 23 80 M M 3 128 27 80
11 93 76 85 3 0 20 0.01 0.0 0 7.8 22 60 M M 2 26 60
12 87 77 82 0 0 17 0.37 0.0 0 13.8 26 120 M M 7 1 35 110
13 79 75 77 -5 0 12 1.90 0.0 0 9.1 28 120 M M 8 13 36 110
14 88 75 82 0 0 17 0.02 0.0 0 7.2 16 110 M M 1 3 19 110
15 89 77 83 1 0 18 0.13 0.0 0 5.4 15 150 M M 2 13 19 220
16 93 77 85 3 0 20 0.00 0.0 0 9.0 17 240 M M 2 23 210
17 92 78 85 3 0 20 T 0.0 0 9.8 20 230 M M 2 23 220
18 91 79 85 3 0 20 T 0.0 0 8.1 20 280 M M 3 24 270
19 93 75 84 2 0 19 0.00 0.0 0 4.5 14 30 M M 1 18 20
20 92 74 83 1 0 18 1.39 0.0 0 10.5 41 40 M M 8 123 52 50
21 88 73 81 -1 0 16 T 0.0 0 14.6 28 50 M M 8 1 34 50
22 89 71 80 -2 0 15 0.00 0.0 0 10.1 20 80 M M 4 25 80
23 90 67 79 -3 0 14 0.00 0.0 0 6.9 15 110 M M 0 23 110
24 93 71 82 1 0 17 T 0.0 0 7.1 18 150 M M 3 22 150
25 90 75 83 2 0 18 0.00 0.0 0 5.0 13 70 M M 3 3 21 30
26 93 74 84 3 0 19 0.00 0.0 0 4.0 15 290 M M 4 13 19 300
27 94 74 84 3 0 19 1.79 0.0 0 5.3 23 150 M M 3 138 30 300
28 92 76 84 3 0 19 0.00 0.0 0 5.8 14 20 M M 2 12 18 20
29 87 75 81 0 0 16 1.38 0.0 0 5.3 28 180 M M 4 138 38 180
30 81 68 75 -5 0 10 0.01 0.0 0 9.8 17 30 M M 7 1 22 30
================================================================================
SM 2728 2238 0 539 8.13 0.0 212.5 M 98
================================================================================
AV 90.9 74.6 7.1 FASTST M M 3 MAX(MPH)
MISC ----> # 41 40 # 52 50
================================================================================
NOTES:
# LAST OF SEVERAL OCCURRENCES
COLUMN 17 PEAK WIND IN M.P.H.
PRELIMINARY LOCAL CLIMATOLOGICAL DATA (WS FORM: F-6) , PAGE 2
STATION: Punta Gorda
MONTH: SEPTEMBER
YEAR: 2020
LATITUDE: 26 55 N
LONGITUDE: 82 0 W
[TEMPERATURE DATA] [PRECIPITATION DATA] SYMBOLS USED IN COLUMN 16
AVERAGE MONTHLY: 82.8 TOTAL FOR MONTH: 8.13 1 = FOG OR MIST
DPTR FM NORMAL: 0.8 DPTR FM NORMAL: 0.90 2 = FOG REDUCING VISIBILITY
HIGHEST: 98 ON 3 GRTST 24HR 1.90 ON 13-13 TO 1/4 MILE OR LESS
LOWEST: 67 ON 23 3 = THUNDER
SNOW, ICE PELLETS, HAIL 4 = ICE PELLETS
TOTAL MONTH: 0.0 INCH 5 = HAIL
GRTST 24HR 0.0 6 = FREEZING RAIN OR DRIZZLE
GRTST DEPTH: 0 7 = DUSTSTORM OR SANDSTORM:
VSBY 1/2 MILE OR LESS
8 = SMOKE OR HAZE
[NO. OF DAYS WITH] [WEATHER - DAYS WITH] 9 = BLOWING SNOW
X = TORNADO
MAX 32 OR BELOW: 0 0.01 INCH OR MORE: 15
MAX 90 OR ABOVE: 21 0.10 INCH OR MORE: 10
MIN 32 OR BELOW: 0 0.50 INCH OR MORE: 5
MIN 0 OR BELOW: 0 1.00 INCH OR MORE: 4
[HDD (BASE 65) ]
TOTAL THIS MO. 0 CLEAR (SCALE 0-3) 18
DPTR FM NORMAL 0 PTCLDY (SCALE 4-7) 12
TOTAL FM JUL 1 0 CLOUDY (SCALE 8-10) 0
DPTR FM NORMAL 0
[CDD (BASE 65) ]
TOTAL THIS MO. 539
DPTR FM NORMAL 31 [PRESSURE DATA]
TOTAL FM JAN 1 3516 HIGHEST SLP 30.12 ON 5
DPTR FM NORMAL 520 LOWEST SLP 29.72 ON 12
[REMARKS]
#FINAL-09-20#