713
CXUS52 KTBW 020626
CF6PGD
PRELIMINARY LOCAL CLIMATOLOGICAL DATA (WS FORM: F-6)
STATION: Punta Gorda
MONTH: JULY
YEAR: 2020
LATITUDE: 26 55 N
LONGITUDE: 82 0 W
TEMPERATURE IN F: :PCPN: SNOW: WIND :SUNSHINE: SKY :PK WND
================================================================================
1 2 3 4 5 6A 6B 7 8 9 10 11 12 13 14 15 16 17 18
12Z AVG MX 2MIN
DY MAX MIN AVG DEP HDD CDD WTR SNW DPTH SPD SPD DIR MIN PSBL S-S WX SPD DR
================================================================================
1 94 75 85 3 0 20 0.00 0.0 0 5.3 16 260 M M 1 20 240
2 94 76 85 3 0 20 0.00 0.0 0 6.1 18 220 M M 1 23 250
3 95 77 86 3 0 21 0.00 0.0 0 7.0 17 250 M M 1 3 23 230
4 93 75 84 1 0 19 T 0.0 0 6.1 20 230 M M 2 13 24 250
5 92 76 84 1 0 19 0.27 0.0 0 7.5 20 240 M M 3 138 24 240
6 93 76 85 2 0 20 0.05 0.0 0 5.8 21 140 M M 2 13 27 150
7 93 76 85 2 0 20 T 0.0 0 6.8 16 260 M M 2 13 22 220
8 95 76 86 3 0 21 0.00 0.0 0 6.5 16 300 M M 1 1 20 300
9 95 77 86 3 0 21 T 0.0 0 7.4 18 270 M M 1 24 290
10 96 80 88 5 0 23 0.02 0.0 0 10.3 18 280 M M 2 8 25 270
11 95 81 88 5 0 23 0.02 0.0 0 9.6 18 300 M M 2 24 260
12 93 77 85 2 0 20 0.31 0.0 0 8.4 22 310 M M 2 13 27 270
13 95 76 86 3 0 21 0.00 0.0 0 8.2 18 290 M M 3 1 23 290
14 95 76 86 3 0 21 0.02 0.0 0 4.2 17 240 M M 2 13 21 240
15 97 75 86 3 0 21 0.31 0.0 0 4.4 22 70 M M 2 138 27 150
16 94 73 84 1 0 19 0.84 0.0 0 5.7 20 300 M M 1 13 25 130
17 94 74 84 1 0 19 1.73 0.0 0 6.8 25 120 M M 2 13 38 100
18 93 74 84 1 0 19 0.00 0.0 0 8.1 18 120 M M 1 26 110
19 94 75 85 2 0 20 0.03 0.0 0 7.3 25 140 M M 2 138 36 140
20 96 74 85 2 0 20 T 0.0 0 7.6 24 160 M M 1 3 34 150
21 94 75 85 2 0 20 0.30 0.0 0 9.6 33 170 M M 2 13 40 170
22 90 74 82 -1 0 17 0.07 0.0 0 8.7 20 130 M M 2 13 25 130
23 90 72 81 -2 0 16 0.54 0.0 0 7.3 33 130 M M 4 13 40 140
24 94 73 84 1 0 19 0.71 0.0 0 8.9 24 130 M M 3 138 30 100
25 93 74 84 1 0 19 0.09 0.0 0 7.4 25 130 M M 2 13 33 120
26 92 74 83 0 0 18 0.25 0.0 0 7.0 29 130 M M 3 13 35 140
27 94 73 84 1 0 19 0.01 0.0 0 5.4 16 250 M M 2 3 21 250
28 93 74 84 1 0 19 0.95 0.0 0 4.8 22 150 M M 2 138 26 150
29 95 75 85 2 0 20 1.16 0.0 0 3.3 45 200 M M 1 13 58 210
30 96 76 86 3 0 21 0.65 0.0 0 5.0 15 10 M M 2 138 20 20
31 97 76 87 4 0 22 0.00 0.0 0 5.0 15 120 M M 2 17 130
================================================================================
SM 2914 2335 0 617 8.33 0.0 211.5 M 59
================================================================================
AV 94.0 75.3 6.8 FASTST M M 2 MAX(MPH)
MISC ----> # 45 200 # 58 210
================================================================================
NOTES:
# LAST OF SEVERAL OCCURRENCES
COLUMN 17 PEAK WIND IN M.P.H.
PRELIMINARY LOCAL CLIMATOLOGICAL DATA (WS FORM: F-6) , PAGE 2
STATION: Punta Gorda
MONTH: JULY
YEAR: 2020
LATITUDE: 26 55 N
LONGITUDE: 82 0 W
[TEMPERATURE DATA] [PRECIPITATION DATA] SYMBOLS USED IN COLUMN 16
AVERAGE MONTHLY: 84.7 TOTAL FOR MONTH: 8.33 1 = FOG OR MIST
DPTR FM NORMAL: 1.7 DPTR FM NORMAL: 0.44 2 = FOG REDUCING VISIBILITY
HIGHEST: 97 ON 31,15 GRTST 24HR 1.73 ON 17-17 TO 1/4 MILE OR LESS
LOWEST: 72 ON 23 3 = THUNDER
SNOW, ICE PELLETS, HAIL 4 = ICE PELLETS
TOTAL MONTH: 0.0 INCH 5 = HAIL
GRTST 24HR 0.0 6 = FREEZING RAIN OR DRIZZLE
GRTST DEPTH: 0 7 = DUSTSTORM OR SANDSTORM:
VSBY 1/2 MILE OR LESS
8 = SMOKE OR HAZE
[NO. OF DAYS WITH] [WEATHER - DAYS WITH] 9 = BLOWING SNOW
X = TORNADO
MAX 32 OR BELOW: 0 0.01 INCH OR MORE: 20
MAX 90 OR ABOVE: 31 0.10 INCH OR MORE: 12
MIN 32 OR BELOW: 0 0.50 INCH OR MORE: 7
MIN 0 OR BELOW: 0 1.00 INCH OR MORE: 2
[HDD (BASE 65) ]
TOTAL THIS MO. 0 CLEAR (SCALE 0-3) 30
DPTR FM NORMAL 0 PTCLDY (SCALE 4-7) 1
TOTAL FM JUL 1 0 CLOUDY (SCALE 8-10) 0
DPTR FM NORMAL 0
[CDD (BASE 65) ]
TOTAL THIS MO. 617
DPTR FM NORMAL 59 [PRESSURE DATA]
TOTAL FM JAN 1 2367 HIGHEST SLP 30.14 ON 29
DPTR FM NORMAL 435 LOWEST SLP 29.89 ON 12
[REMARKS]
#FINAL-07-20#