368
CXUS51 KPBZ 010830
CF6PHD
PRELIMINARY LOCAL CLIMATOLOGICAL DATA (WS FORM: F-6)
STATION: NEW PHILADELPHIA OH
MONTH: FEBRUARY
YEAR: 2021
LATITUDE: 40 28 N
LONGITUDE: 81 25 W
TEMPERATURE IN F: :PCPN: SNOW: WIND :SUNSHINE: SKY :PK WND
================================================================================
1 2 3 4 5 6A 6B 7 8 9 10 11 12 13 14 15 16 17 18
12Z AVG MX 2MIN
DY MAX MIN AVG DEP HDD CDD WTR SNW DPTH SPD SPD DIR MIN PSBL S-S WX SPD DR
================================================================================
1 32 26 29 -1 36 0 0.09 M M 6.7 15 340 M M 10 18 22 340
2 31 25 28 -2 37 0 0.01 M M 13.0 22 320 M M 8 1 28 320
3 28 8 18 -12 47 0 0.00 M M 8.6 18 320 M M 6 1 24 310
4 37 2 20 -10 45 0 0.07 M M 6.1 16 130 M M 4 12 23 180
5 38 28 33 3 32 0 0.05 M M 10.4 22 250 M M 10 1 34 270
6 30 13 22 -8 43 0 0.00 M M 5.5 20 290 M M 2 27 280
7 21 12 17 -13 48 0 0.00 M M 7.2 15 320 M M 5 21 320
8 28 10 19 -11 46 0 0.00 M M 2.3 10 120 M M 10 12 130
9 28 20 24 -7 41 0 0.09 M M 3.8 10 320 M M 10 18 13 330
10 26 13 20 -11 45 0 0.02 M M 4.2 12 20 M M 8 1 14 20
11 27 19 23 -8 42 0 T M M 7.3 14 10 M M 4 1 19 10
12 30 19 25 -6 40 0 T M M 5.0 13 40 M M 10 16 40
13 29 22 26 -5 39 0 T M M 5.1 20 10 M M 10 18 24 10
14 29 20 25 -6 40 0 0.00 M M 5.9 12 300 M M 6 18 20 320
15 28 21 25 -6 40 0 0.39 M M 7.1 14 30 M M 10 16 21 50
16 28 10 19 -13 46 0 0.04 M M 7.6 15 250 M M 10 16 23 240
17 25 1 13 -19 52 0 T M M 2.5 12 60 M M 5 15 70
18 33 21 27 -5 38 0 0.01 M M 2.1 8 60 M M 10 18 10 40
19 29 20 25 -7 40 0 T M M 6.9 14 310 M M 10 18 20 310
20 26 7 17 -15 48 0 T M M 5.3 15 300 M M 6 8 22 290
21 35 0 18 -15 47 0 0.00 M M 5.3 12 140 M M 0 18 19 130
22 41 35 38 5 27 0 0.03 M M 11.4 22 260 M M 9 1 33 250
23 46 34 40 7 25 0 0.00 M M 8.1 18 260 M M 5 27 270
24 60 28 44 11 21 0 0.01 M M 8.7 21 310 M M 4 31 260
25 44 26 35 1 30 0 0.00 M M 3.9 18 340 M M 3 24 330
26 43 21 32 -2 33 0 T M M 4.9 17 110 M M 2 1 23 110
27 54 35 45 11 20 0 0.06 M M 4.2 13 260 M M 7 18 17 170
28 60 34 47 13 18 0 0.61 M M 4.1 14 140 M M 8 1 20 150
================================================================================
SM 966 530 1066 0 1.48 M 173.2 M 192
================================================================================
AV 34.5 18.9 6.2 FASTST M M 7 MAX(MPH)
MISC ----> # 22 320 34 270
================================================================================
NOTES:
# LAST OF SEVERAL OCCURRENCES
COLUMN 17 PEAK WIND IN M.P.H.
PRELIMINARY LOCAL CLIMATOLOGICAL DATA (WS FORM: F-6) , PAGE 2
STATION: NEW PHILADELPHIA OH
MONTH: FEBRUARY
YEAR: 2021
LATITUDE: 40 28 N
LONGITUDE: 81 25 W
[TEMPERATURE DATA] [PRECIPITATION DATA] SYMBOLS USED IN COLUMN 16
AVERAGE MONTHLY: 26.7 TOTAL FOR MONTH: 1.48 1 = FOG OR MIST
DPTR FM NORMAL: -4.9 DPTR FM NORMAL: -0.91 2 = FOG REDUCING VISIBILITY
HIGHEST: 60 ON 28,24 GRTST 24HR 0.61 ON 28-28 TO 1/4 MILE OR LESS
LOWEST: 0 ON 21 3 = THUNDER
SNOW, ICE PELLETS, HAIL 4 = ICE PELLETS
TOTAL MONTH: M 5 = HAIL
GRTST 24HR M ON M 6 = FREEZING RAIN OR DRIZZLE
GRTST DEPTH: M ON M 7 = DUSTSTORM OR SANDSTORM:
VSBY 1/2 MILE OR LESS
8 = SMOKE OR HAZE
[NO. OF DAYS WITH] [WEATHER - DAYS WITH] 9 = BLOWING SNOW
X = TORNADO
MAX 32 OR BELOW: 17 0.01 INCH OR MORE: 13
MAX 90 OR ABOVE: 0 0.10 INCH OR MORE: 2
MIN 32 OR BELOW: 24 0.50 INCH OR MORE: 1
MIN 0 OR BELOW: 1 1.00 INCH OR MORE: 0
[HDD (BASE 65) ]
TOTAL THIS MO. 1066 CLEAR (SCALE 0-3) 3
DPTR FM NORMAL 131 PTCLDY (SCALE 4-7) 12
TOTAL FM JUL 1 4007 CLOUDY (SCALE 8-10) 13
DPTR FM NORMAL -200
[CDD (BASE 65) ]
TOTAL THIS MO. 0
DPTR FM NORMAL 0 [PRESSURE DATA]
TOTAL FM JAN 1 0 HIGHEST SLP M ON M
DPTR FM NORMAL 0 LOWEST SLP 29.49 ON 5
[REMARKS]
#FINAL-02-21#