000
CXUS51 KPHI 021904
CF6PHL
PRELIMINARY LOCAL CLIMATOLOGICAL DATA (WS FORM: F-6)
STATION: PHILADELPHIA PA
MONTH: APRIL
YEAR: 2022
LATITUDE: 39 52 N
LONGITUDE: 75 15 W
TEMPERATURE IN F: :PCPN: SNOW: WIND :SUNSHINE: SKY :PK WND
================================================================================
1 2 3 4 5 6A 6B 7 8 9 10 11 12 13 14 15 16 17 18
12Z AVG MX 2MIN
DY MAX MIN AVG DEP HDD CDD WTR SNW DPTH SPD SPD DIR MIN PSBL S-S WX SPD DR
================================================================================
1 67 45 56 7 9 0 0.24 0.0 0 17.7 33 280 M M 8 1 42 280
2 56 41 49 0 16 0 0.00 0.0 0 10.4 25 310 M M 6 37 310
3 57 43 50 0 15 0 0.13 0.0 0 10.3 32 280 M M 8 1 41 270
4 55 40 48 -2 17 0 0.00 0.0 0 9.1 16 270 M M 6 23 330
5 60 42 51 1 14 0 0.09 0.0 0 6.8 14 50 M M 10 1 22 40
6 57 48 53 2 12 0 0.94 0.0 0 12.6 25 40 M M 10 1 33 30
7 61 48 55 4 10 0 1.38 0.0 0 10.9 22 320 M M 10 13 26 340
8 65 45 55 3 10 0 0.04 0.0 0 9.2 18 200 M M 3 26 190
9 58 46 52 0 13 0 0.14 0.0 0 9.1 21 250 M M 8 1 25 260
10 52 43 48 -4 17 0 T 0.0 0 14.2 26 270 M M 7 36 260
11 61 37 49 -4 16 0 0.00 0.0 0 6.5 15 220 M M 5 15 220
12 73 48 61 8 4 0 T 0.0 0 6.2 14 320 M M 6 22 330
13 80 52 66 12 0 1 0.00 0.0 0 6.6 10 190 M M 7 12 190
14 83 57 70 16 0 5 0.16 0.0 0 11.3 35 310 M M 7 3 59 310
15 70 47 59 5 6 0 0.00 0.0 0 9.6 17 210 M M 3 17 210
16 75 50 63 8 2 0 0.13 0.0 0 10.9 17 10 M M 8 3 25 360
17 52 37 45 -10 20 0 0.00 0.0 0 11.4 22 330 M M 4 26 330
18 50 32 41 -15 24 0 1.13 0.0 0 11.5 23 50 M M 8 1 30 50
19 52 39 46 -10 19 0 0.10 0.0 0 18.2 24 270 M M 6 1 39 280
20 60 38 49 -7 16 0 0.00 0.0 0 9.0 16 320 M M 3 28 310
21 63 43 53 -4 12 0 0.00 0.0 0 8.9 16 200 M M 8 25 200
22 71 46 59 2 6 0 0.00 0.0 0 7.8 17 320 M M 5 20 340
23 62 52 57 0 8 0 0.00 0.0 0 6.7 9 160 M M 7 9 160
24 72 50 61 3 4 0 0.00 0.0 0 9.8 15 130 M M 4 15 130
25 62 46 54 -4 11 0 0.00 0.0 0 9.9 14 100 M M 9 M M
26 72 54 63 5 2 0 0.03 0.0 0 8.1 18 300 M M 10 25 310
27 59 44 52 -7 13 0 0.00 0.0 0 17.6 29 300 M M 7 40 310
28 60 40 50 -9 15 0 0.00 0.0 0 16.9 30 320 M M 2 40 340
29 66 43 55 -4 10 0 0.00 0.0 0 12.3 23 310 M M 1 29 300
30 70 43 57 -3 8 0 0.00 0.0 0 8.4 17 340 M M 3 23 320
================================================================================
SM 1901 1339 329 6 4.51 0.0 317.9 M 189
================================================================================
AV 63.4 44.6 10.6 FASTST M M 6 MAX(MPH)
MISC ----> 35 310 59 310
================================================================================
NOTES:
# LAST OF SEVERAL OCCURRENCES
COLUMN 17 PEAK WIND IN M.P.H.
PRELIMINARY LOCAL CLIMATOLOGICAL DATA (WS FORM: F-6) , PAGE 2
STATION: PHILADELPHIA PA
MONTH: APRIL
YEAR: 2022
LATITUDE: 39 52 N
LONGITUDE: 75 15 W
[TEMPERATURE DATA] [PRECIPITATION DATA] SYMBOLS USED IN COLUMN 16
AVERAGE MONTHLY: 54.0 TOTAL FOR MONTH: 4.51 1 = FOG OR MIST
DPTR FM NORMAL: -0.5 DPTR FM NORMAL: 1.04 2 = FOG REDUCING VISIBILITY
HIGHEST: 83 ON 14 GRTST 24HR 1.38 ON 7- 7 TO 1/4 MILE OR LESS
LOWEST: 32 ON 18 3 = THUNDER
SNOW, ICE PELLETS, HAIL 4 = ICE PELLETS
TOTAL MONTH: 0.0 INCH 5 = HAIL
GRTST 24HR 0.0 6 = FREEZING RAIN OR DRIZZLE
GRTST DEPTH: 0 7 = DUSTSTORM OR SANDSTORM:
VSBY 1/2 MILE OR LESS
8 = SMOKE OR HAZE
[NO. OF DAYS WITH] [WEATHER - DAYS WITH] 9 = BLOWING SNOW
X = TORNADO
MAX 32 OR BELOW: 0 0.01 INCH OR MORE: 12
MAX 90 OR ABOVE: 0 0.10 INCH OR MORE: 9
MIN 32 OR BELOW: 1 0.50 INCH OR MORE: 3
MIN 0 OR BELOW: 0 1.00 INCH OR MORE: 2
[HDD (BASE 65) ]
TOTAL THIS MO. 329 CLEAR (SCALE 0-3) 5
DPTR FM NORMAL -1 PTCLDY (SCALE 4-7) 18
TOTAL FM JUL 1 3797 CLOUDY (SCALE 8-10) 7
DPTR FM NORMAL -598
[CDD (BASE 65) ]
TOTAL THIS MO. 6
DPTR FM NORMAL -9 [PRESSURE DATA]
TOTAL FM JAN 1 7 HIGHEST SLP 30.50 ON 21
DPTR FM NORMAL -9 LOWEST SLP 29.61 ON 19
[REMARKS]
#FINAL-04-22#
UPDATING TO ADD MISSING PRECIPITATION FROM BACKUP SITES.
STAARMANN