000
CXUS51 KPHI 010955
CF6PHL
PRELIMINARY LOCAL CLIMATOLOGICAL DATA (WS FORM: F-6)
STATION: PHILADELPHIA PA
MONTH: JUNE
YEAR: 2020
LATITUDE: 39 52 N
LONGITUDE: 75 15 W
TEMPERATURE IN F: :PCPN: SNOW: WIND :SUNSHINE: SKY :PK WND
================================================================================
1 2 3 4 5 6A 6B 7 8 9 10 11 12 13 14 15 16 17 18
12Z AVG MX 2MIN
DY MAX MIN AVG DEP HDD CDD WTR SNW DPTH SPD SPD DIR MIN PSBL S-S WX SPD DR
================================================================================
1 73 51 62 -7 3 0 0.00 0.0 0 9.6 18 330 M M 4 28 290
2 73 58 66 -3 0 1 0.00 0.0 0 8.9 15 230 M M 8 19 250
3 88 64 76 6 0 11 0.89 0.0 0 8.5 55 330 M M 8 13 68 300
4 89 67 78 8 0 13 0.65 0.0 0 5.1 32 260 M M 7 138 36 260
5 86 69 78 8 0 13 0.35 0.0 0 6.9 18 250 M M 9 138 23 240
6 90 70 80 10 0 15 T 0.0 0 9.6 22 280 M M 7 1 27 290
7 80 65 73 2 0 8 0.00 0.0 0 11.5 23 350 M M 3 34 320
8 79 59 69 -2 0 4 0.00 0.0 0 7.4 14 320 M M 3 18 310
9 88 64 76 4 0 11 0.00 0.0 0 8.3 17 230 M M 2 23 220
10 91 70 81 9 0 16 0.00 0.0 0 10.2 21 190 M M 6 28 180
11 81 72 77 5 0 12 0.62 0.0 0 9.4 21 240 M M 10 13 27 200
12 86 68 77 5 0 12 0.00 0.0 0 9.2 17 320 M M 5 25 340
13 76 62 69 -4 0 4 0.00 0.0 0 10.6 20 360 M M 2 25 360
14 77 56 67 -6 0 2 0.00 0.0 0 9.2 18 30 M M 3 23 20
15 77 58 68 -5 0 3 0.00 0.0 0 10.4 18 110 M M 5 23 100
16 78 59 69 -5 0 4 0.00 0.0 0 11.2 20 80 M M 7 27 70
17 77 61 69 -5 0 4 0.00 0.0 0 10.9 17 80 M M 8 22 70
18 83 63 73 -1 0 8 0.11 0.0 0 7.6 14 110 M M 7 1 20 50
19 85 66 76 2 0 11 0.00 0.0 0 4.7 14 180 M M 7 19 190
20 85 66 76 1 0 11 0.55 0.0 0 3.2 20 120 M M 6 13 25 130
21 86 67 77 2 0 12 0.00 0.0 0 3.9 15 200 M M 6 3 19 180
22 89 69 79 4 0 14 0.00 0.0 0 7.4 18 250 M M 5 18 22 240
23 90 70 80 4 0 15 T 0.0 0 6.9 15 240 M M 5 3 21 200
24 85 75 80 4 0 15 0.00 0.0 0 11.7 22 260 M M 7 34 280
25 84 70 77 1 0 12 T 0.0 0 5.5 18 210 M M 8 26 210
26 88 68 78 2 0 13 0.00 0.0 0 8.6 20 270 M M 6 27 280
27 89 72 81 5 0 16 0.03 0.0 0 12.2 28 240 M M 8 34 240
28 92 75 84 8 0 19 0.01 0.0 0 7.9 22 270 M M 6 27 260
29 90 73 82 5 0 17 0.00 0.0 0 10.1 20 20 M M 4 26 360
30 86 71 79 2 0 14 T 0.0 0 5.4 18 340 M M 6 23 340
================================================================================
SM 2521 1978 3 310 3.21 0.0 252.0 M 178
================================================================================
AV 84.0 65.9 8.4 FASTST M M 6 MAX(MPH)
MISC ----> 55 330 68 300
================================================================================
NOTES:
# LAST OF SEVERAL OCCURRENCES
COLUMN 17 PEAK WIND IN M.P.H.
PRELIMINARY LOCAL CLIMATOLOGICAL DATA (WS FORM: F-6) , PAGE 2
STATION: PHILADELPHIA PA
MONTH: JUNE
YEAR: 2020
LATITUDE: 39 52 N
LONGITUDE: 75 15 W
[TEMPERATURE DATA] [PRECIPITATION DATA] SYMBOLS USED IN COLUMN 16
AVERAGE MONTHLY: 75.0 TOTAL FOR MONTH: 3.21 1 = FOG OR MIST
DPTR FM NORMAL: 1.7 DPTR FM NORMAL: -0.22 2 = FOG REDUCING VISIBILITY
HIGHEST: 92 ON 28 GRTST 24HR 1.00 ON 4- 5 TO 1/4 MILE OR LESS
LOWEST: 51 ON 1 3 = THUNDER
SNOW, ICE PELLETS, HAIL 4 = ICE PELLETS
TOTAL MONTH: 0.0 INCH 5 = HAIL
GRTST 24HR 0.0 6 = FREEZING RAIN OR DRIZZLE
GRTST DEPTH: 0 7 = DUSTSTORM OR SANDSTORM:
VSBY 1/2 MILE OR LESS
8 = SMOKE OR HAZE
[NO. OF DAYS WITH] [WEATHER - DAYS WITH] 9 = BLOWING SNOW
X = TORNADO
MAX 32 OR BELOW: 0 0.01 INCH OR MORE: 8
MAX 90 OR ABOVE: 5 0.10 INCH OR MORE: 6
MIN 32 OR BELOW: 0 0.50 INCH OR MORE: 4
MIN 0 OR BELOW: 0 1.00 INCH OR MORE: 0
[HDD (BASE 65) ]
TOTAL THIS MO. 3 CLEAR (SCALE 0-3) 4
DPTR FM NORMAL -8 PTCLDY (SCALE 4-7) 22
TOTAL FM JUL 1 4162 CLOUDY (SCALE 8-10) 4
DPTR FM NORMAL -449
[CDD (BASE 65) ]
TOTAL THIS MO. 310
DPTR FM NORMAL 52 [PRESSURE DATA]
TOTAL FM JAN 1 376 HIGHEST SLP 30.40 ON 15
DPTR FM NORMAL 27 LOWEST SLP 29.63 ON 3
[REMARKS]
#FINAL-06-20#